Weather Information | Photos of Local Events | Personal Weather Stations Links | Lancaster Links | Site Map

NOAA Report Archive
(Reports Generated by WeatherLink)
2017: Jan | Feb | Mar | Apr | May | Jun | Jul | Aug | Sep | Oct | Nov | Dec 
2016: Jan | Feb | Mar | Apr | May | Jun | Jul | Aug | Sep | Oct | Nov | Dec 
2015: Jan | Feb | Mar | Apr | May | Jun | Jul | Aug | Sep | Oct | Nov | Dec 
2014: Jan | Feb | Mar | Apr | May | Jun | Jul | Aug | Sep | Oct | Nov | Dec 
2013: Jan | Feb | Mar | Apr | May | Jun | Jul | Aug | Sep | Oct | Nov | Dec 
2012: Jan | Feb | Mar | Apr | May | Jun | Jul | Aug | Sep | Oct | Nov | Dec 
2011: Jan | Feb | Mar | Apr | May | Jun | Jul | Aug | Sep | Oct | Nov | Dec 
2010: Jan | Feb | Mar | Apr | May | Jun | Jul | Aug | Sep | Oct | Nov | Dec 
2009: Jan | Feb | Mar | Apr | May | Jun | Jul | Aug | Sep | Oct | Nov | Dec 
2008: Jan | Feb | Mar | Apr | May | Jun | Jul | Aug | Sep | Oct | Nov | Dec 
2007: Jan | Feb | Mar | Apr | May | Jun | Jul | Aug | Sep | Oct | Nov | Dec 
2006: Jan | Feb | Mar | Apr | May | Jun | Jul | Aug | Sep | Oct | Nov | Dec 
2005: Jan | Feb | Mar | Apr | May | Jun | Jul | Aug | Sep | Oct | Nov | Dec 
2004: Jan | Feb | Mar | Apr | May | Jun | Jul | Aug | Sep | Oct | Nov | Dec 
2003: Jan | Feb | Mar | Apr | May | Jun | Jul | Aug | Sep | Oct | Nov | Dec 

Report for 2003 07
MONTHLY CLIMATOLOGICAL SUMMARY for JUL. 2003 NAME: Station1 CITY: Lancaster STATE: Ohio ELEV: 980 ft LAT: 39 45' 13" N LONG: 82 34' 06" W TEMPERATURE (F), RAIN (in), WIND SPEED (mph) HEAT COOL AVG MEAN DEG DEG WIND DOM DAY TEMP HIGH TIME LOW TIME DAYS DAYS RAIN SPEED HIGH TIME DIR ------------------------------------------------------------------------------------ 1 2 3 4 5 6 7 8 9 10 11 12 13 14 15 16 17 18 19 20 71.2 84.5 5:00p 53.6 6:30a 2.6 8.4 0.00 2.0 19.0 2:00p SSW 21 73.3 81.4 5:00p 66.6 2:00a 0.0 8.3 0.04 4.8 33.0 11:00a SSW 22 70.8 80.5 3:00p 64.8 12:00m 0.0 5.8 0.14 1.8 27.0 4:00p N 23 65.3 76.1 4:00p 59.9 12:00m 1.0 1.4 0.07 1.6 22.0 4:00p N 24 66.5 80.9 3:00p 53.9 7:00a 2.9 4.4 0.04 0.9 17.0 6:00p WSW 25 69.9 83.8 3:00p 55.0 7:00a 2.7 7.5 0.01 1.1 17.0 1:00p SSW 26 72.8 86.7 4:00p 56.7 7:00a 2.0 9.8 0.00 2.4 22.0 12:00p SSW 27 77.3 87.0 4:00p 70.4 11:00p 0.0 12.3 0.16 6.0 29.0 4:00p SW 28 70.1 75.8 12:00p 60.4 12:00m 0.4 5.4 0.46 1.1 12.0 2:00p N 29 68.2 81.1 6:00p 57.2 7:00a 2.4 5.6 0.01 1.6 10.0 9:00a NNE 30 70.1 84.1 1:00p 55.3 6:00a 2.8 7.8 0.00 0.7 11.0 6:00p SW 31 70.7 78.5 4:00p 63.9 6:00a 0.2 5.8 0.00 0.7 10.0 3:00p ESE ------------------------------------------------------------------------------------- 70.5 87.0 27 53.6 20 17.0 82.5 0.93 2.1 33.0 21 SSW Max >= 90.0: 0 Max <= 32.0: 0 Min <= 32.0: 0 Min <= 0.0: 0 Max Rain: 0.46 ON 07/28/03 Days of Rain: 6 (>.01 in) 3 (>.1 in) 0 (>1 in) Heat Base: 65.0 Cool Base: 65.0 Method: Integration
 
USA Weather Finder