2024: Jan | Feb | Mar | Apr | May | Jun | Jul | Aug | Sep | Oct | Nov | Dec
2023: Jan | Feb | Mar | Apr | May | Jun | Jul | Aug | Sep | Oct | Nov | Dec
2022: Jan | Feb | Mar | Apr | May | Jun | Jul | Aug | Sep | Oct | Nov | Dec
2021: Jan | Feb | Mar | Apr | May | Jun | Jul | Aug | Sep | Oct | Nov | Dec
2020: Jan | Feb | Mar | Apr | May | Jun | Jul | Aug | Sep | Oct | Nov | Dec
2019: Jan | Feb | Mar | Apr | May | Jun | Jul | Aug | Sep | Oct | Nov | Dec
2018: Jan | Feb | Mar | Apr | May | Jun | Jul | Aug | Sep | Oct | Nov | Dec
2017: Jan | Feb | Mar | Apr | May | Jun | Jul | Aug | Sep | Oct | Nov | Dec
2016: Jan | Feb | Mar | Apr | May | Jun | Jul | Aug | Sep | Oct | Nov | Dec
2015: Jan | Feb | Mar | Apr | May | Jun | Jul | Aug | Sep | Oct | Nov | Dec
2014: Jan | Feb | Mar | Apr | May | Jun | Jul | Aug | Sep | Oct | Nov | Dec
2013: Jan | Feb | Mar | Apr | May | Jun | Jul | Aug | Sep | Oct | Nov | Dec
2012: Jan | Feb | Mar | Apr | May | Jun | Jul | Aug | Sep | Oct | Nov | Dec
2011: Jan | Feb | Mar | Apr | May | Jun | Jul | Aug | Sep | Oct | Nov | Dec
2010: Jan | Feb | Mar | Apr | May | Jun | Jul | Aug | Sep | Oct | Nov | Dec
2009: Jan | Feb | Mar | Apr | May | Jun | Jul | Aug | Sep | Oct | Nov | Dec
2008: Jan | Feb | Mar | Apr | May | Jun | Jul | Aug | Sep | Oct | Nov | Dec
2007: Jan | Feb | Mar | Apr | May | Jun | Jul | Aug | Sep | Oct | Nov | Dec
2006: Jan | Feb | Mar | Apr | May | Jun | Jul | Aug | Sep | Oct | Nov | Dec
2005: Jan | Feb | Mar | Apr | May | Jun | Jul | Aug | Sep | Oct | Nov | Dec
2004: Jan | Feb | Mar | Apr | May | Jun | Jul | Aug | Sep | Oct | Nov | Dec
2003: Jan | Feb | Mar | Apr | May | Jun | Jul | Aug | Sep | Oct | Nov | Dec
Report for 2003 08
MONTHLY CLIMATOLOGICAL SUMMARY for AUG. 2003
NAME: Station1 CITY: Lancaster STATE: Ohio
ELEV: 980 ft LAT: 39° 45' 13" N LONG: 82° 34' 06" W
TEMPERATURE (°F), RAIN (in), WIND SPEED (mph)
HEAT COOL AVG
MEAN DEG DEG WIND DOM
DAY TEMP HIGH TIME LOW TIME DAYS DAYS RAIN SPEED HIGH TIME DIR
------------------------------------------------------------------------------------
1 74.4 86.7 4:00p 65.2 2:00a 0.0 9.4 0.00 0.8 11.0 6:00p SSW
2 72.8 84.0 6:00p 64.8 7:00a 0.0 7.8 0.55 2.2 26.0 5:00a SSW
3 70.3 77.4 6:00p 65.0 7:00a 0.0 5.3 0.30 1.3 16.0 4:00a SSW
4 68.9 81.4 4:00p 63.4 7:00a 0.2 4.1 0.08 1.2 14.0 2:00p ESE
5 68.7 77.9 6:00p 62.7 8:00a 0.4 4.1 0.00 1.3 14.0 3:00p W
6 71.3 84.0 2:00p 59.9 6:00a 1.2 7.5 0.00 0.6 10.0 7:00p SW
7 71.3 84.9 1:00p 62.3 6:00a 0.3 6.6 0.44 1.0 22.0 5:00p N
8 69.8 84.1 4:00p 62.9 6:00a 0.3 5.2 0.00 1.0 17.0 4:00p N
9 69.9 80.9 3:00p 61.8 5:00a 0.6 5.5 0.00 1.1 17.0 8:00p NE
10 70.4 81.6 1:00p 62.1 7:00a 0.5 5.9 0.07 0.9 11.0 3:00p NNE
11 70.4 83.2 3:00p 61.8 7:00a 0.5 5.9 0.00 0.7 13.0 8:00p NNE
12 72.5 85.3 4:00p 59.2 7:00a 1.2 8.8 0.00 0.8 8.0 12:00p ENE
13 76.5 89.0 6:00p 64.5 8:00a 0.0 11.5 0.00 1.1 10.0 1:00p ENE
14 79.0 91.2 5:00p 67.1 7:00a 0.0 14.0 0.00 0.6 10.0 3:00p NNE
15 77.0 92.1 3:00p 68.6 7:00a 0.0 12.0 0.03 0.9 22.0 7:00p SW
16 76.5 88.4 2:00p 68.4 3:00a 0.0 11.5 0.05 1.4 17.0 4:00p W
17 72.1 84.0 4:00p 59.9 12:00m 0.3 7.4 0.01 3.3 14.0 2:00p N
18 67.9 82.8 6:00p 54.8 4:00a 3.3 6.2 0.00 1.3 10.0 11:00a N
19 70.7 88.0 5:00p 55.9 7:00a 2.6 8.3 0.00 1.0 12.0 2:00p NE
20 73.8 89.3 5:00p 59.3 5:00a 1.4 10.2 0.00 1.0 14.0 3:00p SSW
21 78.4 91.2 2:00p 67.1 6:00a 0.0 13.4 0.00 2.3 24.0 3:00p SW
22 76.7 84.9 5:00p 71.1 12:00m 0.0 11.7 0.16 3.6 28.0 1:00p SW
23 70.9 83.6 5:00p 57.0 8:00a 1.3 7.2 0.00 2.2 14.0 2:00p N
24 67.5 84.1 5:00p 51.1 7:00a 3.9 6.5 0.00 0.8 8.0 4:00p NNE
25 74.4 88.2 3:00p 58.0 5:00a 1.9 11.3 0.00 3.0 21.0 5:00p SW
26 78.5 92.5 4:00p 66.4 8:00a 0.0 13.5 0.00 3.0 27.0 6:00p SW
27 74.8 86.7 1:00p 67.1 12:00m 0.0 8.2 0.65 3.0 41.0 2:00p SSW
28 73.8 87.2 4:00p 64.8 3:00a 0.0 8.8 0.01 1.0 10.0 6:00p NE
29 76.2 87.4 5:00p 70.1 1:00a 0.0 11.2 0.13 3.6 25.0 1:00p SSW
30 69.6 74.7 3:00p 62.7 12:00m 0.1 4.7 0.13 2.5 17.0 9:00a N
31 64.3 71.8 4:00p 59.2 6:00a 2.1 1.4 0.02 1.5 10.0 10:00a NNE
-------------------------------------------------------------------------------------
72.6 92.5 26 51.1 24 22.1 255.1 2.63 1.6 41.0 27 N
Max >= 90.0: 4
Max <= 32.0: 0
Min <= 32.0: 0
Min <= 0.0: 0
Max Rain: 0.65 ON 08/27/03
Days of Rain: 12 (>.01 in) 7 (>.1 in) 0 (>1 in)
Heat Base: 65.0 Cool Base: 65.0 Method: Integration
|