Weather Information | Photos of Local Events | Personal Weather Stations Links | Lancaster Links | Site Map

NOAA Report Archive
(Reports Generated by WeatherLink)
2017: Jan | Feb | Mar | Apr | May | Jun | Jul | Aug | Sep | Oct | Nov | Dec 
2016: Jan | Feb | Mar | Apr | May | Jun | Jul | Aug | Sep | Oct | Nov | Dec 
2015: Jan | Feb | Mar | Apr | May | Jun | Jul | Aug | Sep | Oct | Nov | Dec 
2014: Jan | Feb | Mar | Apr | May | Jun | Jul | Aug | Sep | Oct | Nov | Dec 
2013: Jan | Feb | Mar | Apr | May | Jun | Jul | Aug | Sep | Oct | Nov | Dec 
2012: Jan | Feb | Mar | Apr | May | Jun | Jul | Aug | Sep | Oct | Nov | Dec 
2011: Jan | Feb | Mar | Apr | May | Jun | Jul | Aug | Sep | Oct | Nov | Dec 
2010: Jan | Feb | Mar | Apr | May | Jun | Jul | Aug | Sep | Oct | Nov | Dec 
2009: Jan | Feb | Mar | Apr | May | Jun | Jul | Aug | Sep | Oct | Nov | Dec 
2008: Jan | Feb | Mar | Apr | May | Jun | Jul | Aug | Sep | Oct | Nov | Dec 
2007: Jan | Feb | Mar | Apr | May | Jun | Jul | Aug | Sep | Oct | Nov | Dec 
2006: Jan | Feb | Mar | Apr | May | Jun | Jul | Aug | Sep | Oct | Nov | Dec 
2005: Jan | Feb | Mar | Apr | May | Jun | Jul | Aug | Sep | Oct | Nov | Dec 
2004: Jan | Feb | Mar | Apr | May | Jun | Jul | Aug | Sep | Oct | Nov | Dec 
2003: Jan | Feb | Mar | Apr | May | Jun | Jul | Aug | Sep | Oct | Nov | Dec 

Report for 2003 09
MONTHLY CLIMATOLOGICAL SUMMARY for SEP. 2003 NAME: Station1 CITY: Lancaster STATE: Ohio ELEV: 980 ft LAT: 39 45' 13" N LONG: 82 34' 06" W TEMPERATURE (F), RAIN (in), WIND SPEED (mph) HEAT COOL AVG MEAN DEG DEG WIND DOM DAY TEMP HIGH TIME LOW TIME DAYS DAYS RAIN SPEED HIGH TIME DIR ------------------------------------------------------------------------------------ 1 69.3 79.2 6:00p 63.7 2:00a 0.2 4.5 2.03 1.7 24.0 7:00p SSW 2 69.4 72.1 6:00p 66.4 4:00a 0.0 4.4 0.24 0.8 12.0 3:00p SSW 3 71.0 76.1 6:00p 63.9 12:00m 0.0 6.0 0.26 1.8 14.0 1:00p SSW 4 66.7 75.8 4:00p 58.6 12:00m 1.1 2.7 0.01 1.9 18.0 4:00p NNW 5 61.5 74.6 5:00p 51.3 8:00a 5.6 2.1 0.00 1.7 11.0 10:00a N 6 60.6 76.3 5:00p 46.0 8:00a 7.3 3.0 0.00 1.2 13.0 4:00p NE 7 63.6 79.9 4:00p 47.9 8:00a 5.9 4.5 0.01 0.6 10.0 12:00p NNE 8 65.8 79.9 3:00p 53.9 3:00a 3.6 4.3 0.00 0.8 11.0 3:00p N 9 69.3 82.4 3:00p 60.2 7:00a 1.5 5.9 0.01 1.0 12.0 4:00p E 10 68.1 81.8 5:00p 57.5 5:00a 2.2 5.3 0.01 0.8 11.0 2:00p E 11 65.8 78.6 5:00p 52.5 7:00a 3.8 4.5 0.00 1.8 14.0 12:00p E 12 65.4 78.3 4:00p 53.2 8:00a 3.7 4.1 0.00 1.5 14.0 3:00p ESE 13 66.8 84.3 4:00p 52.2 3:00a 4.3 6.1 0.01 0.6 10.0 4:00p ESE 14 69.4 83.8 3:00p 55.4 7:00a 2.5 7.0 0.00 1.7 19.0 2:00p SSW 15 65.8 76.1 5:00p 51.9 12:00m 2.2 3.0 0.05 2.4 19.0 2:00p SSW 16 62.3 81.1 4:00p 45.2 8:00a 7.5 4.8 0.00 1.3 17.0 11:00a NE 17 63.5 80.5 4:00p 48.0 8:00a 6.3 4.8 0.00 1.7 17.0 2:00p ENE 18 63.2 75.8 2:00p 52.0 8:00a 4.2 2.4 0.11 2.7 17.0 10:00p NNE 19 65.9 76.3 3:00p 56.5 12:00m 1.8 2.7 1.09 6.0 24.0 2:00p SW 20 58.9 75.3 5:00p 45.4 8:00a 8.7 2.6 0.00 0.5 10.0 3:00p NW 21 62.2 77.9 4:00p 45.1 8:00a 6.5 3.7 0.01 0.8 10.0 3:00p NE 22 64.6 67.8 7:00a 61.2 10:00p 0.8 0.4 0.93 3.8 30.0 1:00p SSW 23 59.4 68.3 5:00p 45.7 12:00m 6.0 0.4 0.01 3.3 24.0 1:00p SW 24 58.6 74.6 5:00p 41.9 6:00a 8.6 2.2 0.00 2.3 24.0 6:00p SSW 25 61.9 72.0 5:00p 45.2 12:00m 4.5 1.4 0.08 2.3 17.0 2:00a NW 26 56.5 69.6 5:00p 40.2 7:00a 9.3 0.8 0.00 1.1 14.0 5:00p SE 27 61.2 69.1 3:00a 49.2 12:00m 4.4 0.5 1.14 3.0 21.0 4:00a SSW 28 50.5 61.3 4:00p 43.3 5:00a 14.4 0.0 0.17 1.3 20.0 5:00p SW 29 47.8 56.5 2:00p 40.5 12:00m 17.2 0.0 0.00 1.7 19.0 3:00p SW 30 49.4 64.0 3:00p 34.6 7:00a 15.6 0.0 0.03 2.5 22.0 1:00p SW ------------------------------------------------------------------------------------- 62.8 84.3 13 34.6 30 159.7 94.1 6.20 1.8 30.0 22 SSW Max >= 90.0: 0 Max <= 32.0: 0 Min <= 32.0: 0 Min <= 0.0: 0 Max Rain: 2.03 ON 09/01/03 Days of Rain: 11 (>.01 in) 8 (>.1 in) 3 (>1 in) Heat Base: 65.0 Cool Base: 65.0 Method: Integration
 
USA Weather Finder