2024: Jan | Feb | Mar | Apr | May | Jun | Jul | Aug | Sep | Oct | Nov | Dec
2023: Jan | Feb | Mar | Apr | May | Jun | Jul | Aug | Sep | Oct | Nov | Dec
2022: Jan | Feb | Mar | Apr | May | Jun | Jul | Aug | Sep | Oct | Nov | Dec
2021: Jan | Feb | Mar | Apr | May | Jun | Jul | Aug | Sep | Oct | Nov | Dec
2020: Jan | Feb | Mar | Apr | May | Jun | Jul | Aug | Sep | Oct | Nov | Dec
2019: Jan | Feb | Mar | Apr | May | Jun | Jul | Aug | Sep | Oct | Nov | Dec
2018: Jan | Feb | Mar | Apr | May | Jun | Jul | Aug | Sep | Oct | Nov | Dec
2017: Jan | Feb | Mar | Apr | May | Jun | Jul | Aug | Sep | Oct | Nov | Dec
2016: Jan | Feb | Mar | Apr | May | Jun | Jul | Aug | Sep | Oct | Nov | Dec
2015: Jan | Feb | Mar | Apr | May | Jun | Jul | Aug | Sep | Oct | Nov | Dec
2014: Jan | Feb | Mar | Apr | May | Jun | Jul | Aug | Sep | Oct | Nov | Dec
2013: Jan | Feb | Mar | Apr | May | Jun | Jul | Aug | Sep | Oct | Nov | Dec
2012: Jan | Feb | Mar | Apr | May | Jun | Jul | Aug | Sep | Oct | Nov | Dec
2011: Jan | Feb | Mar | Apr | May | Jun | Jul | Aug | Sep | Oct | Nov | Dec
2010: Jan | Feb | Mar | Apr | May | Jun | Jul | Aug | Sep | Oct | Nov | Dec
2009: Jan | Feb | Mar | Apr | May | Jun | Jul | Aug | Sep | Oct | Nov | Dec
2008: Jan | Feb | Mar | Apr | May | Jun | Jul | Aug | Sep | Oct | Nov | Dec
2007: Jan | Feb | Mar | Apr | May | Jun | Jul | Aug | Sep | Oct | Nov | Dec
2006: Jan | Feb | Mar | Apr | May | Jun | Jul | Aug | Sep | Oct | Nov | Dec
2005: Jan | Feb | Mar | Apr | May | Jun | Jul | Aug | Sep | Oct | Nov | Dec
2004: Jan | Feb | Mar | Apr | May | Jun | Jul | Aug | Sep | Oct | Nov | Dec
2003: Jan | Feb | Mar | Apr | May | Jun | Jul | Aug | Sep | Oct | Nov | Dec
Report for 2003 10
MONTHLY CLIMATOLOGICAL SUMMARY for OCT. 2003
NAME: Station1 CITY: Lancaster STATE: Ohio
ELEV: 980 ft LAT: 39° 45' 13" N LONG: 82° 34' 06" W
TEMPERATURE (°F), RAIN (in), WIND SPEED (mph)
HEAT COOL AVG
MEAN DEG DEG WIND DOM
DAY TEMP HIGH TIME LOW TIME DAYS DAYS RAIN SPEED HIGH TIME DIR
------------------------------------------------------------------------------------
1 49.0 57.8 4:00p 38.8 8:00a 16.0 0.0 0.03 3.3 20.0 5:00p SW
2 41.9 53.6 5:00p 30.1 12:00m 23.1 0.0 0.00 2.5 19.0 11:00a N
3 43.9 58.9 5:00p 26.1 8:00a 21.1 0.0 0.09 3.5 28.0 4:00p SSW
4 50.5 59.6 5:00p 38.3 12:00m 14.5 0.0 0.03 4.5 29.0 2:00a W
5 47.8 65.5 4:00p 34.9 5:00a 17.3 0.0 0.00 0.8 10.0 12:00p NNW
6 50.3 67.8 4:00p 34.9 8:00a 15.0 0.3 0.00 0.9 10.0 2:00p NNE
7 52.1 72.8 4:00p 35.0 8:00a 14.5 1.6 0.00 0.5 11.0 5:00p N
8 58.1 79.6 5:00p 40.8 8:00a 10.8 3.9 0.00 0.3 7.0 2:00p ESE
9 59.5 73.7 2:00p 44.5 8:00a 7.6 2.2 0.01 0.8 11.0 5:00p ESE
10 64.8 75.4 4:00p 58.7 8:00a 2.6 2.4 0.02 0.8 8.0 1:00p ESE
11 63.0 78.6 4:00p 49.8 8:00a 5.6 3.6 0.01 0.8 11.0 1:00p NE
12 59.5 71.1 5:00p 43.5 12:00m 6.9 1.5 0.00 1.7 16.0 10:00a SSE
13 53.9 75.1 4:00p 37.0 8:00a 12.9 1.8 0.00 0.3 11.0 3:00p SSW
14 53.8 66.3 12:00p 43.9 3:00a 11.2 0.0 0.90 5.0 40.0 8:00p SSW
15 50.8 59.9 4:00p 40.5 12:00m 14.2 0.0 0.02 4.5 27.0 3:00a WNW
16 51.1 63.9 4:00p 37.9 8:00a 13.9 0.0 0.00 1.5 14.0 7:00p SW
17 48.6 56.9 5:00p 40.3 10:00p 16.4 0.0 0.12 0.5 10.0 4:00p W
18 44.8 58.0 4:00p 31.5 6:00a 20.2 0.0 0.01 2.6 21.0 4:00p SSW
19 54.0 68.3 4:00p 41.3 12:00m 11.3 0.3 0.00 1.6 17.0 5:00a NNW
20 56.6 74.9 5:00p 35.3 8:00a 11.1 2.7 0.00 4.2 30.0 11:00p SSW
21 61.4 68.9 3:00a 52.5 12:00m 4.0 0.3 0.00 6.1 34.0 4:00a SSW
22 45.6 53.5 4:00p 39.2 12:00m 19.4 0.0 0.00 3.3 22.0 4:00p NNW
23 40.9 48.8 3:00p 28.1 12:00m 24.1 0.0 0.00 1.0 13.0 6:00p N
24 40.5 58.0 4:00p 24.1 8:00a 24.5 0.0 0.00 1.0 16.0 3:00p SE
25 57.5 73.2 4:00p 41.5 1:00a 8.9 1.4 0.00 3.3 24.0 1:00p SSW
26 48.4 56.5 1:00a 44.8 12:00m 16.6 0.0 0.44 1.4 12.0 6:00a WNW
27 42.2 51.0 2:00p 30.6 12:00m 22.8 0.0 0.06 1.2 19.0 2:00p SW
28 43.8 51.9 3:00p 30.6 1:00a 21.2 0.0 0.07 2.8 17.0 8:00p SSW
29 46.0 53.2 4:00p 38.8 10:00p 19.0 0.0 0.03 3.0 30.0 12:00p WSW
30 56.5 74.9 3:00p 35.6 5:00a 10.4 1.9 0.00 2.9 22.0 2:00p SSW
31 66.5 75.6 2:00p 54.7 5:00a 2.3 3.7 0.00 5.0 29.0 12:00p SSW
-------------------------------------------------------------------------------------
51.7 79.6 8 24.1 24 439.4 27.6 1.84 2.3 40.0 14 SSW
Max >= 90.0: 0
Max <= 32.0: 0
Min <= 32.0: 7
Min <= 0.0: 0
Max Rain: 0.90 ON 10/14/03
Days of Rain: 11 (>.01 in) 3 (>.1 in) 0 (>1 in)
Heat Base: 65.0 Cool Base: 65.0 Method: Integration
|