2024: Jan | Feb | Mar | Apr | May | Jun | Jul | Aug | Sep | Oct | Nov | Dec
2023: Jan | Feb | Mar | Apr | May | Jun | Jul | Aug | Sep | Oct | Nov | Dec
2022: Jan | Feb | Mar | Apr | May | Jun | Jul | Aug | Sep | Oct | Nov | Dec
2021: Jan | Feb | Mar | Apr | May | Jun | Jul | Aug | Sep | Oct | Nov | Dec
2020: Jan | Feb | Mar | Apr | May | Jun | Jul | Aug | Sep | Oct | Nov | Dec
2019: Jan | Feb | Mar | Apr | May | Jun | Jul | Aug | Sep | Oct | Nov | Dec
2018: Jan | Feb | Mar | Apr | May | Jun | Jul | Aug | Sep | Oct | Nov | Dec
2017: Jan | Feb | Mar | Apr | May | Jun | Jul | Aug | Sep | Oct | Nov | Dec
2016: Jan | Feb | Mar | Apr | May | Jun | Jul | Aug | Sep | Oct | Nov | Dec
2015: Jan | Feb | Mar | Apr | May | Jun | Jul | Aug | Sep | Oct | Nov | Dec
2014: Jan | Feb | Mar | Apr | May | Jun | Jul | Aug | Sep | Oct | Nov | Dec
2013: Jan | Feb | Mar | Apr | May | Jun | Jul | Aug | Sep | Oct | Nov | Dec
2012: Jan | Feb | Mar | Apr | May | Jun | Jul | Aug | Sep | Oct | Nov | Dec
2011: Jan | Feb | Mar | Apr | May | Jun | Jul | Aug | Sep | Oct | Nov | Dec
2010: Jan | Feb | Mar | Apr | May | Jun | Jul | Aug | Sep | Oct | Nov | Dec
2009: Jan | Feb | Mar | Apr | May | Jun | Jul | Aug | Sep | Oct | Nov | Dec
2008: Jan | Feb | Mar | Apr | May | Jun | Jul | Aug | Sep | Oct | Nov | Dec
2007: Jan | Feb | Mar | Apr | May | Jun | Jul | Aug | Sep | Oct | Nov | Dec
2006: Jan | Feb | Mar | Apr | May | Jun | Jul | Aug | Sep | Oct | Nov | Dec
2005: Jan | Feb | Mar | Apr | May | Jun | Jul | Aug | Sep | Oct | Nov | Dec
2004: Jan | Feb | Mar | Apr | May | Jun | Jul | Aug | Sep | Oct | Nov | Dec
2003: Jan | Feb | Mar | Apr | May | Jun | Jul | Aug | Sep | Oct | Nov | Dec
Report for 2003 11
MONTHLY CLIMATOLOGICAL SUMMARY for NOV. 2003
NAME: Station1 CITY: Lancaster STATE: Ohio
ELEV: 980 ft LAT: 39° 45' 13" N LONG: 82° 34' 06" W
TEMPERATURE (°F), RAIN (in), WIND SPEED (mph)
HEAT COOL AVG
MEAN DEG DEG WIND DOM
DAY TEMP HIGH TIME LOW TIME DAYS DAYS RAIN SPEED HIGH TIME DIR
------------------------------------------------------------------------------------
1 62.0 68.8 1:00a 58.1 12:00m 3.4 0.4 0.15 2.4 19.0 1:00a SW
2 64.2 78.3 2:00p 51.7 12:00m 4.4 3.6 0.01 2.1 19.0 1:00p SSW
3 60.1 77.7 4:00p 46.7 8:00a 8.4 3.4 0.00 1.5 18.0 2:00p SSW
4 63.8 79.4 3:00p 45.4 7:00a 6.0 4.8 0.00 2.9 25.0 2:00p SSW
5 62.0 69.4 4:00a 48.3 11:00p 4.3 1.2 0.08 3.9 19.0 3:00a SSW
6 47.1 49.5 1:00a 43.6 12:00m 17.9 0.0 0.05 3.3 12.0 2:00p N
7 40.4 49.4 12:00p 30.1 8:00a 24.6 0.0 0.00 1.7 14.0 1:00a WNW
8 33.3 42.2 3:00p 26.9 12:00m 31.7 0.0 0.00 2.7 14.0 12:00p N
9 33.6 45.8 4:00p 20.8 7:00a 31.4 0.0 0.00 1.9 14.0 12:00p NNE
10 44.8 57.5 4:00p 30.6 3:00a 20.2 0.0 0.00 0.4 8.0 3:00p NNE
11 54.9 58.9 12:00m 47.4 1:00a 10.1 0.0 0.62 4.4 25.0 9:00a SSW
12 57.4 65.8 4:00p 42.3 12:00m 7.6 0.0 0.64 5.1 42.0 12:00m SSW
13 36.3 42.8 1:00a 31.9 12:00m 28.7 0.0 0.00 9.4 41.0 1:00a W
14 36.9 44.6 3:00p 27.9 8:00a 28.1 0.0 0.00 5.1 24.0 3:00p SW
15 40.4 42.8 12:00m 37.5 9:00a 24.6 0.0 0.00 2.9 19.0 2:00a SSW
16 48.2 52.6 2:00p 42.8 1:00a 16.8 0.0 0.00 1.8 13.0 12:00p SSW
17 51.7 59.5 3:00p 46.0 9:00a 13.3 0.0 0.00 0.8 11.0 2:00p ESE
18 58.3 66.9 4:00p 47.9 1:00a 6.9 0.2 0.10 4.9 25.0 1:00p SE
19 54.5 61.6 7:00a 46.7 11:00p 10.5 0.0 0.35 4.5 24.0 2:00p S
20 48.8 59.5 4:00p 37.8 8:00a 16.2 0.0 0.00 3.2 17.0 1:00p SSW
21 56.2 68.4 3:00p 47.6 12:00m 9.1 0.3 0.00 2.5 14.0 4:00a SSW
22 55.9 65.6 4:00p 43.6 6:00a 9.1 0.0 0.00 1.5 19.0 2:00p SSE
23 59.5 67.8 2:00p 49.2 9:00a 5.8 0.4 0.00 4.5 30.0 11:00p S
24 40.2 62.4 1:00a 26.7 12:00m 24.8 0.0 0.13 8.0 30.0 7:00a W
25 32.4 39.1 2:00p 25.3 5:00a 32.6 0.0 0.00 2.5 17.0 2:00p SE
26 40.5 49.2 7:00p 32.7 3:00a 24.5 0.0 0.00 1.5 17.0 12:00p SSW
27 44.1 45.7 1:00p 37.0 1:00a 20.9 0.0 0.34 1.0 12.0 2:00p SSW
28 37.0 45.2 1:00a 29.0 11:00p 28.0 0.0 0.78 6.6 32.0 8:00p W
29 30.5 32.5 12:00m 28.2 2:00a 34.5 0.0 0.05 8.5 28.0 9:00a WSW
30 43.2 51.6 4:00p 32.5 1:00a 21.8 0.0 0.00 9.7 30.0 4:00a SSW
-------------------------------------------------------------------------------------
47.9 79.4 4 20.8 9 526.2 14.3 3.30 3.7 42.0 12 SSW
Max >= 90.0: 0
Max <= 32.0: 0
Min <= 32.0: 10
Min <= 0.0: 0
Max Rain: 0.78 ON 11/28/03
Days of Rain: 11 (>.01 in) 7 (>.1 in) 0 (>1 in)
Heat Base: 65.0 Cool Base: 65.0 Method: Integration
|