Weather Information | Photos of Local Events | Personal Weather Stations Links | Lancaster Links | Site Map

NOAA Report Archive
(Reports Generated by WeatherLink)
2017: Jan | Feb | Mar | Apr | May | Jun | Jul | Aug | Sep | Oct | Nov | Dec 
2016: Jan | Feb | Mar | Apr | May | Jun | Jul | Aug | Sep | Oct | Nov | Dec 
2015: Jan | Feb | Mar | Apr | May | Jun | Jul | Aug | Sep | Oct | Nov | Dec 
2014: Jan | Feb | Mar | Apr | May | Jun | Jul | Aug | Sep | Oct | Nov | Dec 
2013: Jan | Feb | Mar | Apr | May | Jun | Jul | Aug | Sep | Oct | Nov | Dec 
2012: Jan | Feb | Mar | Apr | May | Jun | Jul | Aug | Sep | Oct | Nov | Dec 
2011: Jan | Feb | Mar | Apr | May | Jun | Jul | Aug | Sep | Oct | Nov | Dec 
2010: Jan | Feb | Mar | Apr | May | Jun | Jul | Aug | Sep | Oct | Nov | Dec 
2009: Jan | Feb | Mar | Apr | May | Jun | Jul | Aug | Sep | Oct | Nov | Dec 
2008: Jan | Feb | Mar | Apr | May | Jun | Jul | Aug | Sep | Oct | Nov | Dec 
2007: Jan | Feb | Mar | Apr | May | Jun | Jul | Aug | Sep | Oct | Nov | Dec 
2006: Jan | Feb | Mar | Apr | May | Jun | Jul | Aug | Sep | Oct | Nov | Dec 
2005: Jan | Feb | Mar | Apr | May | Jun | Jul | Aug | Sep | Oct | Nov | Dec 
2004: Jan | Feb | Mar | Apr | May | Jun | Jul | Aug | Sep | Oct | Nov | Dec 
2003: Jan | Feb | Mar | Apr | May | Jun | Jul | Aug | Sep | Oct | Nov | Dec 

Report for 2003 12
MONTHLY CLIMATOLOGICAL SUMMARY for DEC. 2003 NAME: Station1 CITY: Lancaster STATE: Ohio ELEV: 980 ft LAT: 39 45' 13" N LONG: 82 34' 06" W TEMPERATURE (F), RAIN (in), WIND SPEED (mph) HEAT COOL AVG MEAN DEG DEG WIND DOM DAY TEMP HIGH TIME LOW TIME DAYS DAYS RAIN SPEED HIGH TIME DIR ------------------------------------------------------------------------------------ 1 39.0 44.9 1:00a 31.9 12:00m 26.0 0.0 0.00 6.7 29.0 11:00a W 2 33.0 39.8 3:00p 27.9 8:00a 32.0 0.0 0.00 2.3 17.0 10:00a N 3 31.0 34.3 8:00p 26.1 4:00a 34.0 0.0 0.00 2.5 14.0 5:00p E 4 37.3 44.1 4:00p 30.6 5:00a 27.7 0.0 0.01 2.4 13.0 4:00p E 5 39.7 44.2 2:00p 33.8 11:00p 25.3 0.0 0.44 2.0 13.0 11:00p E 6 34.4 38.9 2:00p 32.4 12:00m 30.6 0.0 0.01 4.5 19.0 5:00a N 7 33.3 39.2 4:00p 27.6 7:00a 31.7 0.0 0.00 1.6 14.0 2:00a NNW 8 34.4 40.3 4:00p 27.2 9:00a 30.6 0.0 0.00 1.2 10.0 7:00p SE 9 43.5 50.1 11:00p 36.5 5:00a 21.5 0.0 0.01 1.1 11.0 7:00p SE 10 45.6 49.5 4:00p 39.5 12:00m 19.4 0.0 0.46 5.0 22.0 10:00p SE 11 33.8 39.5 1:00a 27.8 12:00m 31.2 0.0 0.05 6.6 29.0 7:00a W 12 28.0 33.1 3:00p 23.8 12:00m 37.0 0.0 0.00 2.5 17.0 3:00a W 13 26.5 30.1 4:00p 22.1 3:00a 38.6 0.0 0.00 3.4 18.0 8:00p E 14 31.6 36.6 2:00p 27.6 1:00a 33.4 0.0 0.18 2.3 19.0 10:00p WNW 15 30.6 33.5 4:00p 29.1 5:00a 34.4 0.0 0.00 3.5 17.0 5:00a SE 16 39.4 49.1 3:00p 29.1 4:00a 25.6 0.0 0.23 4.5 25.0 7:00p SSW 17 28.6 33.7 1:00a 26.1 11:00p 36.4 0.0 0.00 6.1 26.0 3:00p W 18 30.7 36.3 7:00p 26.0 2:00a 34.3 0.0 0.00 1.3 18.0 2:00a W 19 28.9 30.9 1:00p 26.6 8:00a 36.1 0.0 0.05 3.3 16.0 10:00p WSW 20 26.5 30.7 1:00p 21.0 12:00m 38.5 0.0 0.01 3.2 18.0 12:00p WNW 21 32.7 44.1 4:00p 20.2 6:00a 32.3 0.0 0.00 5.9 28.0 1:00p SSW 22 45.4 48.5 12:00m 39.9 1:00a 19.6 0.0 0.00 7.8 35.0 3:00a SSW 23 45.1 52.8 3:00p 34.3 10:00p 19.9 0.0 0.49 4.5 27.0 3:00p S 24 32.3 35.0 1:00a 29.3 12:00m 32.7 0.0 0.09 3.3 20.0 8:00p SW 25 26.8 30.4 10:00p 22.7 9:00a 38.2 0.0 0.00 5.2 24.0 1:00p SW 26 31.6 39.6 3:00p 23.9 8:00a 33.4 0.0 0.00 1.7 14.0 5:00a W 27 36.3 48.0 3:00p 25.7 8:00a 28.7 0.0 0.00 0.5 8.0 1:00p ESE 28 44.2 60.1 3:00p 30.7 8:00a 20.8 0.0 0.00 2.0 24.0 2:00p SE 29 50.8 57.0 3:00p 42.8 12:00m 14.2 0.0 0.21 3.6 29.0 12:00m SSW 30 34.9 42.8 1:00a 29.7 12:00m 30.1 0.0 0.22 5.5 30.0 10:00a SW 31 39.8 50.1 4:00p 28.8 8:00a 25.2 0.0 0.00 4.4 31.0 2:00p SSW ------------------------------------------------------------------------------------- 35.3 60.1 28 20.2 21 919.4 0.0 2.46 3.6 35.0 22 W Max >= 90.0: 0 Max <= 32.0: 4 Min <= 32.0: 24 Min <= 0.0: 0 Max Rain: 0.49 ON 12/23/03 Days of Rain: 10 (>.01 in) 7 (>.1 in) 0 (>1 in) Heat Base: 65.0 Cool Base: 65.0 Method: Integration
 
USA Weather Finder