2024: Jan | Feb | Mar | Apr | May | Jun | Jul | Aug | Sep | Oct | Nov | Dec
2023: Jan | Feb | Mar | Apr | May | Jun | Jul | Aug | Sep | Oct | Nov | Dec
2022: Jan | Feb | Mar | Apr | May | Jun | Jul | Aug | Sep | Oct | Nov | Dec
2021: Jan | Feb | Mar | Apr | May | Jun | Jul | Aug | Sep | Oct | Nov | Dec
2020: Jan | Feb | Mar | Apr | May | Jun | Jul | Aug | Sep | Oct | Nov | Dec
2019: Jan | Feb | Mar | Apr | May | Jun | Jul | Aug | Sep | Oct | Nov | Dec
2018: Jan | Feb | Mar | Apr | May | Jun | Jul | Aug | Sep | Oct | Nov | Dec
2017: Jan | Feb | Mar | Apr | May | Jun | Jul | Aug | Sep | Oct | Nov | Dec
2016: Jan | Feb | Mar | Apr | May | Jun | Jul | Aug | Sep | Oct | Nov | Dec
2015: Jan | Feb | Mar | Apr | May | Jun | Jul | Aug | Sep | Oct | Nov | Dec
2014: Jan | Feb | Mar | Apr | May | Jun | Jul | Aug | Sep | Oct | Nov | Dec
2013: Jan | Feb | Mar | Apr | May | Jun | Jul | Aug | Sep | Oct | Nov | Dec
2012: Jan | Feb | Mar | Apr | May | Jun | Jul | Aug | Sep | Oct | Nov | Dec
2011: Jan | Feb | Mar | Apr | May | Jun | Jul | Aug | Sep | Oct | Nov | Dec
2010: Jan | Feb | Mar | Apr | May | Jun | Jul | Aug | Sep | Oct | Nov | Dec
2009: Jan | Feb | Mar | Apr | May | Jun | Jul | Aug | Sep | Oct | Nov | Dec
2008: Jan | Feb | Mar | Apr | May | Jun | Jul | Aug | Sep | Oct | Nov | Dec
2007: Jan | Feb | Mar | Apr | May | Jun | Jul | Aug | Sep | Oct | Nov | Dec
2006: Jan | Feb | Mar | Apr | May | Jun | Jul | Aug | Sep | Oct | Nov | Dec
2005: Jan | Feb | Mar | Apr | May | Jun | Jul | Aug | Sep | Oct | Nov | Dec
2004: Jan | Feb | Mar | Apr | May | Jun | Jul | Aug | Sep | Oct | Nov | Dec
2003: Jan | Feb | Mar | Apr | May | Jun | Jul | Aug | Sep | Oct | Nov | Dec
Report for 2004 01
MONTHLY CLIMATOLOGICAL SUMMARY for JAN. 2004
NAME: Station1 CITY: Lancaster STATE: Ohio
ELEV: 980 ft LAT: 39° 45' 13" N LONG: 82° 34' 06" W
TEMPERATURE (°F), RAIN (in), WIND SPEED (mph)
HEAT COOL AVG
MEAN DEG DEG WIND DOM
DAY TEMP HIGH TIME LOW TIME DAYS DAYS RAIN SPEED HIGH TIME DIR
------------------------------------------------------------------------------------
1 43.3 51.9 2:00p 31.9 6:00a 21.7 0.0 0.01 2.4 19.0 11:00p SSW
2 51.2 58.1 12:00m 45.5 3:00a 13.8 0.0 0.23 5.4 25.0 5:00a SSW
3 58.3 63.4 11:00a 45.7 12:00m 6.7 0.0 0.75 6.3 29.0 4:00a SSW
4 40.0 45.7 1:00a 37.3 8:00p 25.0 0.0 2.39 4.9 22.0 8:00p NNE
5 35.6 48.8 3:00a 28.8 12:00m 29.4 0.0 0.06 4.8 27.0 4:00a WNW
6 18.5 29.7 3:00a 13.6 9:00p 46.5 0.0 0.00 7.8 32.0 12:00m W
7 19.6 25.3 4:00p 14.0 6:00a 45.4 0.0 0.00 8.1 28.0 1:00a SW
8 26.2 31.0 1:00p 22.1 4:00a 38.8 0.0 0.01 2.8 16.0 2:00p SSW
9 23.8 30.6 1:00a 16.1 12:00m 41.2 0.0 0.00 5.6 18.0 5:00p N
10 18.2 23.5 5:00p 12.3 8:00a 46.8 0.0 0.00 2.0 12.0 1:00a NE
11 27.9 39.2 11:00p 15.7 1:00a 37.1 0.0 0.00 6.9 32.0 11:00p SSW
12 37.6 39.9 4:00a 34.3 10:00p 27.4 0.0 0.00 7.8 30.0 1:00a SW
13 33.3 37.0 10:00p 31.6 7:00p 31.7 0.0 0.00 4.9 22.0 4:00a SW
14 32.5 40.9 8:00p 23.5 8:00a 32.5 0.0 0.01 4.9 27.0 3:00p SSW
15 22.2 34.0 1:00a 15.9 12:00m 42.8 0.0 0.00 6.3 26.0 3:00a NW
16 20.5 25.6 4:00p 15.7 1:00a 44.5 0.0 0.00 1.8 8.0 1:00a E
17 26.2 34.7 11:00p 18.8 3:00a 38.8 0.0 0.35 3.3 14.0 12:00p ESE
18 28.7 38.5 5:00a 17.7 12:00m 36.3 0.0 0.14 4.9 22.0 4:00p NNW
19 19.5 23.0 5:00p 16.4 5:00a 45.5 0.0 0.00 3.9 20.0 3:00p NW
20 19.3 23.9 11:00p 14.3 8:00a 45.7 0.0 0.00 2.1 14.0 1:00p NW
21 21.7 32.4 11:00p 8.1 4:00a 43.3 0.0 0.00 4.8 32.0 12:00m SSW
22 22.8 32.5 6:00a 7.6 12:00m 42.2 0.0 0.00 8.6 31.0 8:00a WNW
23 12.0 19.7 10:00p 5.4 5:00a 53.0 0.0 0.11 4.4 19.0 10:00a SSW
24 17.1 25.3 5:00a 4.7 12:00m 47.9 0.0 0.05 3.6 18.0 3:00p N
25 11.9 18.9 12:00m 2.2 3:00a 53.1 0.0 0.24 5.0 20.0 7:00p ENE
26 30.3 38.6 6:00p 18.9 1:00a 34.7 0.0 0.23 2.4 13.0 2:00a ENE
27 29.1 39.3 10:00a 18.4 12:00m 35.9 0.0 0.10 7.4 32.0 10:00a SW
28 17.7 22.7 10:00p 10.9 9:00a 47.3 0.0 0.00 9.2 28.0 7:00a SW
29 18.1 23.3 1:00p 13.3 12:00m 46.9 0.0 0.10 2.9 22.0 1:00a WNW
30 9.1 14.6 1:00a -2.4 12:00m 55.9 0.0 0.04 4.1 19.0 1:00p W
31 1.9 14.3 4:00p -5.2 6:00a 63.1 0.0 0.00 2.8 14.0 3:00a SW
-------------------------------------------------------------------------------------
25.6 63.4 3 -5.2 31 1220.9 0.0 4.82 4.9 32.0 6 SSW
Max >= 90.0: 0
Max <= 32.0: 15
Min <= 32.0: 27
Min <= 0.0: 2
Max Rain: 2.39 ON 01/04/04
Days of Rain: 13 (>.01 in) 8 (>.1 in) 1 (>1 in)
Heat Base: 65.0 Cool Base: 65.0 Method: Integration
|