Weather Information | Photos of Local Events | Personal Weather Stations Links | Lancaster Links | Site Map

NOAA Report Archive
(Reports Generated by WeatherLink)
2017: Jan | Feb | Mar | Apr | May | Jun | Jul | Aug | Sep | Oct | Nov | Dec 
2016: Jan | Feb | Mar | Apr | May | Jun | Jul | Aug | Sep | Oct | Nov | Dec 
2015: Jan | Feb | Mar | Apr | May | Jun | Jul | Aug | Sep | Oct | Nov | Dec 
2014: Jan | Feb | Mar | Apr | May | Jun | Jul | Aug | Sep | Oct | Nov | Dec 
2013: Jan | Feb | Mar | Apr | May | Jun | Jul | Aug | Sep | Oct | Nov | Dec 
2012: Jan | Feb | Mar | Apr | May | Jun | Jul | Aug | Sep | Oct | Nov | Dec 
2011: Jan | Feb | Mar | Apr | May | Jun | Jul | Aug | Sep | Oct | Nov | Dec 
2010: Jan | Feb | Mar | Apr | May | Jun | Jul | Aug | Sep | Oct | Nov | Dec 
2009: Jan | Feb | Mar | Apr | May | Jun | Jul | Aug | Sep | Oct | Nov | Dec 
2008: Jan | Feb | Mar | Apr | May | Jun | Jul | Aug | Sep | Oct | Nov | Dec 
2007: Jan | Feb | Mar | Apr | May | Jun | Jul | Aug | Sep | Oct | Nov | Dec 
2006: Jan | Feb | Mar | Apr | May | Jun | Jul | Aug | Sep | Oct | Nov | Dec 
2005: Jan | Feb | Mar | Apr | May | Jun | Jul | Aug | Sep | Oct | Nov | Dec 
2004: Jan | Feb | Mar | Apr | May | Jun | Jul | Aug | Sep | Oct | Nov | Dec 
2003: Jan | Feb | Mar | Apr | May | Jun | Jul | Aug | Sep | Oct | Nov | Dec 

Report for 2004 02
MONTHLY CLIMATOLOGICAL SUMMARY for FEB. 2004 NAME: Station1 CITY: Lancaster STATE: Ohio ELEV: 980 ft LAT: 39 45' 13" N LONG: 82 34' 06" W TEMPERATURE (F), RAIN (in), WIND SPEED (mph) HEAT COOL AVG MEAN DEG DEG WIND DOM DAY TEMP HIGH TIME LOW TIME DAYS DAYS RAIN SPEED HIGH TIME DIR ------------------------------------------------------------------------------------ 1 12.0 26.6 4:00p -5.4 3:00a 53.0 0.0 0.00 1.9 11.0 1:00p NW 2 29.7 42.9 3:00p 14.8 4:00a 35.3 0.0 0.28 2.7 18.0 12:00m SE 3 34.0 40.3 11:00a 27.8 12:00m 31.0 0.0 0.18 5.3 26.0 7:00p WSW 4 28.4 35.9 3:00p 22.4 10:00a 36.6 0.0 0.00 2.4 17.0 1:00a N 5 30.5 36.6 12:00m 26.3 6:00a 34.5 0.0 0.65 4.6 18.0 11:00a E 6 38.8 46.1 10:00a 30.9 12:00m 26.2 0.0 0.52 2.8 19.0 7:00a W 7 27.5 31.2 1:00a 24.1 12:00m 37.5 0.0 0.04 4.5 21.0 8:00a WNW 8 27.4 35.2 5:00p 22.1 8:00a 37.6 0.0 0.00 2.1 21.0 11:00a W 9 32.6 39.3 4:00p 22.1 1:00a 32.4 0.0 0.00 7.1 26.0 11:00a SSW 10 34.0 40.5 1:00p 27.5 12:00m 31.0 0.0 0.00 6.5 30.0 3:00p SSW 11 27.8 38.5 4:00p 16.1 8:00a 37.2 0.0 0.00 2.3 21.0 1:00a SW 12 32.1 44.3 3:00p 23.2 10:00p 32.9 0.0 0.00 2.7 21.0 3:00p SW 13 25.6 27.9 4:00p 23.9 9:00a 39.4 0.0 0.00 5.2 21.0 4:00p SW 14 30.3 40.9 5:00p 24.2 1:00a 34.7 0.0 0.00 3.3 19.0 5:00p SW 15 24.6 31.5 3:00p 14.9 12:00m 40.4 0.0 0.00 6.7 20.0 6:00a N 16 21.7 36.0 4:00p 8.6 8:00a 43.3 0.0 0.00 3.1 12.0 1:00a NE 17 29.7 42.2 3:00p 19.7 5:00a 35.3 0.0 0.00 0.8 12.0 5:00p N 18 31.7 41.8 4:00p 15.4 8:00a 33.3 0.0 0.00 2.5 17.0 12:00m SSW 19 43.1 55.4 3:00p 35.0 8:00a 21.9 0.0 0.00 3.0 18.0 10:00a SW 20 43.8 53.3 3:00p 30.0 5:00a 21.2 0.0 0.09 6.4 34.0 9:00p SSW 21 34.8 38.2 1:00a 32.2 8:00p 30.2 0.0 0.01 8.0 30.0 1:00a W 22 32.9 39.8 4:00p 23.9 12:00m 32.1 0.0 0.00 0.8 11.0 12:00p NNW 23 35.3 50.1 4:00p 22.9 3:00a 29.7 0.0 0.00 0.7 8.0 1:00p NNE 24 35.2 40.8 5:00a 29.5 12:00m 29.8 0.0 0.12 4.7 18.0 3:00p N 25 32.2 43.9 4:00p 22.7 8:00a 32.8 0.0 0.00 4.2 19.0 3:00p NE 26 33.9 46.8 4:00p 26.9 7:00a 31.1 0.0 0.00 4.5 18.0 3:00p NE 27 37.9 53.3 3:00p 25.7 8:00a 27.1 0.0 0.00 2.8 16.0 1:00p NNE 28 38.2 59.6 4:00p 19.7 7:00a 26.8 0.0 0.00 0.6 8.0 11:00a N 29 43.5 62.6 4:00p 24.8 4:00a 21.5 0.0 0.00 1.4 17.0 12:00p SW ------------------------------------------------------------------------------------- 32.0 62.6 29 -5.4 1 955.8 0.0 1.89 3.6 34.0 20 SW Max >= 90.0: 0 Max <= 32.0: 4 Min <= 32.0: 27 Min <= 0.0: 1 Max Rain: 0.65 ON 02/05/04 Days of Rain: 7 (>.01 in) 5 (>.1 in) 0 (>1 in) Heat Base: 65.0 Cool Base: 65.0 Method: Integration
 
USA Weather Finder