2024: Jan | Feb | Mar | Apr | May | Jun | Jul | Aug | Sep | Oct | Nov | Dec
2023: Jan | Feb | Mar | Apr | May | Jun | Jul | Aug | Sep | Oct | Nov | Dec
2022: Jan | Feb | Mar | Apr | May | Jun | Jul | Aug | Sep | Oct | Nov | Dec
2021: Jan | Feb | Mar | Apr | May | Jun | Jul | Aug | Sep | Oct | Nov | Dec
2020: Jan | Feb | Mar | Apr | May | Jun | Jul | Aug | Sep | Oct | Nov | Dec
2019: Jan | Feb | Mar | Apr | May | Jun | Jul | Aug | Sep | Oct | Nov | Dec
2018: Jan | Feb | Mar | Apr | May | Jun | Jul | Aug | Sep | Oct | Nov | Dec
2017: Jan | Feb | Mar | Apr | May | Jun | Jul | Aug | Sep | Oct | Nov | Dec
2016: Jan | Feb | Mar | Apr | May | Jun | Jul | Aug | Sep | Oct | Nov | Dec
2015: Jan | Feb | Mar | Apr | May | Jun | Jul | Aug | Sep | Oct | Nov | Dec
2014: Jan | Feb | Mar | Apr | May | Jun | Jul | Aug | Sep | Oct | Nov | Dec
2013: Jan | Feb | Mar | Apr | May | Jun | Jul | Aug | Sep | Oct | Nov | Dec
2012: Jan | Feb | Mar | Apr | May | Jun | Jul | Aug | Sep | Oct | Nov | Dec
2011: Jan | Feb | Mar | Apr | May | Jun | Jul | Aug | Sep | Oct | Nov | Dec
2010: Jan | Feb | Mar | Apr | May | Jun | Jul | Aug | Sep | Oct | Nov | Dec
2009: Jan | Feb | Mar | Apr | May | Jun | Jul | Aug | Sep | Oct | Nov | Dec
2008: Jan | Feb | Mar | Apr | May | Jun | Jul | Aug | Sep | Oct | Nov | Dec
2007: Jan | Feb | Mar | Apr | May | Jun | Jul | Aug | Sep | Oct | Nov | Dec
2006: Jan | Feb | Mar | Apr | May | Jun | Jul | Aug | Sep | Oct | Nov | Dec
2005: Jan | Feb | Mar | Apr | May | Jun | Jul | Aug | Sep | Oct | Nov | Dec
2004: Jan | Feb | Mar | Apr | May | Jun | Jul | Aug | Sep | Oct | Nov | Dec
2003: Jan | Feb | Mar | Apr | May | Jun | Jul | Aug | Sep | Oct | Nov | Dec
Report for 2004 03
MONTHLY CLIMATOLOGICAL SUMMARY for MAR. 2004
NAME: Station1 CITY: Lancaster STATE: Ohio
ELEV: 980 ft LAT: 39° 45' 13" N LONG: 82° 34' 06" W
TEMPERATURE (°F), RAIN (in), WIND SPEED (mph)
HEAT COOL AVG
MEAN DEG DEG WIND DOM
DAY TEMP HIGH TIME LOW TIME DAYS DAYS RAIN SPEED HIGH TIME DIR
------------------------------------------------------------------------------------
1 49.1 58.4 1:00p 37.6 3:00a 15.9 0.0 0.13 4.4 29.0 7:00p S
2 51.8 58.7 4:00p 39.3 12:00m 13.2 0.0 0.00 6.0 30.0 12:00p SSW
3 43.6 56.3 11:00a 28.8 8:00a 21.4 0.0 0.00 1.5 19.0 2:00p SSW
4 49.8 55.0 12:00m 44.8 7:00a 15.2 0.0 0.17 1.3 8.0 5:00a ESE
5 62.3 72.8 1:00p 53.1 11:00p 4.4 1.6 0.26 9.9 44.0 2:00p SSW
6 45.5 53.2 1:00a 32.4 12:00m 19.5 0.0 0.12 5.0 24.0 3:00p WNW
7 39.7 52.5 5:00p 28.1 6:00a 25.3 0.0 0.00 6.8 37.0 9:00p SSW
8 35.0 39.6 5:00p 30.3 12:00m 30.0 0.0 0.00 5.5 30.0 2:00a WNW
9 33.3 42.9 3:00p 24.5 6:00a 31.7 0.0 0.01 2.9 20.0 4:00p N
10 33.1 48.5 5:00p 19.5 8:00a 31.9 0.0 0.00 1.3 11.0 3:00p N
11 35.5 45.8 9:00p 22.7 4:00a 29.5 0.0 0.05 5.3 37.0 11:00p SSW
12 23.6 29.1 6:00p 17.8 7:00a 41.4 0.0 0.00 4.8 27.0 1:00a W
13 30.0 45.1 5:00p 13.1 7:00a 35.0 0.0 0.00 1.5 12.0 1:00a E
14 40.1 46.2 6:00p 28.7 1:00a 24.9 0.0 0.09 5.1 26.0 10:00a SSW
15 41.2 53.3 4:00p 27.5 7:00a 23.8 0.0 0.00 2.4 20.0 11:00p W
16 31.8 36.9 1:00a 28.5 12:00m 33.2 0.0 0.39 5.1 22.0 6:00a NE
17 30.7 34.4 2:00p 26.9 7:00a 34.3 0.0 0.04 1.5 12.0 2:00p WNW
18 36.8 48.0 1:00p 29.0 5:00a 28.2 0.0 0.24 1.0 12.0 7:00p S
19 40.4 50.4 5:00p 34.7 9:00a 24.6 0.0 0.00 2.2 14.0 9:00a SE
20 50.4 69.4 2:00p 34.9 2:00a 15.1 0.5 0.25 6.9 34.0 3:00p SSW
21 33.1 42.5 1:00a 26.7 12:00m 31.9 0.0 0.02 6.1 28.0 6:00a NW
22 27.5 35.9 5:00p 19.2 12:00m 37.5 0.0 0.02 2.7 17.0 5:00p N
23 33.7 51.1 5:00p 15.2 7:00a 31.3 0.0 0.00 3.5 25.0 2:00p SSW
24 47.7 63.1 6:00p 29.8 3:00a 17.3 0.0 0.10 3.5 24.0 3:00p SSW
25 59.3 73.7 4:00p 48.6 6:00a 7.3 1.5 0.00 3.3 29.0 10:00a SW
26 61.3 73.0 4:00p 49.2 3:00a 5.5 1.8 0.16 3.5 31.0 3:00p SSW
27 58.1 66.3 3:00p 48.9 12:00m 6.9 0.0 0.17 0.7 8.0 2:00p NNE
28 60.0 74.6 3:00p 47.6 4:00a 6.9 1.9 0.01 2.5 13.0 12:00p ESE
29 57.7 72.3 1:00p 46.8 12:00m 8.1 0.8 0.36 4.8 20.0 10:00a SE
30 47.8 54.4 4:00p 42.3 12:00m 17.2 0.0 0.95 2.1 21.0 6:00p N
31 43.7 47.4 12:00p 39.6 12:00m 21.3 0.0 0.03 4.1 18.0 6:00p N
-------------------------------------------------------------------------------------
43.0 74.6 28 13.1 13 689.7 8.1 3.57 3.8 44.0 5 SSW
Max >= 90.0: 0
Max <= 32.0: 1
Min <= 32.0: 17
Min <= 0.0: 0
Max Rain: 0.95 ON 03/30/04
Days of Rain: 18 (>.01 in) 11 (>.1 in) 0 (>1 in)
Heat Base: 65.0 Cool Base: 65.0 Method: Integration
|