2024: Jan | Feb | Mar | Apr | May | Jun | Jul | Aug | Sep | Oct | Nov | Dec
2023: Jan | Feb | Mar | Apr | May | Jun | Jul | Aug | Sep | Oct | Nov | Dec
2022: Jan | Feb | Mar | Apr | May | Jun | Jul | Aug | Sep | Oct | Nov | Dec
2021: Jan | Feb | Mar | Apr | May | Jun | Jul | Aug | Sep | Oct | Nov | Dec
2020: Jan | Feb | Mar | Apr | May | Jun | Jul | Aug | Sep | Oct | Nov | Dec
2019: Jan | Feb | Mar | Apr | May | Jun | Jul | Aug | Sep | Oct | Nov | Dec
2018: Jan | Feb | Mar | Apr | May | Jun | Jul | Aug | Sep | Oct | Nov | Dec
2017: Jan | Feb | Mar | Apr | May | Jun | Jul | Aug | Sep | Oct | Nov | Dec
2016: Jan | Feb | Mar | Apr | May | Jun | Jul | Aug | Sep | Oct | Nov | Dec
2015: Jan | Feb | Mar | Apr | May | Jun | Jul | Aug | Sep | Oct | Nov | Dec
2014: Jan | Feb | Mar | Apr | May | Jun | Jul | Aug | Sep | Oct | Nov | Dec
2013: Jan | Feb | Mar | Apr | May | Jun | Jul | Aug | Sep | Oct | Nov | Dec
2012: Jan | Feb | Mar | Apr | May | Jun | Jul | Aug | Sep | Oct | Nov | Dec
2011: Jan | Feb | Mar | Apr | May | Jun | Jul | Aug | Sep | Oct | Nov | Dec
2010: Jan | Feb | Mar | Apr | May | Jun | Jul | Aug | Sep | Oct | Nov | Dec
2009: Jan | Feb | Mar | Apr | May | Jun | Jul | Aug | Sep | Oct | Nov | Dec
2008: Jan | Feb | Mar | Apr | May | Jun | Jul | Aug | Sep | Oct | Nov | Dec
2007: Jan | Feb | Mar | Apr | May | Jun | Jul | Aug | Sep | Oct | Nov | Dec
2006: Jan | Feb | Mar | Apr | May | Jun | Jul | Aug | Sep | Oct | Nov | Dec
2005: Jan | Feb | Mar | Apr | May | Jun | Jul | Aug | Sep | Oct | Nov | Dec
2004: Jan | Feb | Mar | Apr | May | Jun | Jul | Aug | Sep | Oct | Nov | Dec
2003: Jan | Feb | Mar | Apr | May | Jun | Jul | Aug | Sep | Oct | Nov | Dec
Report for 2004 04
MONTHLY CLIMATOLOGICAL SUMMARY for APR. 2004
NAME: Station1 CITY: Lancaster STATE: Ohio
ELEV: 980 ft LAT: 39° 45' 13" N LONG: 82° 34' 06" W
TEMPERATURE (°F), RAIN (in), WIND SPEED (mph)
HEAT COOL AVG
MEAN DEG DEG WIND DOM
DAY TEMP HIGH TIME LOW TIME DAYS DAYS RAIN SPEED HIGH TIME DIR
------------------------------------------------------------------------------------
1 38.0 40.3 6:00p 35.2 12:00m 27.0 0.0 0.50 7.5 21.0 3:00p NNW
2 39.4 43.6 4:00p 32.8 5:00a 25.6 0.0 0.24 4.1 18.0 3:00p NNW
3 47.3 58.6 4:00p 38.0 12:00m 17.7 0.0 0.00 5.4 32.0 10:00p WNW
4 38.4 44.2 3:00p 34.0 7:00a 25.5 0.0 0.03 7.5 26.0 5:00p NW
5 35.1 46.7 6:00p 24.1 8:00a 29.9 0.0 0.00 3.4 18.0 5:00p N
6 44.6 61.3 6:00p 22.7 7:00a 20.4 0.0 0.00 3.5 20.0 3:00p SW
7 57.6 69.6 5:00p 47.4 12:00m 7.9 0.5 0.00 3.2 19.0 3:00a N
8 53.2 70.1 4:00p 44.1 9:00a 12.2 0.5 0.09 4.8 30.0 5:00p NW
9 48.4 61.0 5:00p 36.2 5:00a 16.6 0.0 0.00 2.0 14.0 12:00p NW
10 49.9 61.2 4:00p 41.1 4:00a 15.1 0.0 0.00 3.0 14.0 10:00a N
11 46.6 57.2 6:00p 40.6 12:00m 18.4 0.0 0.00 3.2 14.0 4:00p ENE
12 41.0 43.3 4:00p 37.9 6:00a 24.0 0.0 1.00 5.5 21.0 3:00p NNE
13 39.9 41.8 2:00p 35.2 11:00p 25.1 0.0 0.90 7.9 39.0 4:00p N
14 44.0 55.3 5:00p 34.6 12:00m 21.0 0.0 0.00 6.6 24.0 3:00p N
15 49.7 69.4 6:00p 29.5 7:00a 15.9 0.6 0.00 0.7 11.0 2:00p N
16 59.8 77.0 5:00p 40.1 6:00a 8.6 3.5 0.00 3.4 24.0 2:00p WSW
17 65.2 79.8 5:00p 46.4 8:00a 5.4 5.7 0.00 5.0 29.0 2:00p SSW
18 73.4 83.6 5:00p 64.8 8:00a 0.0 8.4 0.00 7.7 31.0 6:00p SSW
19 68.3 70.9 1:00a 64.2 12:00m 0.1 3.4 0.00 9.9 36.0 10:00a SSW
20 61.3 76.7 3:00p 49.8 7:00a 4.8 1.1 0.18 1.7 24.0 4:00p NE
21 62.4 72.0 2:00p 57.2 12:00m 3.6 1.1 0.32 6.0 36.0 3:00p SSW
22 57.1 60.7 2:00p 53.9 12:00m 7.6 0.0 0.67 1.8 13.0 3:00p NNE
23 53.2 56.9 6:00p 47.3 12:00m 11.8 0.0 0.02 1.3 13.0 2:00a N
24 55.9 70.9 4:00p 39.9 6:00a 10.0 1.0 0.00 2.3 13.0 10:00a NE
25 61.6 71.1 6:00p 51.4 7:00a 4.5 1.1 0.15 4.6 28.0 2:00p SSW
26 55.4 63.5 5:00p 50.4 12:00m 9.6 0.0 0.01 4.3 22.0 4:00p W
27 44.1 52.5 10:00a 31.0 12:00m 20.9 0.0 0.02 4.3 28.0 11:00a WSW
28 49.5 69.8 6:00p 26.0 7:00a 16.0 0.5 0.00 3.4 24.0 3:00p S
29 64.0 77.2 6:00p 49.9 6:00a 4.8 3.8 0.00 4.5 30.0 2:00p SSW
30 57.9 63.4 11:00a 48.9 5:00a 7.1 0.0 0.18 1.5 16.0 2:00p S
-------------------------------------------------------------------------------------
52.1 83.6 18 22.7 6 417.1 31.2 4.31 4.3 39.0 13 SSW
Max >= 90.0: 0
Max <= 32.0: 0
Min <= 32.0: 5
Min <= 0.0: 0
Max Rain: 1.00 ON 04/12/04
Days of Rain: 13 (>.01 in) 9 (>.1 in) 0 (>1 in)
Heat Base: 65.0 Cool Base: 65.0 Method: Integration
|