2024: Jan | Feb | Mar | Apr | May | Jun | Jul | Aug | Sep | Oct | Nov | Dec
2023: Jan | Feb | Mar | Apr | May | Jun | Jul | Aug | Sep | Oct | Nov | Dec
2022: Jan | Feb | Mar | Apr | May | Jun | Jul | Aug | Sep | Oct | Nov | Dec
2021: Jan | Feb | Mar | Apr | May | Jun | Jul | Aug | Sep | Oct | Nov | Dec
2020: Jan | Feb | Mar | Apr | May | Jun | Jul | Aug | Sep | Oct | Nov | Dec
2019: Jan | Feb | Mar | Apr | May | Jun | Jul | Aug | Sep | Oct | Nov | Dec
2018: Jan | Feb | Mar | Apr | May | Jun | Jul | Aug | Sep | Oct | Nov | Dec
2017: Jan | Feb | Mar | Apr | May | Jun | Jul | Aug | Sep | Oct | Nov | Dec
2016: Jan | Feb | Mar | Apr | May | Jun | Jul | Aug | Sep | Oct | Nov | Dec
2015: Jan | Feb | Mar | Apr | May | Jun | Jul | Aug | Sep | Oct | Nov | Dec
2014: Jan | Feb | Mar | Apr | May | Jun | Jul | Aug | Sep | Oct | Nov | Dec
2013: Jan | Feb | Mar | Apr | May | Jun | Jul | Aug | Sep | Oct | Nov | Dec
2012: Jan | Feb | Mar | Apr | May | Jun | Jul | Aug | Sep | Oct | Nov | Dec
2011: Jan | Feb | Mar | Apr | May | Jun | Jul | Aug | Sep | Oct | Nov | Dec
2010: Jan | Feb | Mar | Apr | May | Jun | Jul | Aug | Sep | Oct | Nov | Dec
2009: Jan | Feb | Mar | Apr | May | Jun | Jul | Aug | Sep | Oct | Nov | Dec
2008: Jan | Feb | Mar | Apr | May | Jun | Jul | Aug | Sep | Oct | Nov | Dec
2007: Jan | Feb | Mar | Apr | May | Jun | Jul | Aug | Sep | Oct | Nov | Dec
2006: Jan | Feb | Mar | Apr | May | Jun | Jul | Aug | Sep | Oct | Nov | Dec
2005: Jan | Feb | Mar | Apr | May | Jun | Jul | Aug | Sep | Oct | Nov | Dec
2004: Jan | Feb | Mar | Apr | May | Jun | Jul | Aug | Sep | Oct | Nov | Dec
2003: Jan | Feb | Mar | Apr | May | Jun | Jul | Aug | Sep | Oct | Nov | Dec
Report for 2004 05
MONTHLY CLIMATOLOGICAL SUMMARY for MAY. 2004
NAME: Station1 CITY: Lancaster STATE: Ohio
ELEV: 980 ft LAT: 39° 45' 13" N LONG: 82° 34' 06" W
TEMPERATURE (°F), RAIN (in), WIND SPEED (mph)
HEAT COOL AVG
MEAN DEG DEG WIND DOM
DAY TEMP HIGH TIME LOW TIME DAYS DAYS RAIN SPEED HIGH TIME DIR
------------------------------------------------------------------------------------
1 68.8 80.1 4:00p 60.2 12:00m 1.2 5.0 0.00 4.8 26.0 6:00p SSW
2 47.4 60.2 1:00a 36.3 12:00m 17.6 0.0 0.58 3.1 24.0 5:00a NNW
3 42.9 54.7 5:00p 31.3 6:00a 22.1 0.0 0.01 2.2 18.0 4:00p NNW
4 47.6 61.5 4:00p 28.4 6:00a 17.4 0.0 0.00 3.6 26.0 6:00p SSW
5 59.3 72.0 6:00p 47.7 12:00m 7.1 1.4 0.02 3.4 19.0 4:00p W
6 65.8 85.1 4:00p 40.9 7:00a 7.5 8.2 0.00 4.2 27.0 4:00p SSW
7 62.7 77.0 12:00p 47.9 12:00m 5.2 2.9 0.11 4.2 28.0 2:00p N
8 64.8 84.0 5:00p 47.3 4:00a 6.3 6.1 0.00 3.1 26.0 4:00p SSW
9 74.1 85.9 6:00p 59.3 8:00a 0.4 9.5 0.00 4.0 28.0 2:00p SSW
10 75.7 86.7 5:00p 61.2 7:00a 0.2 10.9 0.00 4.0 21.0 1:00p SW
11 72.8 86.7 3:00p 62.4 8:00a 0.1 7.3 0.00 1.8 24.0 4:00p SSW
12 72.1 85.7 3:00p 58.4 7:00a 1.3 8.4 0.00 1.6 19.0 4:00p S
13 72.5 83.2 1:00p 59.8 6:00a 1.1 8.6 0.05 3.0 24.0 8:00p SSW
14 72.3 79.9 1:00p 67.1 7:00a 0.0 7.4 0.12 5.4 37.0 3:00p SSW
15 59.5 70.6 1:00a 55.4 10:00a 6.0 0.5 0.39 2.2 17.0 5:00a N
16 59.0 68.1 6:00p 53.8 7:00a 6.3 0.3 0.00 1.3 8.0 4:00p NE
17 66.5 83.2 5:00p 48.3 6:00a 4.7 6.2 0.26 2.7 30.0 11:00p SSW
18 70.0 83.4 5:00p 64.0 12:00m 0.2 5.2 1.55 4.1 42.0 6:00p SSW
19 68.6 80.1 5:00p 62.4 5:00a 0.8 4.5 0.59 1.0 11.0 4:00p N
20 73.3 82.4 4:00p 63.2 3:00a 0.3 8.6 0.00 3.7 26.0 3:00p SSW
21 72.8 85.9 4:00p 62.1 9:00p 0.6 8.4 1.01 3.2 35.0 6:00p SSW
22 74.7 86.7 5:00p 62.4 1:00a 0.6 10.2 0.00 5.3 25.0 4:00p SSW
23 77.0 85.7 5:00p 69.4 4:00a 0.0 12.0 0.01 5.7 26.0 3:00p SSW
24 74.2 83.0 5:00p 62.3 12:00m 0.2 9.4 0.00 5.7 29.0 2:00p W
25 70.1 84.7 4:00p 54.1 6:00a 2.8 7.9 0.00 3.8 31.0 12:00m ENE
26 66.0 72.5 1:00p 61.0 6:00a 0.8 1.8 0.61 1.3 17.0 1:00a SW
27 66.6 74.7 6:00p 61.8 12:00m 1.0 2.6 1.19 3.8 39.0 7:00p SSW
28 64.5 75.4 2:00p 53.9 12:00m 2.5 2.0 0.16 4.0 20.0 4:00p N
29 60.4 74.0 5:00p 46.1 7:00a 6.5 1.9 0.00 1.3 11.0 12:00p E
30 63.6 73.9 4:00p 51.1 5:00a 4.0 2.7 0.03 1.8 14.0 5:00p ESE
31 68.5 78.3 4:00p 62.6 12:00m 0.2 3.7 0.17 4.9 32.0 3:00p SSW
-------------------------------------------------------------------------------------
66.3 86.7 10 28.4 4 125.0 163.6 6.86 3.4 42.0 18 SSW
Max >= 90.0: 0
Max <= 32.0: 0
Min <= 32.0: 2
Min <= 0.0: 0
Max Rain: 1.55 ON 05/18/04
Days of Rain: 15 (>.01 in) 12 (>.1 in) 3 (>1 in)
Heat Base: 65.0 Cool Base: 65.0 Method: Integration
|