2024: Jan | Feb | Mar | Apr | May | Jun | Jul | Aug | Sep | Oct | Nov | Dec
2023: Jan | Feb | Mar | Apr | May | Jun | Jul | Aug | Sep | Oct | Nov | Dec
2022: Jan | Feb | Mar | Apr | May | Jun | Jul | Aug | Sep | Oct | Nov | Dec
2021: Jan | Feb | Mar | Apr | May | Jun | Jul | Aug | Sep | Oct | Nov | Dec
2020: Jan | Feb | Mar | Apr | May | Jun | Jul | Aug | Sep | Oct | Nov | Dec
2019: Jan | Feb | Mar | Apr | May | Jun | Jul | Aug | Sep | Oct | Nov | Dec
2018: Jan | Feb | Mar | Apr | May | Jun | Jul | Aug | Sep | Oct | Nov | Dec
2017: Jan | Feb | Mar | Apr | May | Jun | Jul | Aug | Sep | Oct | Nov | Dec
2016: Jan | Feb | Mar | Apr | May | Jun | Jul | Aug | Sep | Oct | Nov | Dec
2015: Jan | Feb | Mar | Apr | May | Jun | Jul | Aug | Sep | Oct | Nov | Dec
2014: Jan | Feb | Mar | Apr | May | Jun | Jul | Aug | Sep | Oct | Nov | Dec
2013: Jan | Feb | Mar | Apr | May | Jun | Jul | Aug | Sep | Oct | Nov | Dec
2012: Jan | Feb | Mar | Apr | May | Jun | Jul | Aug | Sep | Oct | Nov | Dec
2011: Jan | Feb | Mar | Apr | May | Jun | Jul | Aug | Sep | Oct | Nov | Dec
2010: Jan | Feb | Mar | Apr | May | Jun | Jul | Aug | Sep | Oct | Nov | Dec
2009: Jan | Feb | Mar | Apr | May | Jun | Jul | Aug | Sep | Oct | Nov | Dec
2008: Jan | Feb | Mar | Apr | May | Jun | Jul | Aug | Sep | Oct | Nov | Dec
2007: Jan | Feb | Mar | Apr | May | Jun | Jul | Aug | Sep | Oct | Nov | Dec
2006: Jan | Feb | Mar | Apr | May | Jun | Jul | Aug | Sep | Oct | Nov | Dec
2005: Jan | Feb | Mar | Apr | May | Jun | Jul | Aug | Sep | Oct | Nov | Dec
2004: Jan | Feb | Mar | Apr | May | Jun | Jul | Aug | Sep | Oct | Nov | Dec
2003: Jan | Feb | Mar | Apr | May | Jun | Jul | Aug | Sep | Oct | Nov | Dec
Report for 2004 06
MONTHLY CLIMATOLOGICAL SUMMARY for JUN. 2004
NAME: Station1 CITY: Lancaster STATE: Ohio
ELEV: 980 ft LAT: 39° 45' 13" N LONG: 82° 34' 06" W
TEMPERATURE (°F), RAIN (in), WIND SPEED (mph)
HEAT COOL AVG
MEAN DEG DEG WIND DOM
DAY TEMP HIGH TIME LOW TIME DAYS DAYS RAIN SPEED HIGH TIME DIR
------------------------------------------------------------------------------------
1 63.8 78.3 5:00p 55.1 7:00a 3.7 2.5 0.08 4.2 32.0 5:00p SW
2 66.3 77.4 6:00p 57.2 2:00a 2.3 3.6 0.11 3.7 24.0 7:00p SSW
3 65.0 77.6 5:00p 52.3 7:00a 3.8 3.8 0.00 1.4 13.0 3:00p NW
4 62.3 76.7 4:00p 52.0 6:00a 5.0 2.3 0.02 2.4 17.0 1:00p NNE
5 62.4 72.3 12:00p 53.3 6:00a 3.7 1.1 0.00 0.7 11.0 1:00p ESE
6 66.6 80.7 3:00p 52.9 7:00a 3.7 5.3 0.00 1.0 13.0 5:00p SSW
7 69.0 83.2 4:00p 53.5 7:00a 3.1 7.2 0.00 1.4 16.0 6:00p SSW
8 74.6 89.3 4:00p 58.6 7:00a 1.6 11.1 0.00 1.8 17.0 1:00p SSW
9 76.7 89.0 4:00p 66.3 7:00a 0.0 11.7 0.42 2.4 40.0 7:00p SSW
10 73.0 79.2 1:00p 67.9 6:00a 0.0 8.0 0.02 1.2 19.0 4:00p N
11 68.3 72.1 4:00p 64.5 12:00m 0.0 3.2 2.63 2.3 22.0 1:00p NE
12 65.9 76.3 5:00p 59.5 7:00a 2.1 3.0 0.14 2.3 17.0 2:00p SSE
13 75.5 86.5 5:00p 65.6 3:00a 0.0 10.5 0.00 3.8 22.0 3:00p SSW
14 76.0 84.9 4:00p 68.8 1:00a 0.0 11.0 0.65 3.7 33.0 1:00a SSW
15 75.0 89.3 4:00p 69.3 2:00a 0.0 10.0 0.01 2.1 22.0 4:00p SSW
16 73.3 82.0 5:00p 68.1 6:00a 0.0 8.3 0.41 0.5 8.0 1:00p SSE
17 75.4 86.7 3:00p 69.6 8:00p 0.0 10.4 0.71 2.7 26.0 7:00p SSW
18 75.3 84.1 5:00p 67.4 12:00m 0.0 10.3 0.01 1.8 13.0 10:00a N
19 67.5 75.6 2:00p 55.0 12:00m 1.1 3.6 0.00 3.2 20.0 2:00p N
20 60.5 74.4 5:00p 45.8 7:00a 6.9 2.3 0.00 0.8 12.0 12:00p NNE
21 65.7 79.2 5:00p 51.6 5:00a 4.3 5.1 0.00 1.4 18.0 5:00p S
22 74.1 83.6 5:00p 67.9 1:00a 0.0 9.1 0.00 2.7 17.0 5:00p W
23 68.3 81.1 6:00p 53.5 7:00a 2.5 5.7 0.00 1.3 12.0 1:00a N
24 69.7 83.8 4:00p 52.5 6:00a 3.5 8.2 0.00 3.0 20.0 5:00p SSW
25 66.3 74.4 5:00p 58.1 6:00a 1.7 2.9 0.00 2.6 13.0 3:00a NNE
26 66.5 76.1 4:00p 57.0 12:00m 2.4 3.9 0.00 2.0 14.0 11:00a N
27 65.6 81.2 6:00p 47.4 7:00a 5.3 5.8 0.00 1.5 17.0 12:00p WSW
28 64.1 75.1 3:00p 56.3 12:00m 2.8 1.9 0.30 1.1 25.0 5:00p WSW
29 65.0 79.8 5:00p 51.9 4:00a 4.8 4.9 0.01 1.2 17.0 3:00p W
30 67.2 82.2 5:00p 49.4 6:00a 4.8 7.0 0.00 0.7 12.0 2:00p ESE
-------------------------------------------------------------------------------------
68.8 89.3 8 45.8 20 69.1 183.7 5.52 2.0 40.0 9 SSW
Max >= 90.0: 0
Max <= 32.0: 0
Min <= 32.0: 0
Min <= 0.0: 0
Max Rain: 2.63 ON 06/11/04
Days of Rain: 11 (>.01 in) 8 (>.1 in) 1 (>1 in)
Heat Base: 65.0 Cool Base: 65.0 Method: Integration
|