2024: Jan | Feb | Mar | Apr | May | Jun | Jul | Aug | Sep | Oct | Nov | Dec
2023: Jan | Feb | Mar | Apr | May | Jun | Jul | Aug | Sep | Oct | Nov | Dec
2022: Jan | Feb | Mar | Apr | May | Jun | Jul | Aug | Sep | Oct | Nov | Dec
2021: Jan | Feb | Mar | Apr | May | Jun | Jul | Aug | Sep | Oct | Nov | Dec
2020: Jan | Feb | Mar | Apr | May | Jun | Jul | Aug | Sep | Oct | Nov | Dec
2019: Jan | Feb | Mar | Apr | May | Jun | Jul | Aug | Sep | Oct | Nov | Dec
2018: Jan | Feb | Mar | Apr | May | Jun | Jul | Aug | Sep | Oct | Nov | Dec
2017: Jan | Feb | Mar | Apr | May | Jun | Jul | Aug | Sep | Oct | Nov | Dec
2016: Jan | Feb | Mar | Apr | May | Jun | Jul | Aug | Sep | Oct | Nov | Dec
2015: Jan | Feb | Mar | Apr | May | Jun | Jul | Aug | Sep | Oct | Nov | Dec
2014: Jan | Feb | Mar | Apr | May | Jun | Jul | Aug | Sep | Oct | Nov | Dec
2013: Jan | Feb | Mar | Apr | May | Jun | Jul | Aug | Sep | Oct | Nov | Dec
2012: Jan | Feb | Mar | Apr | May | Jun | Jul | Aug | Sep | Oct | Nov | Dec
2011: Jan | Feb | Mar | Apr | May | Jun | Jul | Aug | Sep | Oct | Nov | Dec
2010: Jan | Feb | Mar | Apr | May | Jun | Jul | Aug | Sep | Oct | Nov | Dec
2009: Jan | Feb | Mar | Apr | May | Jun | Jul | Aug | Sep | Oct | Nov | Dec
2008: Jan | Feb | Mar | Apr | May | Jun | Jul | Aug | Sep | Oct | Nov | Dec
2007: Jan | Feb | Mar | Apr | May | Jun | Jul | Aug | Sep | Oct | Nov | Dec
2006: Jan | Feb | Mar | Apr | May | Jun | Jul | Aug | Sep | Oct | Nov | Dec
2005: Jan | Feb | Mar | Apr | May | Jun | Jul | Aug | Sep | Oct | Nov | Dec
2004: Jan | Feb | Mar | Apr | May | Jun | Jul | Aug | Sep | Oct | Nov | Dec
2003: Jan | Feb | Mar | Apr | May | Jun | Jul | Aug | Sep | Oct | Nov | Dec
Report for 2004 07
MONTHLY CLIMATOLOGICAL SUMMARY for JUL. 2004
NAME: Station1 CITY: Lancaster STATE: Ohio
ELEV: 980 ft LAT: 39° 45' 13" N LONG: 82° 34' 06" W
TEMPERATURE (°F), RAIN (in), WIND SPEED (mph)
HEAT COOL AVG
MEAN DEG DEG WIND DOM
DAY TEMP HIGH TIME LOW TIME DAYS DAYS RAIN SPEED HIGH TIME DIR
------------------------------------------------------------------------------------
1 71.3 85.3 3:00p 54.7 6:00a 2.8 9.1 0.00 1.0 12.0 3:00p SSW
2 76.5 91.2 6:00p 61.2 7:00a 0.4 12.0 0.00 0.8 11.0 3:00p W
3 75.5 88.2 3:00p 63.4 7:00a 0.1 10.7 0.00 1.6 16.0 6:00p NNE
4 77.4 86.5 7:00p 69.4 5:00a 0.0 12.4 0.00 5.1 25.0 3:00p SSW
5 78.0 89.9 5:00p 69.6 12:00m 0.0 13.0 0.00 3.5 21.0 4:00p SW
6 77.4 89.7 6:00p 65.3 7:00a 0.0 12.4 0.00 3.0 28.0 12:00m SSW
7 73.2 82.0 5:00p 68.3 7:00a 0.0 8.2 0.03 5.7 28.0 5:00p SSW
8 70.8 81.1 4:00p 60.4 4:00a 0.8 6.6 0.00 2.2 20.0 1:00p W
9 73.6 87.2 6:00p 60.2 7:00a 0.5 9.1 0.00 0.5 10.0 6:00p N
10 77.5 91.8 5:00p 68.3 6:00a 0.0 12.5 0.00 1.3 12.0 4:00p S
11 74.7 86.5 3:00p 67.3 6:00a 0.0 9.7 0.59 1.3 25.0 7:00p SW
12 76.9 86.3 7:00p 69.6 7:00a 0.0 11.9 0.03 2.3 19.0 6:00p SW
13 79.7 89.9 5:00p 69.1 7:00a 0.0 14.7 0.00 2.0 17.0 7:00p W
14 75.0 81.4 2:00p 66.8 12:00m 0.0 10.0 0.00 3.8 21.0 5:00p WSW
15 70.2 82.0 5:00p 59.0 7:00a 1.2 6.4 0.00 2.3 19.0 1:00p W
16 71.0 87.0 5:00p 55.4 7:00a 1.6 7.6 0.01 1.5 18.0 7:00p W
17 67.0 83.2 3:00p 61.6 4:00a 0.4 1.6 1.15 0.8 10.0 3:00a NE
18 70.4 81.8 5:00p 62.4 8:00a 0.6 5.9 0.00 2.8 16.0 6:00p N
19 70.8 82.6 4:45p 59.2 6:45a 1.3 7.0 0.00 1.2 12.0 12:45p N
20 72.0 86.1 4:00p 57.0 6:30a 2.0 9.0 0.00 1.3 15.0 5:00p SSW
21 75.1 86.1 4:15p 61.8 6:30a 0.4 10.5 0.00 1.8 17.0 4:30p SSW
22 75.7 87.4 5:45p 68.3 9:00a 0.0 8.3 0.90 0.8 25.0 2:30a SSW
23 72.9 82.0 4:35p 62.0 11:55p 0.1 8.0 0.00 3.5 14.0 7:20p N
24 65.1 75.3 3:00p 53.2 6:20a 3.2 3.3 0.00 3.5 16.0 9:50a N
25 66.2 76.7 4:00p 56.5 5:00a 2.5 3.7 0.12 3.8 17.0 5:00p N
26 68.5 72.1 6:00p 61.8 8:00a 0.0 2.1 0.00 0.7 10.0 7:20p N
27 67.1 74.2 4:25p 61.0 11:45p 0.3 2.4 0.18 1.4 13.0 4:35p N
28 65.5 73.5 4:30p 58.4 12:00m 1.7 2.2 0.00 1.1 13.0 9:50a N
29 71.9 80.9 3:00p 55.7 8:00a 0.9 5.8 0.00 0.6 10.0 2:00p ESE
30 76.0 86.1 3:00p 66.4 2:00a 0.0 9.2 0.07 1.4 16.0 3:00p SSW
31 72.8 80.7 6:00p 67.8 8:00a 0.0 7.8 1.76 3.0 32.0 2:00a SSW
-------------------------------------------------------------------------------------
72.8 91.8 10 53.2 24 20.8 253.1 4.84 2.1 32.0 31 SSW
Max >= 90.0: 2
Max <= 32.0: 0
Min <= 32.0: 0
Min <= 0.0: 0
Max Rain: 1.76 ON 07/31/04
Days of Rain: 9 (>.01 in) 6 (>.1 in) 2 (>1 in)
Heat Base: 65.0 Cool Base: 65.0 Method: Integration
|