Weather Information | Photos of Local Events | Personal Weather Stations Links | Lancaster Links | Site Map

NOAA Report Archive
(Reports Generated by WeatherLink)
2017: Jan | Feb | Mar | Apr | May | Jun | Jul | Aug | Sep | Oct | Nov | Dec 
2016: Jan | Feb | Mar | Apr | May | Jun | Jul | Aug | Sep | Oct | Nov | Dec 
2015: Jan | Feb | Mar | Apr | May | Jun | Jul | Aug | Sep | Oct | Nov | Dec 
2014: Jan | Feb | Mar | Apr | May | Jun | Jul | Aug | Sep | Oct | Nov | Dec 
2013: Jan | Feb | Mar | Apr | May | Jun | Jul | Aug | Sep | Oct | Nov | Dec 
2012: Jan | Feb | Mar | Apr | May | Jun | Jul | Aug | Sep | Oct | Nov | Dec 
2011: Jan | Feb | Mar | Apr | May | Jun | Jul | Aug | Sep | Oct | Nov | Dec 
2010: Jan | Feb | Mar | Apr | May | Jun | Jul | Aug | Sep | Oct | Nov | Dec 
2009: Jan | Feb | Mar | Apr | May | Jun | Jul | Aug | Sep | Oct | Nov | Dec 
2008: Jan | Feb | Mar | Apr | May | Jun | Jul | Aug | Sep | Oct | Nov | Dec 
2007: Jan | Feb | Mar | Apr | May | Jun | Jul | Aug | Sep | Oct | Nov | Dec 
2006: Jan | Feb | Mar | Apr | May | Jun | Jul | Aug | Sep | Oct | Nov | Dec 
2005: Jan | Feb | Mar | Apr | May | Jun | Jul | Aug | Sep | Oct | Nov | Dec 
2004: Jan | Feb | Mar | Apr | May | Jun | Jul | Aug | Sep | Oct | Nov | Dec 
2003: Jan | Feb | Mar | Apr | May | Jun | Jul | Aug | Sep | Oct | Nov | Dec 

Report for 2004 09
MONTHLY CLIMATOLOGICAL SUMMARY for SEP. 2004 NAME: Station1 CITY: Lancaster STATE: Ohio ELEV: 980 ft LAT: 39 45' 13" N LONG: 82 34' 06" W TEMPERATURE (F), RAIN (in), WIND SPEED (mph) HEAT COOL AVG MEAN DEG DEG WIND DOM DAY TEMP HIGH TIME LOW TIME DAYS DAYS RAIN SPEED HIGH TIME DIR ------------------------------------------------------------------------------------ 1 66.2 80.9 5:00p 51.6 7:00a 4.1 5.3 0.00 0.9 11.0 3:00p NNE 2 69.3 83.6 5:00p 57.0 5:00a 2.3 6.6 0.01 1.2 12.0 4:00p ESE 3 70.9 79.6 5:00p 64.5 1:00a 0.0 5.9 0.00 0.7 10.0 12:00p SE 4 74.6 87.2 5:00p 60.5 8:00a 0.3 8.3 0.00 0.4 11.0 4:00p SW 5 75.5 86.7 3:00p 62.9 4:00a 0.2 8.5 0.00 1.0 14.0 5:00p ESE 6 74.1 88.0 4:00p 61.2 7:00a 0.5 9.6 0.00 1.8 19.0 1:00p SE 7 72.6 83.2 12:00p 64.0 8:00a 0.0 7.6 1.95 1.9 16.0 8:00p SSE 8 65.0 66.1 7:00p 63.7 5:00a 0.2 0.2 1.66 4.5 20.0 8:00p NNE 9 65.5 73.0 4:00p 56.7 12:00m 1.3 1.8 0.00 3.0 19.0 3:00a NNW 10 64.0 78.8 4:00p 51.9 8:00a 4.8 3.8 0.00 0.5 10.0 2:00p N 11 63.8 79.9 5:00p 49.5 7:00a 5.5 4.3 0.00 0.5 8.0 12:00p NNE 12 67.7 82.6 3:00p 53.1 7:00a 3.8 6.5 0.00 0.2 7.0 1:00p NE 13 69.5 82.2 4:00p 57.3 8:00a 2.1 6.4 0.00 0.8 10.0 12:00p ESE 14 69.5 82.2 4:00p 60.1 5:00a 1.3 5.8 0.00 0.8 11.0 12:00p ESE 15 69.8 83.4 5:00p 58.4 8:00a 1.4 6.2 0.00 1.0 14.0 3:00p SSE 16 71.8 83.0 5:00p 60.7 8:00a 0.8 7.1 0.00 1.3 14.0 2:00p SSW 17 63.1 69.3 12:05a 56.5 11:40p 2.9 1.0 1.70 5.9 28.0 4:35p N 18 60.3 72.3 3:30p 50.5 6:55a 6.2 1.5 0.00 5.3 21.0 2:55p N 19 57.1 72.3 5:10p 42.2 6:45a 9.3 1.4 0.00 1.8 17.0 12:20p NNE 20 58.6 76.5 3:40p 43.9 7:25a 9.0 2.7 0.00 0.8 11.0 9:45a E 21 62.6 82.8 4:50p 44.8 6:45a 7.7 5.2 0.00 0.3 7.0 12:50p SSW 22 66.0 85.9 4:20p 48.9 7:25a 5.3 6.3 0.00 0.3 7.0 12:10p ESE 23 66.8 84.3 3:30p 51.6 7:40a 4.5 6.2 0.00 0.4 10.0 3:55p ESE 24 66.4 82.8 2:20p 51.9 7:20a 4.2 5.6 0.00 0.1 8.0 1:40p WNW 25 63.9 74.2 12:45p 56.3 5:20a 3.6 2.5 0.00 1.2 11.0 12:50p N 26 59.2 71.5 4:15p 47.7 7:50a 7.1 1.3 0.00 1.7 14.0 1:25p NNE 27 62.7 77.4 3:30p 50.8 7:25a 5.2 2.9 0.00 0.9 7.0 9:30a NNE 28 65.3 75.4 3:40p 57.8 11:35p 2.1 2.4 0.00 5.6 21.0 1:35p N 29 59.5 68.8 3:35p 52.9 11:35p 5.7 0.2 0.12 1.7 13.0 5:45p N 30 57.7 71.6 3:55p 44.5 7:15a 8.4 1.1 0.00 0.6 10.0 11:15a N ------------------------------------------------------------------------------------- 66.0 88.0 6 42.2 19 109.8 134.2 5.44 1.6 28.0 17 N Max >= 90.0: 0 Max <= 32.0: 0 Min <= 32.0: 0 Min <= 0.0: 0 Max Rain: 1.95 ON 09/07/04 Days of Rain: 4 (>.01 in) 4 (>.1 in) 3 (>1 in) Heat Base: 65.0 Cool Base: 65.0 Method: Integration
 
USA Weather Finder