2024: Jan | Feb | Mar | Apr | May | Jun | Jul | Aug | Sep | Oct | Nov | Dec
2023: Jan | Feb | Mar | Apr | May | Jun | Jul | Aug | Sep | Oct | Nov | Dec
2022: Jan | Feb | Mar | Apr | May | Jun | Jul | Aug | Sep | Oct | Nov | Dec
2021: Jan | Feb | Mar | Apr | May | Jun | Jul | Aug | Sep | Oct | Nov | Dec
2020: Jan | Feb | Mar | Apr | May | Jun | Jul | Aug | Sep | Oct | Nov | Dec
2019: Jan | Feb | Mar | Apr | May | Jun | Jul | Aug | Sep | Oct | Nov | Dec
2018: Jan | Feb | Mar | Apr | May | Jun | Jul | Aug | Sep | Oct | Nov | Dec
2017: Jan | Feb | Mar | Apr | May | Jun | Jul | Aug | Sep | Oct | Nov | Dec
2016: Jan | Feb | Mar | Apr | May | Jun | Jul | Aug | Sep | Oct | Nov | Dec
2015: Jan | Feb | Mar | Apr | May | Jun | Jul | Aug | Sep | Oct | Nov | Dec
2014: Jan | Feb | Mar | Apr | May | Jun | Jul | Aug | Sep | Oct | Nov | Dec
2013: Jan | Feb | Mar | Apr | May | Jun | Jul | Aug | Sep | Oct | Nov | Dec
2012: Jan | Feb | Mar | Apr | May | Jun | Jul | Aug | Sep | Oct | Nov | Dec
2011: Jan | Feb | Mar | Apr | May | Jun | Jul | Aug | Sep | Oct | Nov | Dec
2010: Jan | Feb | Mar | Apr | May | Jun | Jul | Aug | Sep | Oct | Nov | Dec
2009: Jan | Feb | Mar | Apr | May | Jun | Jul | Aug | Sep | Oct | Nov | Dec
2008: Jan | Feb | Mar | Apr | May | Jun | Jul | Aug | Sep | Oct | Nov | Dec
2007: Jan | Feb | Mar | Apr | May | Jun | Jul | Aug | Sep | Oct | Nov | Dec
2006: Jan | Feb | Mar | Apr | May | Jun | Jul | Aug | Sep | Oct | Nov | Dec
2005: Jan | Feb | Mar | Apr | May | Jun | Jul | Aug | Sep | Oct | Nov | Dec
2004: Jan | Feb | Mar | Apr | May | Jun | Jul | Aug | Sep | Oct | Nov | Dec
2003: Jan | Feb | Mar | Apr | May | Jun | Jul | Aug | Sep | Oct | Nov | Dec
Report for 2004 10
MONTHLY CLIMATOLOGICAL SUMMARY for OCT. 2004
NAME: Station1 CITY: Lancaster STATE: Ohio
ELEV: 980 ft LAT: 39° 45' 13" N LONG: 82° 34' 06" W
TEMPERATURE (°F), RAIN (in), WIND SPEED (mph)
HEAT COOL AVG
MEAN DEG DEG WIND DOM
DAY TEMP HIGH TIME LOW TIME DAYS DAYS RAIN SPEED HIGH TIME DIR
------------------------------------------------------------------------------------
1 58.4 77.2 3:45p 40.8 7:15a 9.6 3.0 0.00 1.3 17.0 3:15p SSW
2 58.8 68.1 11:30a 39.6 12:00m 6.4 0.2 0.02 2.3 20.0 11:00a SSW
3 49.5 66.9 4:15p 34.4 5:30a 15.6 0.2 0.00 0.7 13.0 3:15p SSW
4 53.7 69.8 2:45p 40.2 4:45a 11.8 0.5 0.00 2.6 19.0 10:15a N
5 45.8 61.5 4:30p 32.2 7:30a 19.2 0.0 0.00 0.9 12.0 1:30p N
6 48.8 69.6 5:00p 31.6 7:30a 16.7 0.5 0.00 0.3 10.0 1:00p SSW
7 52.4 74.7 3:45p 34.4 7:45a 14.5 1.8 0.00 0.6 14.0 3:00p ESE
8 57.7 76.3 3:00p 41.5 4:45a 9.8 2.5 0.00 1.2 17.0 1:15p SSW
9 62.7 72.7 2:30p 52.9 11:15p 3.6 1.3 0.00 1.9 14.0 11:15a SW
10 53.4 67.8 4:00p 39.1 8:00a 11.9 0.3 0.00 2.1 14.0 10:00a N
11 50.0 65.2 3:45p 37.5 7:00a 15.0 0.0 0.00 1.1 13.0 4:00p N
12 50.6 67.3 4:00p 35.2 8:15a 14.5 0.1 0.00 1.1 13.0 3:30p NNE
13 52.9 58.6 3:00p 47.9 8:45a 12.1 0.0 0.55 0.3 7.0 5:30p NE
14 53.0 58.1 3:15p 50.8 3:15a 12.0 0.0 0.02 0.8 14.0 4:15p W
15 47.9 52.6 2:00a 44.9 11:30p 17.1 0.0 0.38 5.7 28.0 10:45a SSW
16 45.7 49.6 11:15a 43.5 2:00p 19.3 0.0 0.06 6.8 35.0 11:45a SSW
17 45.2 57.3 5:15p 37.2 11:30p 19.8 0.0 0.00 5.5 29.0 10:00a SW
18 40.2 47.3 7:45p 30.9 5:00a 24.8 0.0 1.59 1.3 14.0 1:15p NNE
19 51.9 57.6 5:00p 46.0 5:00a 13.1 0.0 0.04 1.1 7.0 3:30a NNE
20 57.1 61.8 2:15p 54.2 5:00a 7.9 0.0 0.18 2.1 12.0 9:00p N
21 54.5 60.5 11:45a 46.5 12:00m 10.5 0.0 0.00 2.3 13.0 11:00a N
22 50.8 63.7 3:30p 41.3 6:00a 14.2 0.0 0.01 1.0 12.0 9:45a ENE
23 54.2 64.7 2:15p 43.1 6:00a 10.8 0.0 0.31 1.4 17.0 10:30p SE
24 60.0 68.6 3:15p 45.2 12:00m 5.5 0.5 0.00 2.5 18.0 12:15a SSW
25 52.5 70.6 4:15p 39.2 7:15a 13.3 0.8 0.00 0.4 10.0 2:30p WNW
26 54.2 69.3 2:45p 38.6 7:45a 11.4 0.6 0.00 0.4 8.0 12:45p NE
27 56.6 61.6 5:00p 50.8 8:30a 8.4 0.0 0.18 0.9 10.0 8:15a E
28 55.5 69.4 3:15p 43.9 8:30a 10.1 0.6 0.00 0.3 8.0 3:00p NNE
29 64.1 73.3 4:15p 50.7 12:30a 3.5 2.6 0.04 3.2 24.0 3:45p SSW
30 69.7 76.8 4:30p 62.7 12:00m 0.0 4.7 0.27 8.4 37.0 4:30p SSW
31 55.0 63.5 12:30p 41.2 12:00m 10.0 0.0 0.00 4.3 26.0 11:45a SW
-------------------------------------------------------------------------------------
53.6 77.2 1 30.9 18 372.4 20.2 3.65 2.1 37.0 30 SSW
Max >= 90.0: 0
Max <= 32.0: 0
Min <= 32.0: 2
Min <= 0.0: 0
Max Rain: 1.59 ON 10/18/04
Days of Rain: 12 (>.01 in) 7 (>.1 in) 1 (>1 in)
Heat Base: 65.0 Cool Base: 65.0 Method: Integration
|