2024: Jan | Feb | Mar | Apr | May | Jun | Jul | Aug | Sep | Oct | Nov | Dec
2023: Jan | Feb | Mar | Apr | May | Jun | Jul | Aug | Sep | Oct | Nov | Dec
2022: Jan | Feb | Mar | Apr | May | Jun | Jul | Aug | Sep | Oct | Nov | Dec
2021: Jan | Feb | Mar | Apr | May | Jun | Jul | Aug | Sep | Oct | Nov | Dec
2020: Jan | Feb | Mar | Apr | May | Jun | Jul | Aug | Sep | Oct | Nov | Dec
2019: Jan | Feb | Mar | Apr | May | Jun | Jul | Aug | Sep | Oct | Nov | Dec
2018: Jan | Feb | Mar | Apr | May | Jun | Jul | Aug | Sep | Oct | Nov | Dec
2017: Jan | Feb | Mar | Apr | May | Jun | Jul | Aug | Sep | Oct | Nov | Dec
2016: Jan | Feb | Mar | Apr | May | Jun | Jul | Aug | Sep | Oct | Nov | Dec
2015: Jan | Feb | Mar | Apr | May | Jun | Jul | Aug | Sep | Oct | Nov | Dec
2014: Jan | Feb | Mar | Apr | May | Jun | Jul | Aug | Sep | Oct | Nov | Dec
2013: Jan | Feb | Mar | Apr | May | Jun | Jul | Aug | Sep | Oct | Nov | Dec
2012: Jan | Feb | Mar | Apr | May | Jun | Jul | Aug | Sep | Oct | Nov | Dec
2011: Jan | Feb | Mar | Apr | May | Jun | Jul | Aug | Sep | Oct | Nov | Dec
2010: Jan | Feb | Mar | Apr | May | Jun | Jul | Aug | Sep | Oct | Nov | Dec
2009: Jan | Feb | Mar | Apr | May | Jun | Jul | Aug | Sep | Oct | Nov | Dec
2008: Jan | Feb | Mar | Apr | May | Jun | Jul | Aug | Sep | Oct | Nov | Dec
2007: Jan | Feb | Mar | Apr | May | Jun | Jul | Aug | Sep | Oct | Nov | Dec
2006: Jan | Feb | Mar | Apr | May | Jun | Jul | Aug | Sep | Oct | Nov | Dec
2005: Jan | Feb | Mar | Apr | May | Jun | Jul | Aug | Sep | Oct | Nov | Dec
2004: Jan | Feb | Mar | Apr | May | Jun | Jul | Aug | Sep | Oct | Nov | Dec
2003: Jan | Feb | Mar | Apr | May | Jun | Jul | Aug | Sep | Oct | Nov | Dec
Report for 2004 11
MONTHLY CLIMATOLOGICAL SUMMARY for NOV. 2004
NAME: Station1 CITY: Lancaster STATE: Ohio
ELEV: 980 ft LAT: 39° 45' 13" N LONG: 82° 34' 06" W
TEMPERATURE (°F), RAIN (in), WIND SPEED (mph)
HEAT COOL AVG
MEAN DEG DEG WIND DOM
DAY TEMP HIGH TIME LOW TIME DAYS DAYS RAIN SPEED HIGH TIME DIR
------------------------------------------------------------------------------------
1 51.3 59.8 1:45p 38.9 4:30a 13.7 0.0 0.00 1.1 14.0 2:15p ESE
2 62.1 71.1 9:30a 50.1 12:00m 3.8 0.9 0.35 3.9 26.0 9:45a SSW
3 47.2 51.0 2:15p 44.1 7:30a 17.8 0.0 0.00 3.8 17.0 1:00a E
4 50.4 60.2 12:15p 44.3 12:00m 14.6 0.0 0.53 5.6 36.0 2:45p SW
5 43.8 51.4 3:30p 36.8 7:15a 21.2 0.0 0.00 3.7 21.0 1:15p W
6 51.7 63.7 3:15p 41.9 7:15a 13.3 0.0 0.00 6.6 26.0 12:45p SSW
7 55.7 66.4 2:45p 44.5 12:00m 9.4 0.1 0.00 4.2 20.0 2:30p SSW
8 37.9 46.2 3:00p 26.7 11:30p 27.1 0.0 0.00 2.3 17.0 11:45a NNW
9 35.2 47.3 4:00p 26.3 7:00a 29.8 0.0 0.00 0.6 10.0 9:45a WNW
10 44.2 61.5 3:00p 27.3 4:15a 20.8 0.0 0.00 1.0 14.0 4:30p SSW
11 45.8 58.0 11:00a 37.9 7:15a 19.2 0.0 0.34 3.0 17.0 10:15a SSW
12 40.7 48.0 3:30p 34.4 11:45p 24.3 0.0 0.39 6.9 22.0 12:30p N
13 36.2 46.8 3:15p 28.4 6:45a 28.8 0.0 0.00 3.3 19.0 11:00a NNE
14 36.9 52.0 4:00p 24.5 7:00a 28.1 0.0 0.00 0.7 8.0 3:00p NNE
15 38.3 53.5 1:30p 25.0 7:30a 26.8 0.0 0.00 0.0 6.0 10:45a E
16 44.1 51.4 3:15p 37.3 12:30a 20.9 0.0 0.15 0.6 10.0 12:45p SW
17 49.3 53.9 1:45p 43.3 12:15a 15.7 0.0 0.49 0.9 13.0 5:15p SW
18 56.9 60.5 3:15p 53.5 12:15a 8.1 0.0 0.04 1.6 12.0 12:30a WSW
19 57.1 59.2 1:45p 55.0 7:45a 7.9 0.0 0.50 0.7 10.0 1:30p SE
20 55.5 59.2 1:30p 52.5 9:15p 9.5 0.0 0.05 3.2 18.0 1:30p SW
21 49.6 53.9 12:15a 45.8 11:30p 15.4 0.0 0.00 1.1 10.0 1:15a NW
22 44.6 46.0 12:15a 43.5 12:15p 20.4 0.0 0.05 0.4 7.0 11:45a ESE
23 47.8 54.7 3:00p 42.2 2:45a 17.2 0.0 0.02 0.5 7.0 9:30a NE
24 54.1 59.2 4:30p 48.9 3:45a 10.9 0.0 0.42 2.8 28.0 10:00p SE
25 34.4 51.1 12:15a 24.7 12:00m 30.6 0.0 0.03 5.0 25.0 11:45a NW
26 33.6 44.3 12:00m 22.2 5:45a 31.4 0.0 0.00 2.3 18.0 12:15p S
27 46.4 53.8 1:00p 38.9 7:45a 18.6 0.0 0.12 4.8 37.0 8:45p SE
28 38.3 43.9 2:30a 30.6 11:30p 26.7 0.0 0.07 3.9 32.0 3:00a W
29 35.3 41.5 3:15p 26.1 2:00a 29.7 0.0 0.00 0.8 11.0 3:30p ESE
30 42.4 49.2 12:00m 37.5 2:15a 22.6 0.0 0.53 2.3 20.0 10:15p SE
-------------------------------------------------------------------------------------
45.6 71.1 2 22.2 26 584.3 1.0 4.08 2.6 37.0 27 SSW
Max >= 90.0: 0
Max <= 32.0: 0
Min <= 32.0: 10
Min <= 0.0: 0
Max Rain: 0.53 ON 11/04/04
Days of Rain: 16 (>.01 in) 10 (>.1 in) 0 (>1 in)
Heat Base: 65.0 Cool Base: 65.0 Method: Integration
|