Weather Information | Photos of Local Events | Personal Weather Stations Links | Lancaster Links | Site Map

NOAA Report Archive
(Reports Generated by WeatherLink)
2017: Jan | Feb | Mar | Apr | May | Jun | Jul | Aug | Sep | Oct | Nov | Dec 
2016: Jan | Feb | Mar | Apr | May | Jun | Jul | Aug | Sep | Oct | Nov | Dec 
2015: Jan | Feb | Mar | Apr | May | Jun | Jul | Aug | Sep | Oct | Nov | Dec 
2014: Jan | Feb | Mar | Apr | May | Jun | Jul | Aug | Sep | Oct | Nov | Dec 
2013: Jan | Feb | Mar | Apr | May | Jun | Jul | Aug | Sep | Oct | Nov | Dec 
2012: Jan | Feb | Mar | Apr | May | Jun | Jul | Aug | Sep | Oct | Nov | Dec 
2011: Jan | Feb | Mar | Apr | May | Jun | Jul | Aug | Sep | Oct | Nov | Dec 
2010: Jan | Feb | Mar | Apr | May | Jun | Jul | Aug | Sep | Oct | Nov | Dec 
2009: Jan | Feb | Mar | Apr | May | Jun | Jul | Aug | Sep | Oct | Nov | Dec 
2008: Jan | Feb | Mar | Apr | May | Jun | Jul | Aug | Sep | Oct | Nov | Dec 
2007: Jan | Feb | Mar | Apr | May | Jun | Jul | Aug | Sep | Oct | Nov | Dec 
2006: Jan | Feb | Mar | Apr | May | Jun | Jul | Aug | Sep | Oct | Nov | Dec 
2005: Jan | Feb | Mar | Apr | May | Jun | Jul | Aug | Sep | Oct | Nov | Dec 
2004: Jan | Feb | Mar | Apr | May | Jun | Jul | Aug | Sep | Oct | Nov | Dec 
2003: Jan | Feb | Mar | Apr | May | Jun | Jul | Aug | Sep | Oct | Nov | Dec 

Report for 2004 12
MONTHLY CLIMATOLOGICAL SUMMARY for DEC. 2004 NAME: Station1 CITY: Lancaster STATE: Ohio ELEV: 980 ft LAT: 39 45' 13" N LONG: 82 34' 06" W TEMPERATURE (F), RAIN (in), WIND SPEED (mph) HEAT COOL AVG MEAN DEG DEG WIND DOM DAY TEMP HIGH TIME LOW TIME DAYS DAYS RAIN SPEED HIGH TIME DIR ------------------------------------------------------------------------------------ 1 40.9 52.8 2:15a 34.6 12:00m 24.1 0.0 0.23 8.7 46.0 6:30a SW 2 37.7 45.8 2:30p 31.5 4:15a 27.3 0.0 0.00 2.1 19.0 10:15p SW 3 33.7 39.5 3:30p 23.5 12:00m 31.3 0.0 0.00 2.3 18.0 5:30a W 4 36.9 48.8 4:15p 21.3 4:15a 28.1 0.0 0.00 5.3 30.0 2:30p SSW 5 43.9 52.9 2:30p 33.2 8:00a 21.1 0.0 0.00 1.4 17.0 12:15a SW 6 48.3 53.6 4:15p 42.6 5:00a 16.7 0.0 0.05 1.4 16.0 9:30a SE 7 56.7 68.3 2:00p 48.0 12:00m 8.5 0.2 0.27 8.7 42.0 2:15p SE 8 41.9 48.0 12:15a 34.3 9:30p 23.1 0.0 0.00 2.2 32.0 12:30a W 9 41.4 45.7 12:00m 33.8 1:45a 23.6 0.0 0.60 0.8 12.0 12:15p ENE 10 47.1 51.4 12:45p 39.6 12:00m 17.9 0.0 0.02 1.8 16.0 7:00p WSW 11 35.6 39.8 2:15a 33.5 10:15a 29.4 0.0 0.06 3.5 19.0 2:30p WNW 12 37.7 44.1 7:15p 33.2 4:30a 27.3 0.0 0.00 7.8 39.0 9:30p SSW 13 30.9 39.6 12:15a 26.4 11:45p 34.1 0.0 0.04 8.2 35.0 2:15a W 14 23.7 27.8 12:15p 15.2 10:45p 41.3 0.0 0.01 3.2 22.0 6:00a NNW 15 26.2 33.7 2:45p 18.3 12:15a 38.8 0.0 0.00 2.7 20.0 11:45a SSW 16 31.0 40.3 8:15p 19.2 5:45a 34.0 0.0 0.00 4.8 27.0 11:45a SSW 17 30.1 37.5 12:15a 20.8 12:00m 34.9 0.0 0.00 1.0 13.0 12:30a N 18 33.6 43.3 1:45p 19.9 2:15a 31.4 0.0 0.00 3.5 24.0 9:30p SSW 19 17.4 39.2 12:15a 0.9 12:00m 47.6 0.0 0.03 7.1 28.0 7:15a NNW 20 8.3 18.4 3:15p -5.9 5:30a 56.7 0.0 0.00 2.9 21.0 7:30p SE 21 35.0 46.8 3:00p 15.1 12:15a 30.0 0.0 0.00 4.8 33.0 11:45a SSW 22 34.8 44.5 3:00a 30.6 6:45p 30.2 0.0 0.69 0.9 12.0 4:45a NNW 23 24.1 32.1 6:15a 14.3 12:00m 40.9 0.0 0.96 0.0 0.0 --- --- 24 10.8 16.1 12:45p 1.8 12:00m 54.2 0.0 0.05 0.0 0.0 --- --- 25 14.2 26.4 10:00p 0.0 5:30a 50.8 0.0 0.04 0.0 0.0 --- --- 26 22.6 28.8 10:00a 12.4 12:00m 34.9 0.0 0.06 0.0 10.0 12:00p W 27 14.9 25.3 2:45p 7.0 5:00a 50.1 0.0 0.00 0.0 0.0 --- --- 28 27.4 39.3 12:00m 14.4 12:15a 37.6 0.0 0.00 3.0 22.0 5:30p SSW 29 41.7 45.2 11:15a 38.5 10:45p 23.3 0.0 0.00 5.2 26.0 1:15a SSW 30 45.6 53.9 11:45p 38.6 2:15a 19.4 0.0 0.00 1.2 20.0 11:30p S 31 53.8 55.1 1:15a 51.4 8:00a 11.2 0.0 0.02 7.1 27.0 1:30p SSW ------------------------------------------------------------------------------------- 33.2 68.3 7 -5.9 20 979.8 0.2 3.13 3.3 46.0 1 SSW Max >= 90.0: 0 Max <= 32.0: 6 Min <= 32.0: 19 Min <= 0.0: 2 Max Rain: 0.96 ON 12/23/04 Days of Rain: 14 (>.01 in) 5 (>.1 in) 0 (>1 in) Heat Base: 65.0 Cool Base: 65.0 Method: Integration
 
USA Weather Finder