2024: Jan | Feb | Mar | Apr | May | Jun | Jul | Aug | Sep | Oct | Nov | Dec
2023: Jan | Feb | Mar | Apr | May | Jun | Jul | Aug | Sep | Oct | Nov | Dec
2022: Jan | Feb | Mar | Apr | May | Jun | Jul | Aug | Sep | Oct | Nov | Dec
2021: Jan | Feb | Mar | Apr | May | Jun | Jul | Aug | Sep | Oct | Nov | Dec
2020: Jan | Feb | Mar | Apr | May | Jun | Jul | Aug | Sep | Oct | Nov | Dec
2019: Jan | Feb | Mar | Apr | May | Jun | Jul | Aug | Sep | Oct | Nov | Dec
2018: Jan | Feb | Mar | Apr | May | Jun | Jul | Aug | Sep | Oct | Nov | Dec
2017: Jan | Feb | Mar | Apr | May | Jun | Jul | Aug | Sep | Oct | Nov | Dec
2016: Jan | Feb | Mar | Apr | May | Jun | Jul | Aug | Sep | Oct | Nov | Dec
2015: Jan | Feb | Mar | Apr | May | Jun | Jul | Aug | Sep | Oct | Nov | Dec
2014: Jan | Feb | Mar | Apr | May | Jun | Jul | Aug | Sep | Oct | Nov | Dec
2013: Jan | Feb | Mar | Apr | May | Jun | Jul | Aug | Sep | Oct | Nov | Dec
2012: Jan | Feb | Mar | Apr | May | Jun | Jul | Aug | Sep | Oct | Nov | Dec
2011: Jan | Feb | Mar | Apr | May | Jun | Jul | Aug | Sep | Oct | Nov | Dec
2010: Jan | Feb | Mar | Apr | May | Jun | Jul | Aug | Sep | Oct | Nov | Dec
2009: Jan | Feb | Mar | Apr | May | Jun | Jul | Aug | Sep | Oct | Nov | Dec
2008: Jan | Feb | Mar | Apr | May | Jun | Jul | Aug | Sep | Oct | Nov | Dec
2007: Jan | Feb | Mar | Apr | May | Jun | Jul | Aug | Sep | Oct | Nov | Dec
2006: Jan | Feb | Mar | Apr | May | Jun | Jul | Aug | Sep | Oct | Nov | Dec
2005: Jan | Feb | Mar | Apr | May | Jun | Jul | Aug | Sep | Oct | Nov | Dec
2004: Jan | Feb | Mar | Apr | May | Jun | Jul | Aug | Sep | Oct | Nov | Dec
2003: Jan | Feb | Mar | Apr | May | Jun | Jul | Aug | Sep | Oct | Nov | Dec
Report for 2005 01
MONTHLY CLIMATOLOGICAL SUMMARY for JAN. 2005
NAME: Station1 CITY: Lancaster STATE: Ohio
ELEV: 980 ft LAT: 39° 45' 13" N LONG: 82° 34' 06" W
TEMPERATURE (°F), RAIN (in), WIND SPEED (mph)
HEAT COOL AVG
MEAN DEG DEG WIND DOM
DAY TEMP HIGH TIME LOW TIME DAYS DAYS RAIN SPEED HIGH TIME DIR
------------------------------------------------------------------------------------
1 52.5 55.0 12:45p 47.6 9:00p 12.5 0.0 0.05 0.9 16.0 1:00a SW
2 53.9 57.6 1:15p 49.8 8:00a 11.1 0.0 0.01 3.5 21.0 1:30p SSW
3 56.9 57.8 12:45p 56.0 9:30a 8.1 0.0 1.11 7.1 30.0 7:00p SSW
4 44.4 57.2 12:15a 41.2 7:30a 20.4 0.0 0.29 2.7 21.0 1:15a NNE
5 37.2 41.6 12:15a 34.9 11:45a 27.8 0.0 2.02 4.1 17.0 8:45a NE
6 36.3 43.5 9:15a 30.4 11:45p 28.7 0.0 0.67 4.8 31.0 9:15a WNW
7 33.9 38.3 3:15p 29.5 2:45a 31.1 0.0 0.05 1.2 12.0 12:15a WNW
8 37.1 40.1 4:45a 34.1 8:45a 27.9 0.0 0.14 2.4 20.0 6:45a WNW
9 41.3 49.4 4:00p 37.2 5:15a 23.7 0.0 0.00 1.7 27.0 12:00m S
10 40.2 48.3 12:15a 36.5 11:30p 24.8 0.0 0.00 2.7 25.0 12:45a WSW
11 44.3 57.3 12:00m 36.6 12:15a 20.7 0.0 1.52 1.5 22.0 3:00p ESE
12 60.9 65.3 3:30p 56.7 3:15a 4.0 0.0 0.00 5.5 27.0 1:45p SSW
13 57.7 70.8 1:45p 35.5 11:45p 7.9 0.6 0.74 9.0 43.0 12:45p S
14 30.7 36.0 3:00a 23.2 11:15p 34.3 0.0 0.00 4.4 20.0 12:15a NNW
15 26.0 32.5 3:15p 21.4 4:45a 39.0 0.0 0.00 1.4 11.0 9:00p N
16 19.6 25.7 12:30a 10.4 12:00m 45.4 0.0 0.08 6.1 21.0 3:00p N
17 9.8 14.9 1:30p 6.1 10:00a 55.2 0.0 0.00 2.8 19.0 3:30p W
18 9.9 19.5 4:30p -1.0 7:45a 55.1 0.0 0.00 1.3 20.0 11:45p SE
19 26.1 32.1 6:15p 15.2 12:15a 38.9 0.0 0.15 6.6 28.0 1:30p SSW
20 25.8 29.7 11:15a 20.8 12:00m 39.2 0.0 0.10 1.3 12.0 1:00a NNE
21 16.5 22.1 4:00p 11.2 8:00a 48.5 0.0 0.01 3.1 14.0 10:15a NNE
22 20.4 32.2 9:30a 11.6 9:45p 44.6 0.0 0.26 6.1 28.0 8:15p NNW
23 7.4 13.3 3:30p -3.9 12:00m 57.6 0.0 0.00 5.0 28.0 1:00a NNW
24 13.9 27.2 11:45p -7.5 3:15a 51.1 0.0 0.01 2.5 28.0 12:45p S
25 33.9 42.9 4:45p 24.4 5:30a 31.1 0.0 0.00 2.3 21.0 3:00p S
26 34.3 44.8 1:45a 16.9 12:00m 30.7 0.0 0.00 7.0 29.0 2:30a N
27 15.1 23.5 4:15p 7.9 8:00a 49.9 0.0 0.00 3.0 14.0 12:15a N
28 19.6 32.5 3:15p 7.6 5:30a 43.9 0.0 0.00 2.1 12.0 10:30a ENE
29 30.3 35.9 12:30p 25.1 12:15a 34.7 0.0 0.06 1.2 11.0 11:15a ESE
30 31.3 37.8 3:45p 19.5 12:00m 33.7 0.0 0.10 1.1 8.0 2:15p N
31 24.3 35.8 4:00p 12.8 7:00a 40.7 0.0 0.00 0.6 7.0 2:30p N
-------------------------------------------------------------------------------------
32.0 70.8 13 -7.5 24 1022.3 0.6 7.37 3.4 43.0 13 N
Max >= 90.0: 0
Max <= 32.0: 8
Min <= 32.0: 20
Min <= 0.0: 3
Max Rain: 2.02 ON 01/05/05
Days of Rain: 15 (>.01 in) 9 (>.1 in) 3 (>1 in)
Heat Base: 65.0 Cool Base: 65.0 Method: Integration
|