Weather Information | Photos of Local Events | Personal Weather Stations Links | Lancaster Links | Site Map

NOAA Report Archive
(Reports Generated by WeatherLink)
2017: Jan | Feb | Mar | Apr | May | Jun | Jul | Aug | Sep | Oct | Nov | Dec 
2016: Jan | Feb | Mar | Apr | May | Jun | Jul | Aug | Sep | Oct | Nov | Dec 
2015: Jan | Feb | Mar | Apr | May | Jun | Jul | Aug | Sep | Oct | Nov | Dec 
2014: Jan | Feb | Mar | Apr | May | Jun | Jul | Aug | Sep | Oct | Nov | Dec 
2013: Jan | Feb | Mar | Apr | May | Jun | Jul | Aug | Sep | Oct | Nov | Dec 
2012: Jan | Feb | Mar | Apr | May | Jun | Jul | Aug | Sep | Oct | Nov | Dec 
2011: Jan | Feb | Mar | Apr | May | Jun | Jul | Aug | Sep | Oct | Nov | Dec 
2010: Jan | Feb | Mar | Apr | May | Jun | Jul | Aug | Sep | Oct | Nov | Dec 
2009: Jan | Feb | Mar | Apr | May | Jun | Jul | Aug | Sep | Oct | Nov | Dec 
2008: Jan | Feb | Mar | Apr | May | Jun | Jul | Aug | Sep | Oct | Nov | Dec 
2007: Jan | Feb | Mar | Apr | May | Jun | Jul | Aug | Sep | Oct | Nov | Dec 
2006: Jan | Feb | Mar | Apr | May | Jun | Jul | Aug | Sep | Oct | Nov | Dec 
2005: Jan | Feb | Mar | Apr | May | Jun | Jul | Aug | Sep | Oct | Nov | Dec 
2004: Jan | Feb | Mar | Apr | May | Jun | Jul | Aug | Sep | Oct | Nov | Dec 
2003: Jan | Feb | Mar | Apr | May | Jun | Jul | Aug | Sep | Oct | Nov | Dec 

Report for 2005 02
MONTHLY CLIMATOLOGICAL SUMMARY for FEB. 2005 NAME: Station1 CITY: Lancaster STATE: Ohio ELEV: 980 ft LAT: 39 45' 13" N LONG: 82 34' 06" W TEMPERATURE (F), RAIN (in), WIND SPEED (mph) HEAT COOL AVG MEAN DEG DEG WIND DOM DAY TEMP HIGH TIME LOW TIME DAYS DAYS RAIN SPEED HIGH TIME DIR ------------------------------------------------------------------------------------ 1 27.3 39.5 3:30p 15.9 7:30a 37.7 0.0 0.00 1.1 8.0 2:45p N 2 28.3 37.0 1:30p 16.1 6:45a 36.7 0.0 0.03 1.4 10.0 8:30p NNE 3 33.1 37.8 12:15p 22.4 12:00m 31.9 0.0 0.03 0.9 13.0 1:15p NW 4 28.0 43.3 3:15p 16.7 6:30a 37.0 0.0 0.00 0.2 10.0 4:00p NW 5 33.7 49.4 2:45p 20.5 8:00a 31.3 0.0 0.00 0.3 8.0 2:00p NNE 6 40.7 58.6 2:15p 25.3 4:15a 24.3 0.0 0.01 0.5 11.0 11:00a SW 7 47.0 56.2 1:30p 39.2 4:30a 18.0 0.0 0.04 1.2 20.0 2:15p SW 8 47.1 49.8 2:00p 44.1 1:30a 17.9 0.0 0.20 1.7 14.0 6:30a SSW 9 39.8 46.1 2:45a 31.5 11:15p 25.2 0.0 0.11 2.1 17.0 6:45p NNW 10 26.7 31.6 12:15a 21.3 12:00m 38.3 0.0 0.07 4.0 25.0 6:30p NW 11 25.2 31.0 11:15p 20.0 6:30a 39.8 0.0 0.00 3.6 21.0 11:30a SW 12 37.0 48.3 4:00p 29.8 4:45a 28.0 0.0 0.00 4.1 21.0 9:15a W 13 37.9 43.5 12:00m 31.2 6:00a 27.1 0.0 0.01 3.2 17.0 11:00p ESE 14 46.0 48.9 3:30p 42.9 11:00p 19.0 0.0 0.38 7.9 33.0 1:00p S 15 50.6 65.3 2:15p 36.5 2:45a 14.4 0.0 0.00 3.3 29.0 3:45p SSW 16 38.8 53.1 2:45a 31.0 12:00m 26.2 0.0 0.18 4.3 27.0 5:15a WNW 17 27.9 32.9 1:30a 21.0 12:00m 37.1 0.0 0.00 6.0 36.0 1:00p W 18 21.5 27.2 5:00p 16.4 11:30p 43.5 0.0 0.01 1.6 17.0 12:00p NNW 19 26.7 38.8 5:15p 12.4 6:30a 38.3 0.0 0.00 2.4 22.0 4:15p SW 20 36.8 48.3 12:00m 31.5 8:00a 28.2 0.0 0.12 3.6 32.0 12:00m SE 21 43.3 50.5 8:45a 33.8 12:00m 21.7 0.0 0.01 5.5 27.0 1:30a N 22 37.5 43.2 1:15p 33.5 1:00a 27.5 0.0 0.01 2.8 24.0 6:45p WNW 23 33.1 38.6 1:15p 28.8 8:00a 31.9 0.0 0.00 2.4 14.0 12:45a N 24 26.8 30.3 12:15a 20.0 12:00m 38.2 0.0 0.14 4.1 14.0 5:00a N 25 26.0 37.2 3:00p 9.9 6:30a 39.0 0.0 0.00 1.2 13.0 3:45p SSW 26 34.7 40.9 3:30p 25.4 12:00m 30.3 0.0 0.00 2.7 14.0 4:30p N 27 31.4 44.3 2:45p 19.1 6:15a 33.6 0.0 0.00 2.8 14.0 8:45a ENE 28 36.5 40.5 12:15p 29.5 12:00m 28.5 0.0 0.30 2.8 27.0 10:45p SE ------------------------------------------------------------------------------------- 34.6 65.3 15 9.9 25 850.6 0.0 1.65 2.8 36.0 17 N Max >= 90.0: 0 Max <= 32.0: 4 Min <= 32.0: 22 Min <= 0.0: 0 Max Rain: 0.38 ON 02/14/05 Days of Rain: 11 (>.01 in) 7 (>.1 in) 0 (>1 in) Heat Base: 65.0 Cool Base: 65.0 Method: Integration
 
USA Weather Finder