2024: Jan | Feb | Mar | Apr | May | Jun | Jul | Aug | Sep | Oct | Nov | Dec
2023: Jan | Feb | Mar | Apr | May | Jun | Jul | Aug | Sep | Oct | Nov | Dec
2022: Jan | Feb | Mar | Apr | May | Jun | Jul | Aug | Sep | Oct | Nov | Dec
2021: Jan | Feb | Mar | Apr | May | Jun | Jul | Aug | Sep | Oct | Nov | Dec
2020: Jan | Feb | Mar | Apr | May | Jun | Jul | Aug | Sep | Oct | Nov | Dec
2019: Jan | Feb | Mar | Apr | May | Jun | Jul | Aug | Sep | Oct | Nov | Dec
2018: Jan | Feb | Mar | Apr | May | Jun | Jul | Aug | Sep | Oct | Nov | Dec
2017: Jan | Feb | Mar | Apr | May | Jun | Jul | Aug | Sep | Oct | Nov | Dec
2016: Jan | Feb | Mar | Apr | May | Jun | Jul | Aug | Sep | Oct | Nov | Dec
2015: Jan | Feb | Mar | Apr | May | Jun | Jul | Aug | Sep | Oct | Nov | Dec
2014: Jan | Feb | Mar | Apr | May | Jun | Jul | Aug | Sep | Oct | Nov | Dec
2013: Jan | Feb | Mar | Apr | May | Jun | Jul | Aug | Sep | Oct | Nov | Dec
2012: Jan | Feb | Mar | Apr | May | Jun | Jul | Aug | Sep | Oct | Nov | Dec
2011: Jan | Feb | Mar | Apr | May | Jun | Jul | Aug | Sep | Oct | Nov | Dec
2010: Jan | Feb | Mar | Apr | May | Jun | Jul | Aug | Sep | Oct | Nov | Dec
2009: Jan | Feb | Mar | Apr | May | Jun | Jul | Aug | Sep | Oct | Nov | Dec
2008: Jan | Feb | Mar | Apr | May | Jun | Jul | Aug | Sep | Oct | Nov | Dec
2007: Jan | Feb | Mar | Apr | May | Jun | Jul | Aug | Sep | Oct | Nov | Dec
2006: Jan | Feb | Mar | Apr | May | Jun | Jul | Aug | Sep | Oct | Nov | Dec
2005: Jan | Feb | Mar | Apr | May | Jun | Jul | Aug | Sep | Oct | Nov | Dec
2004: Jan | Feb | Mar | Apr | May | Jun | Jul | Aug | Sep | Oct | Nov | Dec
2003: Jan | Feb | Mar | Apr | May | Jun | Jul | Aug | Sep | Oct | Nov | Dec
Report for 2005 03
MONTHLY CLIMATOLOGICAL SUMMARY for MAR. 2005
NAME: Station1 CITY: Lancaster STATE: Ohio
ELEV: 980 ft LAT: 39° 45' 13" N LONG: 82° 34' 06" W
TEMPERATURE (°F), RAIN (in), WIND SPEED (mph)
HEAT COOL AVG
MEAN DEG DEG WIND DOM
DAY TEMP HIGH TIME LOW TIME DAYS DAYS RAIN SPEED HIGH TIME DIR
------------------------------------------------------------------------------------
1 25.9 29.4 12:15a 22.2 12:00m 39.1 0.0 0.08 9.9 31.0 11:45a SW
2 22.6 27.9 2:45p 19.2 7:15a 42.4 0.0 0.03 5.2 28.0 4:00p W
3 24.1 32.4 4:00p 17.0 12:00m 40.9 0.0 0.00 2.1 14.0 3:00p W
4 26.4 35.9 9:15p 13.1 6:15a 38.6 0.0 0.01 0.4 10.0 12:15p SE
5 35.6 44.6 3:45p 29.4 12:00m 29.4 0.0 0.13 2.1 17.0 4:45p N
6 43.2 56.5 4:15p 29.0 12:15a 21.8 0.0 0.00 8.6 33.0 2:45p SW
7 49.9 61.5 2:00p 34.6 12:00m 15.1 0.0 0.57 8.9 34.0 1:15p SW
8 24.6 34.6 12:15a 19.5 8:30a 40.4 0.0 0.00 7.6 25.0 7:30a NNW
9 24.1 31.9 3:15p 15.1 7:15a 40.9 0.0 0.00 2.8 21.0 12:15a NW
10 26.2 34.6 12:00m 15.4 7:00a 38.8 0.0 0.00 3.3 27.0 6:45p SSW
11 33.0 36.3 4:15a 28.2 9:00p 32.0 0.0 0.04 5.9 29.0 12:30a SW
12 32.1 37.0 10:15a 28.8 3:45a 32.9 0.0 0.07 5.8 30.0 12:00p W
13 28.2 32.9 2:15p 22.7 7:00a 36.8 0.0 0.00 3.9 17.0 12:00p N
14 29.0 40.8 4:45p 14.4 6:45a 36.0 0.0 0.00 1.1 16.0 2:00p N
15 34.3 47.3 3:45p 19.4 7:00a 30.7 0.0 0.00 2.0 18.0 10:30p WNW
16 33.3 43.6 3:30p 23.0 5:45a 31.7 0.0 0.00 2.1 17.0 1:15p NNE
17 39.8 52.0 4:00p 26.9 6:45a 25.2 0.0 0.00 1.3 19.0 2:30p W
18 42.1 59.0 4:15p 25.4 6:15a 22.9 0.0 0.00 1.8 19.0 11:15a SW
19 42.2 53.9 12:00p 32.1 1:30a 22.8 0.0 0.43 3.1 30.0 11:45a SSW
20 37.8 43.1 1:15a 35.5 5:00a 27.2 0.0 0.01 2.7 19.0 1:15a W
21 35.2 40.2 5:00p 29.3 11:45p 29.8 0.0 0.00 1.9 12.0 3:30a NNE
22 38.9 48.8 3:15p 27.0 3:30a 26.1 0.0 0.16 3.7 19.0 11:30p ENE
23 39.0 44.3 2:30p 31.6 12:00m 26.0 0.0 0.16 3.9 18.0 12:45a ENE
24 33.7 37.9 4:15p 30.9 4:15a 31.3 0.0 0.00 1.9 17.0 1:30a NW
25 39.1 46.2 3:00p 34.6 12:15a 25.9 0.0 0.23 2.4 14.0 2:15p ENE
26 43.9 52.6 2:45p 38.2 2:15a 21.1 0.0 0.01 1.5 12.0 8:00a NE
27 43.2 48.8 1:00p 35.0 6:15a 21.8 0.0 0.04 3.4 14.0 10:45a ENE
28 45.9 47.6 5:15p 43.9 12:00m 19.1 0.0 1.08 6.2 25.0 7:45p N
29 48.9 63.5 5:00p 40.6 6:30a 16.1 0.0 0.00 1.9 15.0 2:00a N
30 58.1 75.1 4:00p 40.6 5:00a 9.2 2.3 0.00 2.1 22.0 3:00p SE
31 59.3 68.4 1:15p 42.5 11:45p 6.2 0.5 0.05 6.0 37.0 12:15p SW
-------------------------------------------------------------------------------------
36.8 75.1 30 13.1 4 878.2 2.8 3.10 3.7 37.0 31 SW
Max >= 90.0: 0
Max <= 32.0: 3
Min <= 32.0: 21
Min <= 0.0: 0
Max Rain: 1.08 ON 03/28/05
Days of Rain: 13 (>.01 in) 7 (>.1 in) 1 (>1 in)
Heat Base: 65.0 Cool Base: 65.0 Method: Integration
|