Weather Information | Photos of Local Events | Personal Weather Stations Links | Lancaster Links | Site Map

NOAA Report Archive
(Reports Generated by WeatherLink)
2017: Jan | Feb | Mar | Apr | May | Jun | Jul | Aug | Sep | Oct | Nov | Dec 
2016: Jan | Feb | Mar | Apr | May | Jun | Jul | Aug | Sep | Oct | Nov | Dec 
2015: Jan | Feb | Mar | Apr | May | Jun | Jul | Aug | Sep | Oct | Nov | Dec 
2014: Jan | Feb | Mar | Apr | May | Jun | Jul | Aug | Sep | Oct | Nov | Dec 
2013: Jan | Feb | Mar | Apr | May | Jun | Jul | Aug | Sep | Oct | Nov | Dec 
2012: Jan | Feb | Mar | Apr | May | Jun | Jul | Aug | Sep | Oct | Nov | Dec 
2011: Jan | Feb | Mar | Apr | May | Jun | Jul | Aug | Sep | Oct | Nov | Dec 
2010: Jan | Feb | Mar | Apr | May | Jun | Jul | Aug | Sep | Oct | Nov | Dec 
2009: Jan | Feb | Mar | Apr | May | Jun | Jul | Aug | Sep | Oct | Nov | Dec 
2008: Jan | Feb | Mar | Apr | May | Jun | Jul | Aug | Sep | Oct | Nov | Dec 
2007: Jan | Feb | Mar | Apr | May | Jun | Jul | Aug | Sep | Oct | Nov | Dec 
2006: Jan | Feb | Mar | Apr | May | Jun | Jul | Aug | Sep | Oct | Nov | Dec 
2005: Jan | Feb | Mar | Apr | May | Jun | Jul | Aug | Sep | Oct | Nov | Dec 
2004: Jan | Feb | Mar | Apr | May | Jun | Jul | Aug | Sep | Oct | Nov | Dec 
2003: Jan | Feb | Mar | Apr | May | Jun | Jul | Aug | Sep | Oct | Nov | Dec 

Report for 2005 04
MONTHLY CLIMATOLOGICAL SUMMARY for APR. 2005 NAME: Station1 CITY: Lancaster STATE: Ohio ELEV: 980 ft LAT: 39 45' 13" N LONG: 82 34' 06" W TEMPERATURE (F), RAIN (in), WIND SPEED (mph) HEAT COOL AVG MEAN DEG DEG WIND DOM DAY TEMP HIGH TIME LOW TIME DAYS DAYS RAIN SPEED HIGH TIME DIR ------------------------------------------------------------------------------------ 1 46.3 53.9 2:00p 38.8 2:00a 18.7 0.0 0.40 3.7 21.0 5:30p ENE 2 38.0 44.8 12:15a 33.5 12:45p 27.0 0.0 0.64 8.2 29.0 7:15p N 3 46.4 56.5 6:00p 36.2 8:00a 17.8 0.0 0.00 8.2 30.0 1:30p WNW 4 51.1 66.4 6:00p 33.7 7:30a 14.0 0.0 0.00 1.3 14.0 5:15p WNW 5 60.5 79.2 4:30p 41.8 2:00a 8.4 4.0 0.00 2.6 24.0 1:45p SW 6 63.1 79.8 5:15p 42.9 7:15a 6.8 5.0 0.00 1.9 21.0 11:30a SW 7 58.4 66.8 5:00p 50.2 11:30p 6.7 0.1 0.08 2.0 19.0 11:15p NNE 8 53.7 65.6 4:45p 42.2 7:15a 11.3 0.0 0.00 6.3 21.0 4:45a NNE 9 56.8 74.4 5:30p 39.8 7:15a 10.1 1.9 0.00 1.5 12.0 2:00p NE 10 61.0 78.3 5:15p 40.5 6:45a 7.9 3.9 0.00 0.7 12.0 2:00p NE 11 62.0 76.1 5:00p 46.0 7:30a 6.0 2.9 0.00 2.0 17.0 5:30p NE 12 53.7 59.8 5:30p 47.9 7:00a 11.3 0.0 0.03 2.8 21.0 9:00a ENE 13 52.3 65.6 4:00p 44.3 7:15a 12.7 0.0 0.13 6.9 26.0 6:00p ENE 14 52.1 66.8 4:30p 38.0 6:15a 13.1 0.2 0.00 6.2 20.0 3:30p NNE 15 53.6 68.4 4:45p 36.0 7:15a 11.9 0.4 0.00 2.7 17.0 1:30p ENE 16 55.5 70.4 5:00p 39.2 7:00a 10.3 0.8 0.00 1.6 12.0 10:15a ESE 17 56.6 76.1 3:30p 32.7 6:45a 11.2 2.9 0.00 1.1 16.0 5:30p WSW 18 63.6 80.3 4:00p 47.9 5:00a 6.0 4.6 0.06 1.7 20.0 5:15p WSW 19 66.1 81.2 4:00p 50.2 4:45a 4.5 5.5 0.01 1.8 22.0 3:00p WSW 20 67.1 79.6 4:00p 55.4 4:30a 2.9 5.0 0.09 4.9 32.0 5:30p SW 21 50.8 59.0 12:15a 45.4 7:45a 14.2 0.0 0.00 3.2 17.0 7:15a NNE 22 54.0 65.5 6:15p 44.1 2:15a 11.0 0.0 0.48 1.6 24.0 11:45p ENE 23 40.5 52.0 12:15a 32.9 12:15p 24.5 0.0 1.11 4.1 27.0 3:45p NW 24 32.2 37.5 12:00m 30.2 5:45a 32.8 0.0 0.40 4.6 22.0 8:00p WNW 25 47.4 59.2 6:00p 36.9 7:30a 17.6 0.0 0.04 6.4 34.0 2:00p SW 26 50.4 62.4 2:00p 41.8 12:00m 14.6 0.0 0.21 3.4 29.0 3:00p SSW 27 45.5 52.5 2:00p 39.1 6:45a 19.5 0.0 0.00 4.7 25.0 1:15p SW 28 49.2 57.0 2:15p 39.8 7:00a 15.8 0.0 0.00 4.2 25.0 8:30p SW 29 48.8 53.7 3:45p 44.2 6:45a 16.2 0.0 0.01 0.1 6.0 12:15a E 30 47.8 51.6 5:45p 42.2 12:00m 17.2 0.0 0.13 2.9 16.0 4:00p N ------------------------------------------------------------------------------------- 52.8 81.2 19 30.2 24 402.0 37.2 3.82 3.4 34.0 25 NNE Max >= 90.0: 0 Max <= 32.0: 0 Min <= 32.0: 1 Min <= 0.0: 0 Max Rain: 1.11 ON 04/23/05 Days of Rain: 13 (>.01 in) 8 (>.1 in) 1 (>1 in) Heat Base: 65.0 Cool Base: 65.0 Method: Integration
 
USA Weather Finder