Weather Information | Photos of Local Events | Personal Weather Stations Links | Lancaster Links | Site Map

NOAA Report Archive
(Reports Generated by WeatherLink)
2017: Jan | Feb | Mar | Apr | May | Jun | Jul | Aug | Sep | Oct | Nov | Dec 
2016: Jan | Feb | Mar | Apr | May | Jun | Jul | Aug | Sep | Oct | Nov | Dec 
2015: Jan | Feb | Mar | Apr | May | Jun | Jul | Aug | Sep | Oct | Nov | Dec 
2014: Jan | Feb | Mar | Apr | May | Jun | Jul | Aug | Sep | Oct | Nov | Dec 
2013: Jan | Feb | Mar | Apr | May | Jun | Jul | Aug | Sep | Oct | Nov | Dec 
2012: Jan | Feb | Mar | Apr | May | Jun | Jul | Aug | Sep | Oct | Nov | Dec 
2011: Jan | Feb | Mar | Apr | May | Jun | Jul | Aug | Sep | Oct | Nov | Dec 
2010: Jan | Feb | Mar | Apr | May | Jun | Jul | Aug | Sep | Oct | Nov | Dec 
2009: Jan | Feb | Mar | Apr | May | Jun | Jul | Aug | Sep | Oct | Nov | Dec 
2008: Jan | Feb | Mar | Apr | May | Jun | Jul | Aug | Sep | Oct | Nov | Dec 
2007: Jan | Feb | Mar | Apr | May | Jun | Jul | Aug | Sep | Oct | Nov | Dec 
2006: Jan | Feb | Mar | Apr | May | Jun | Jul | Aug | Sep | Oct | Nov | Dec 
2005: Jan | Feb | Mar | Apr | May | Jun | Jul | Aug | Sep | Oct | Nov | Dec 
2004: Jan | Feb | Mar | Apr | May | Jun | Jul | Aug | Sep | Oct | Nov | Dec 
2003: Jan | Feb | Mar | Apr | May | Jun | Jul | Aug | Sep | Oct | Nov | Dec 

Report for 2005 05
MONTHLY CLIMATOLOGICAL SUMMARY for MAY. 2005 NAME: Station1 CITY: Lancaster STATE: Ohio ELEV: 980 ft LAT: 39 45' 13" N LONG: 82 34' 06" W TEMPERATURE (F), RAIN (in), WIND SPEED (mph) HEAT COOL AVG MEAN DEG DEG WIND DOM DAY TEMP HIGH TIME LOW TIME DAYS DAYS RAIN SPEED HIGH TIME DIR ------------------------------------------------------------------------------------ 1 46.7 56.0 2:45p 33.7 6:15a 18.3 0.0 0.00 3.7 26.0 6:15p W 2 43.5 47.2 2:30p 36.3 12:00m 21.5 0.0 0.01 3.3 25.0 10:15a W 3 42.0 51.8 4:00p 31.1 7:00a 23.0 0.0 0.00 2.5 22.0 3:45p W 4 43.0 58.2 4:30p 25.4 6:15a 22.0 0.0 0.00 1.4 20.0 3:00p N 5 51.6 68.4 4:45p 33.0 4:00a 13.7 0.4 0.00 0.7 10.0 10:15a NE 6 55.6 69.6 4:45p 38.3 6:45a 10.3 0.9 0.00 1.1 13.0 1:30p N 7 56.0 74.4 4:30p 38.1 4:15a 11.0 2.0 0.05 2.9 20.0 11:30a N 8 58.1 75.0 5:00p 38.1 6:00a 9.3 2.4 0.00 0.6 12.0 4:45p NNE 9 62.9 81.2 5:00p 42.8 6:30a 7.1 5.0 0.00 0.6 10.0 12:30p ESE 10 66.4 78.8 4:45p 51.2 3:30a 3.5 4.8 0.04 2.6 25.0 2:00p SW 11 69.7 86.2 5:00p 53.8 6:30a 3.3 7.9 0.42 1.9 24.0 9:00p SW 12 53.3 61.3 12:15a 47.6 12:00m 11.7 0.0 0.01 4.2 17.0 2:00a NNE 13 61.3 85.1 4:30p 43.1 6:00a 8.2 4.5 0.32 1.6 30.0 7:45p NE 14 62.2 70.3 3:15p 52.9 12:00m 3.5 0.7 0.40 3.3 31.0 3:30p SSW 15 52.8 60.8 3:00p 46.1 7:15a 12.2 0.0 0.01 2.4 18.0 2:00p WNW 16 50.3 55.6 11:30a 42.5 6:45a 14.7 0.0 0.00 1.1 13.0 10:45a WNW 17 52.1 65.9 6:30p 35.2 6:30a 12.9 0.0 0.00 0.8 13.0 1:15p NNE 18 57.3 70.3 5:15p 42.6 6:15a 8.7 1.0 0.00 1.7 13.0 1:00p NE 19 58.5 72.2 1:15p 51.9 6:30a 7.2 0.7 0.52 1.2 13.0 11:30a ESE 20 56.3 59.7 7:00p 47.5 11:45p 8.7 0.0 0.02 2.8 18.0 4:45p NNE 21 57.1 72.7 6:30p 40.8 5:30a 9.6 1.7 0.01 0.7 11.0 1:15p NNE 22 56.5 71.3 11:45a 42.5 6:15a 9.1 0.6 0.02 0.7 19.0 11:30a NW 23 58.0 72.5 1:30p 48.2 6:30a 7.7 0.7 0.26 2.6 27.0 1:45p N 24 52.8 59.4 1:30p 46.1 6:30a 12.2 0.0 0.00 5.4 20.0 11:45a N 25 56.5 67.9 5:00p 45.1 4:30a 8.9 0.3 0.00 3.8 20.0 2:30p N 26 63.3 77.8 5:15p 44.8 5:30a 5.5 3.7 0.00 1.4 14.0 1:45p NW 27 62.9 76.9 4:45p 48.2 6:45a 4.8 2.7 0.00 1.7 26.0 5:30p W 28 56.9 71.1 3:00p 49.1 1:15a 8.5 0.3 0.78 2.6 28.0 3:30p SW 29 59.7 73.4 6:15p 43.1 6:15a 7.4 2.1 0.01 1.0 16.0 12:00p NNW 30 57.8 70.6 6:00p 49.5 3:45a 7.8 0.7 0.08 0.5 21.0 8:30p SW 31 60.9 74.4 5:00p 44.5 6:45a 6.9 2.8 0.01 1.1 13.0 4:45p ENE ------------------------------------------------------------------------------------- 56.2 86.2 11 25.4 4 319.2 45.9 2.97 2.0 31.0 14 N Max >= 90.0: 0 Max <= 32.0: 0 Min <= 32.0: 2 Min <= 0.0: 0 Max Rain: 0.78 ON 05/28/05 Days of Rain: 11 (>.01 in) 6 (>.1 in) 0 (>1 in) Heat Base: 65.0 Cool Base: 65.0 Method: Integration
 
USA Weather Finder