Weather Information | Photos of Local Events | Personal Weather Stations Links | Lancaster Links | Site Map

NOAA Report Archive
(Reports Generated by WeatherLink)
2017: Jan | Feb | Mar | Apr | May | Jun | Jul | Aug | Sep | Oct | Nov | Dec 
2016: Jan | Feb | Mar | Apr | May | Jun | Jul | Aug | Sep | Oct | Nov | Dec 
2015: Jan | Feb | Mar | Apr | May | Jun | Jul | Aug | Sep | Oct | Nov | Dec 
2014: Jan | Feb | Mar | Apr | May | Jun | Jul | Aug | Sep | Oct | Nov | Dec 
2013: Jan | Feb | Mar | Apr | May | Jun | Jul | Aug | Sep | Oct | Nov | Dec 
2012: Jan | Feb | Mar | Apr | May | Jun | Jul | Aug | Sep | Oct | Nov | Dec 
2011: Jan | Feb | Mar | Apr | May | Jun | Jul | Aug | Sep | Oct | Nov | Dec 
2010: Jan | Feb | Mar | Apr | May | Jun | Jul | Aug | Sep | Oct | Nov | Dec 
2009: Jan | Feb | Mar | Apr | May | Jun | Jul | Aug | Sep | Oct | Nov | Dec 
2008: Jan | Feb | Mar | Apr | May | Jun | Jul | Aug | Sep | Oct | Nov | Dec 
2007: Jan | Feb | Mar | Apr | May | Jun | Jul | Aug | Sep | Oct | Nov | Dec 
2006: Jan | Feb | Mar | Apr | May | Jun | Jul | Aug | Sep | Oct | Nov | Dec 
2005: Jan | Feb | Mar | Apr | May | Jun | Jul | Aug | Sep | Oct | Nov | Dec 
2004: Jan | Feb | Mar | Apr | May | Jun | Jul | Aug | Sep | Oct | Nov | Dec 
2003: Jan | Feb | Mar | Apr | May | Jun | Jul | Aug | Sep | Oct | Nov | Dec 

Report for 2005 06
MONTHLY CLIMATOLOGICAL SUMMARY for JUN. 2005 NAME: Station1 CITY: Lancaster STATE: Ohio ELEV: 980 ft LAT: 39 45' 13" N LONG: 82 34' 06" W TEMPERATURE (F), RAIN (in), WIND SPEED (mph) HEAT COOL AVG MEAN DEG DEG WIND DOM DAY TEMP HIGH TIME LOW TIME DAYS DAYS RAIN SPEED HIGH TIME DIR ------------------------------------------------------------------------------------ 1 64.8 77.8 3:30p 51.6 6:15a 4.2 3.9 0.00 1.0 14.0 3:30p ENE 2 62.0 67.1 11:30a 59.2 2:15a 3.1 0.1 0.04 1.7 19.0 1:15p ESE 3 66.2 75.3 5:15p 58.3 6:15a 2.1 3.2 0.00 1.3 12.0 10:15a ESE 4 71.6 83.7 5:00p 59.4 6:15a 1.3 7.9 0.00 0.5 12.0 3:00p SW 5 76.2 90.2 4:15p 59.7 6:15a 0.9 12.1 0.00 1.5 18.0 5:15p SSW 6 77.3 88.3 4:15p 64.8 12:00m 0.0 12.3 0.00 2.0 21.0 4:15p SW 7 75.2 90.2 4:15p 58.2 6:00a 1.3 11.5 0.00 0.5 14.0 6:15p NNW 8 73.4 87.0 2:45p 62.1 6:15a 0.4 8.7 0.01 0.6 13.0 2:00p ESE 9 76.1 89.3 4:15p 63.5 6:30a 0.1 11.1 0.00 0.5 12.0 2:30p SSE 10 76.9 89.5 4:00p 66.6 6:30a 0.0 11.9 0.00 0.8 16.0 8:00p SSW 11 73.7 80.1 2:30p 67.6 6:45a 0.0 8.7 0.00 0.5 11.0 2:30p S 12 75.4 83.0 2:45p 68.8 6:00a 0.0 10.4 0.03 0.6 16.0 2:30p ESE 13 76.1 82.8 5:00p 71.0 10:30a 0.0 11.1 0.00 3.9 24.0 9:15a SW 14 75.3 88.3 2:00p 68.6 10:30p 0.0 10.3 0.04 5.0 30.0 3:45p SW 15 70.8 77.8 1:45p 63.8 4:45a 0.2 5.9 0.11 4.4 30.0 1:45p SW 16 63.3 74.1 4:15p 58.0 10:45p 3.2 1.5 0.01 2.2 19.0 1:45a NW 17 63.7 75.5 3:30p 47.3 6:30a 4.4 3.0 0.00 1.3 17.0 1:15p N 18 62.3 75.0 4:15p 48.1 6:15a 5.2 2.5 0.00 2.2 14.0 11:15a NNE 19 67.2 78.6 4:00p 54.4 5:30a 2.4 4.6 0.00 2.1 14.0 1:00p NNE 20 67.2 80.9 5:00p 51.6 6:00a 3.6 5.8 0.00 0.4 12.0 12:15p N 21 72.0 83.8 4:30p 56.7 6:00a 2.0 8.8 0.00 1.3 18.0 3:45p SW 22 75.5 86.1 5:00p 62.7 12:00m 0.0 10.5 0.00 3.1 18.0 1:45a N 23 70.7 86.7 4:30p 52.5 6:15a 2.6 8.3 0.00 0.4 10.0 1:00p NNE 24 74.2 92.3 4:15p 52.6 6:15a 3.0 12.2 0.00 0.5 13.0 2:45p SSW 25 77.8 94.5 3:45p 60.7 5:30a 0.8 13.5 0.00 0.3 12.0 8:15p SE 26 78.6 93.2 2:45p 62.3 6:15a 0.2 13.8 0.00 0.3 10.0 2:15p ESE 27 79.0 91.8 3:00p 65.3 6:00a 0.0 14.0 0.00 0.1 8.0 5:00p ESE 28 77.3 90.7 1:30p 67.4 6:15a 0.0 12.3 0.05 1.2 21.0 3:15p N 29 77.0 93.2 4:45p 64.3 4:45a 0.0 12.0 0.00 0.3 14.0 6:15p N 30 73.4 92.1 1:00p 65.8 6:15a 0.0 8.4 0.32 1.2 26.0 2:30p SW ------------------------------------------------------------------------------------- 72.3 94.5 25 47.3 17 41.0 260.3 0.61 1.4 30.0 14 SW Max >= 90.0: 9 Max <= 32.0: 0 Min <= 32.0: 0 Min <= 0.0: 0 Max Rain: 0.32 ON 06/30/05 Days of Rain: 6 (>.01 in) 2 (>.1 in) 0 (>1 in) Heat Base: 65.0 Cool Base: 65.0 Method: Integration
 
USA Weather Finder