2024: Jan | Feb | Mar | Apr | May | Jun | Jul | Aug | Sep | Oct | Nov | Dec
2023: Jan | Feb | Mar | Apr | May | Jun | Jul | Aug | Sep | Oct | Nov | Dec
2022: Jan | Feb | Mar | Apr | May | Jun | Jul | Aug | Sep | Oct | Nov | Dec
2021: Jan | Feb | Mar | Apr | May | Jun | Jul | Aug | Sep | Oct | Nov | Dec
2020: Jan | Feb | Mar | Apr | May | Jun | Jul | Aug | Sep | Oct | Nov | Dec
2019: Jan | Feb | Mar | Apr | May | Jun | Jul | Aug | Sep | Oct | Nov | Dec
2018: Jan | Feb | Mar | Apr | May | Jun | Jul | Aug | Sep | Oct | Nov | Dec
2017: Jan | Feb | Mar | Apr | May | Jun | Jul | Aug | Sep | Oct | Nov | Dec
2016: Jan | Feb | Mar | Apr | May | Jun | Jul | Aug | Sep | Oct | Nov | Dec
2015: Jan | Feb | Mar | Apr | May | Jun | Jul | Aug | Sep | Oct | Nov | Dec
2014: Jan | Feb | Mar | Apr | May | Jun | Jul | Aug | Sep | Oct | Nov | Dec
2013: Jan | Feb | Mar | Apr | May | Jun | Jul | Aug | Sep | Oct | Nov | Dec
2012: Jan | Feb | Mar | Apr | May | Jun | Jul | Aug | Sep | Oct | Nov | Dec
2011: Jan | Feb | Mar | Apr | May | Jun | Jul | Aug | Sep | Oct | Nov | Dec
2010: Jan | Feb | Mar | Apr | May | Jun | Jul | Aug | Sep | Oct | Nov | Dec
2009: Jan | Feb | Mar | Apr | May | Jun | Jul | Aug | Sep | Oct | Nov | Dec
2008: Jan | Feb | Mar | Apr | May | Jun | Jul | Aug | Sep | Oct | Nov | Dec
2007: Jan | Feb | Mar | Apr | May | Jun | Jul | Aug | Sep | Oct | Nov | Dec
2006: Jan | Feb | Mar | Apr | May | Jun | Jul | Aug | Sep | Oct | Nov | Dec
2005: Jan | Feb | Mar | Apr | May | Jun | Jul | Aug | Sep | Oct | Nov | Dec
2004: Jan | Feb | Mar | Apr | May | Jun | Jul | Aug | Sep | Oct | Nov | Dec
2003: Jan | Feb | Mar | Apr | May | Jun | Jul | Aug | Sep | Oct | Nov | Dec
Report for 2005 07
MONTHLY CLIMATOLOGICAL SUMMARY for JUL. 2005
NAME: Station1 CITY: Lancaster STATE: Ohio
ELEV: 980 ft LAT: 39° 45' 13" N LONG: 82° 34' 06" W
TEMPERATURE (°F), RAIN (in), WIND SPEED (mph)
HEAT COOL AVG
MEAN DEG DEG WIND DOM
DAY TEMP HIGH TIME LOW TIME DAYS DAYS RAIN SPEED HIGH TIME DIR
------------------------------------------------------------------------------------
1 74.6 85.7 4:15p 64.7 6:45a 0.0 9.6 0.12 2.4 21.0 11:15a NW
2 68.9 78.6 2:15p 56.9 6:30a 1.3 5.2 0.00 1.8 14.0 12:15a NNE
3 72.6 88.2 3:45p 56.3 3:30a 2.4 10.0 0.00 0.6 12.0 3:30p ESE
4 79.6 91.6 4:00p 66.8 6:15a 0.0 14.6 0.00 1.5 14.0 12:15p SSW
5 75.9 83.2 1:30p 67.9 12:00m 0.0 10.9 0.06 2.8 18.0 1:30p SW
6 74.9 87.6 4:30p 62.1 6:30a 0.4 9.7 0.00 0.9 12.0 2:15p N
7 71.5 81.6 5:15p 62.1 6:15a 0.4 7.0 0.00 0.9 11.0 12:30p NNE
8 73.6 87.8 3:45p 59.9 6:15a 0.9 9.5 0.00 1.1 17.0 10:00p N
9 71.8 87.4 4:45p 56.2 5:30a 2.1 9.0 0.00 1.1 13.0 4:00p NNE
10 72.7 87.6 4:15p 55.1 6:45a 2.2 9.8 0.00 1.0 12.0 12:00p NNE
11 76.6 91.2 6:00p 59.9 5:15a 0.7 12.4 0.00 0.8 13.0 10:45a ESE
12 79.7 91.8 2:45p 72.8 12:00m 0.0 14.7 0.10 1.6 24.0 6:30p ESE
13 74.1 80.1 9:15a 69.8 2:00a 0.0 9.1 0.16 0.7 14.0 11:30a SSW
14 73.8 79.9 3:30p 69.4 6:15a 0.0 7.7 0.04 0.2 7.0 1:00p ESE
15 76.8 87.6 4:30p 68.4 5:15a 0.0 9.9 0.01 0.4 12.0 2:30p SSW
16 76.3 87.2 2:15p 69.6 6:00a 0.0 11.3 0.29 1.3 16.0 5:15p SSW
17 77.2 86.1 5:00p 72.0 1:45a 0.0 12.2 0.08 1.6 17.0 11:45a SW
18 79.8 90.1 4:45p 74.0 5:45a 0.0 14.8 0.00 2.1 25.0 6:00p SW
19 78.8 89.9 5:15p 67.9 12:00m 0.0 13.8 0.21 1.2 14.0 11:15a SW
20 76.9 92.1 4:30p 61.8 6:15a 0.4 12.3 0.02 0.7 26.0 7:15p SW
21 79.9 91.4 4:45p 69.9 3:00a 0.0 14.9 0.00 0.9 14.0 1:00p SW
22 78.1 89.7 4:15p 71.3 5:15a 0.0 13.1 0.00 1.0 12.0 3:15p N
23 76.2 88.4 4:00p 65.0 6:00a 0.0 11.2 0.00 0.7 16.0 3:00p N
24 79.7 93.4 3:30p 65.3 5:00a 0.0 14.7 0.00 2.4 21.0 6:15p SW
25 81.5 98.5 2:45p 72.0 12:00m 0.0 16.5 0.15 2.9 36.0 3:45p SW
26 84.0 95.6 4:30p 70.4 3:15a 0.0 19.0 0.00 4.7 26.0 3:30p SW
27 74.9 82.0 12:15a 64.7 12:00m 0.0 9.9 0.02 3.4 22.0 9:45a N
28 71.5 84.3 5:15p 62.2 1:00a 0.6 7.0 0.00 0.3 10.0 4:45p NE
29 71.3 84.5 5:15p 59.2 6:30a 1.3 7.6 0.00 1.6 14.0 2:00p NNE
30 71.9 86.4 4:00p 57.2 6:45a 1.9 8.8 0.00 1.4 14.0 3:15p NNE
31 74.8 90.4 4:45p 59.2 6:45a 0.8 10.6 0.00 1.4 12.0 1:45p NNE
-------------------------------------------------------------------------------------
75.8 98.5 25 55.1 10 15.4 346.8 1.26 1.5 36.0 25 SW
Max >= 90.0: 10
Max <= 32.0: 0
Min <= 32.0: 0
Min <= 0.0: 0
Max Rain: 0.29 ON 07/16/05
Days of Rain: 11 (>.01 in) 5 (>.1 in) 0 (>1 in)
Heat Base: 65.0 Cool Base: 65.0 Method: Integration
|