2024: Jan | Feb | Mar | Apr | May | Jun | Jul | Aug | Sep | Oct | Nov | Dec
2023: Jan | Feb | Mar | Apr | May | Jun | Jul | Aug | Sep | Oct | Nov | Dec
2022: Jan | Feb | Mar | Apr | May | Jun | Jul | Aug | Sep | Oct | Nov | Dec
2021: Jan | Feb | Mar | Apr | May | Jun | Jul | Aug | Sep | Oct | Nov | Dec
2020: Jan | Feb | Mar | Apr | May | Jun | Jul | Aug | Sep | Oct | Nov | Dec
2019: Jan | Feb | Mar | Apr | May | Jun | Jul | Aug | Sep | Oct | Nov | Dec
2018: Jan | Feb | Mar | Apr | May | Jun | Jul | Aug | Sep | Oct | Nov | Dec
2017: Jan | Feb | Mar | Apr | May | Jun | Jul | Aug | Sep | Oct | Nov | Dec
2016: Jan | Feb | Mar | Apr | May | Jun | Jul | Aug | Sep | Oct | Nov | Dec
2015: Jan | Feb | Mar | Apr | May | Jun | Jul | Aug | Sep | Oct | Nov | Dec
2014: Jan | Feb | Mar | Apr | May | Jun | Jul | Aug | Sep | Oct | Nov | Dec
2013: Jan | Feb | Mar | Apr | May | Jun | Jul | Aug | Sep | Oct | Nov | Dec
2012: Jan | Feb | Mar | Apr | May | Jun | Jul | Aug | Sep | Oct | Nov | Dec
2011: Jan | Feb | Mar | Apr | May | Jun | Jul | Aug | Sep | Oct | Nov | Dec
2010: Jan | Feb | Mar | Apr | May | Jun | Jul | Aug | Sep | Oct | Nov | Dec
2009: Jan | Feb | Mar | Apr | May | Jun | Jul | Aug | Sep | Oct | Nov | Dec
2008: Jan | Feb | Mar | Apr | May | Jun | Jul | Aug | Sep | Oct | Nov | Dec
2007: Jan | Feb | Mar | Apr | May | Jun | Jul | Aug | Sep | Oct | Nov | Dec
2006: Jan | Feb | Mar | Apr | May | Jun | Jul | Aug | Sep | Oct | Nov | Dec
2005: Jan | Feb | Mar | Apr | May | Jun | Jul | Aug | Sep | Oct | Nov | Dec
2004: Jan | Feb | Mar | Apr | May | Jun | Jul | Aug | Sep | Oct | Nov | Dec
2003: Jan | Feb | Mar | Apr | May | Jun | Jul | Aug | Sep | Oct | Nov | Dec
Report for 2005 08
MONTHLY CLIMATOLOGICAL SUMMARY for AUG. 2005
NAME: Station1 CITY: Lancaster STATE: Ohio
ELEV: 980 ft LAT: 39° 45' 13" N LONG: 82° 34' 06" W
TEMPERATURE (°F), RAIN (in), WIND SPEED (mph)
HEAT COOL AVG
MEAN DEG DEG WIND DOM
DAY TEMP HIGH TIME LOW TIME DAYS DAYS RAIN SPEED HIGH TIME DIR
------------------------------------------------------------------------------------
1 76.7 93.5 4:00p 59.5 6:45a 0.9 12.6 0.00 0.7 11.0 12:30p NNE
2 77.6 94.9 5:00p 58.9 6:45a 1.1 13.7 0.00 0.7 11.0 2:15p NNE
3 78.6 96.3 3:30p 60.4 6:15a 0.7 14.4 0.00 0.3 12.0 1:45p SSW
4 80.8 96.6 5:00p 64.1 5:45a 0.1 15.8 0.00 1.8 19.0 2:15p SW
5 73.6 82.4 3:15p 69.2 11:30p 0.0 8.6 0.06 0.4 11.0 7:15a NNE
6 69.6 76.4 5:15p 62.2 12:00m 0.1 4.7 0.01 0.4 8.0 9:45a NE
7 73.7 89.1 2:30p 60.3 1:45a 1.3 10.0 0.00 0.5 10.0 2:30p SSW
8 75.1 86.8 4:45p 64.4 7:00a 0.0 10.1 0.00 1.3 18.0 2:45p SSW
9 74.9 89.8 4:45p 60.0 6:45a 0.9 10.7 0.00 0.4 11.0 5:45p NNE
10 74.7 92.4 4:15p 60.3 7:15a 0.6 10.4 0.13 1.1 20.0 5:30p SW
11 77.0 91.5 4:00p 65.4 6:15a 0.0 12.0 0.03 0.6 14.0 2:45p W
12 80.1 94.7 3:45p 67.2 5:45a 0.0 15.1 0.00 2.3 26.0 3:30p SW
13 81.2 96.3 3:45p 66.4 6:15a 0.0 16.2 0.00 2.0 21.0 9:45p SW
14 76.3 85.5 3:00p 68.2 7:00a 0.0 11.3 0.00 2.1 19.0 12:00p SW
15 70.5 78.2 2:15p 66.9 12:00m 0.0 5.5 0.03 1.7 11.0 10:00a NNE
16 67.4 76.2 4:45p 60.3 12:00m 0.7 3.0 0.26 1.0 10.0 6:00a NNE
17 70.9 87.0 4:15p 54.2 7:00a 2.6 8.5 0.00 1.3 13.0 3:15p NNE
18 70.7 84.1 12:00p 59.0 4:15a 1.0 6.7 0.54 0.6 13.0 4:00p NE
19 77.7 88.7 4:45p 70.3 1:45a 0.0 12.7 0.00 3.0 24.0 4:30p SW
20 77.5 94.9 3:45p 65.9 6:30a 0.0 12.5 0.23 2.6 28.0 4:45p SW
21 75.8 86.4 3:30p 66.9 6:30a 0.0 10.8 0.00 1.3 19.0 1:15p W
22 68.4 80.4 3:15p 55.5 7:00a 1.8 5.2 0.00 1.7 16.0 3:30p NNE
23 65.2 77.6 5:15p 53.6 5:15a 3.5 3.7 0.00 2.3 17.0 2:00p NNE
24 65.6 80.4 3:45p 51.3 5:30a 4.3 4.9 0.00 1.9 16.0 3:30p NE
25 69.8 88.3 3:30p 51.9 6:00a 3.8 8.6 0.00 0.5 12.0 2:15p ESE
26 70.1 74.8 12:45p 66.4 7:00a 0.0 4.9 0.01 0.3 10.0 12:45p ESE
27 73.3 81.4 6:00p 69.2 2:45a 0.0 7.9 0.01 2.5 19.0 2:15p SW
28 79.3 90.2 11:30a 62.3 8:30a 0.0 9.0 0.00 0.6 11.0 2:15p ESE
29 69.3 73.7 5:30p 65.9 7:15a 0.0 4.3 0.49 0.4 17.0 4:45a ESE
30 69.6 71.1 1:15p 68.2 5:15a 0.0 4.6 3.26 1.6 14.0 1:30p ENE
31 69.2 78.2 5:00p 60.3 12:00m 0.4 4.5 0.66 2.4 19.0 2:45p NNW
-------------------------------------------------------------------------------------
73.6 96.6 4 51.3 24 23.8 282.9 5.72 1.3 28.0 20 NNE
Max >= 90.0: 10
Max <= 32.0: 0
Min <= 32.0: 0
Min <= 0.0: 0
Max Rain: 3.26 ON 08/30/05
Days of Rain: 10 (>.01 in) 7 (>.1 in) 1 (>1 in)
Heat Base: 65.0 Cool Base: 65.0 Method: Integration
|