2024: Jan | Feb | Mar | Apr | May | Jun | Jul | Aug | Sep | Oct | Nov | Dec
2023: Jan | Feb | Mar | Apr | May | Jun | Jul | Aug | Sep | Oct | Nov | Dec
2022: Jan | Feb | Mar | Apr | May | Jun | Jul | Aug | Sep | Oct | Nov | Dec
2021: Jan | Feb | Mar | Apr | May | Jun | Jul | Aug | Sep | Oct | Nov | Dec
2020: Jan | Feb | Mar | Apr | May | Jun | Jul | Aug | Sep | Oct | Nov | Dec
2019: Jan | Feb | Mar | Apr | May | Jun | Jul | Aug | Sep | Oct | Nov | Dec
2018: Jan | Feb | Mar | Apr | May | Jun | Jul | Aug | Sep | Oct | Nov | Dec
2017: Jan | Feb | Mar | Apr | May | Jun | Jul | Aug | Sep | Oct | Nov | Dec
2016: Jan | Feb | Mar | Apr | May | Jun | Jul | Aug | Sep | Oct | Nov | Dec
2015: Jan | Feb | Mar | Apr | May | Jun | Jul | Aug | Sep | Oct | Nov | Dec
2014: Jan | Feb | Mar | Apr | May | Jun | Jul | Aug | Sep | Oct | Nov | Dec
2013: Jan | Feb | Mar | Apr | May | Jun | Jul | Aug | Sep | Oct | Nov | Dec
2012: Jan | Feb | Mar | Apr | May | Jun | Jul | Aug | Sep | Oct | Nov | Dec
2011: Jan | Feb | Mar | Apr | May | Jun | Jul | Aug | Sep | Oct | Nov | Dec
2010: Jan | Feb | Mar | Apr | May | Jun | Jul | Aug | Sep | Oct | Nov | Dec
2009: Jan | Feb | Mar | Apr | May | Jun | Jul | Aug | Sep | Oct | Nov | Dec
2008: Jan | Feb | Mar | Apr | May | Jun | Jul | Aug | Sep | Oct | Nov | Dec
2007: Jan | Feb | Mar | Apr | May | Jun | Jul | Aug | Sep | Oct | Nov | Dec
2006: Jan | Feb | Mar | Apr | May | Jun | Jul | Aug | Sep | Oct | Nov | Dec
2005: Jan | Feb | Mar | Apr | May | Jun | Jul | Aug | Sep | Oct | Nov | Dec
2004: Jan | Feb | Mar | Apr | May | Jun | Jul | Aug | Sep | Oct | Nov | Dec
2003: Jan | Feb | Mar | Apr | May | Jun | Jul | Aug | Sep | Oct | Nov | Dec
Report for 2005 09
MONTHLY CLIMATOLOGICAL SUMMARY for SEP. 2005
NAME: Station1 CITY: Lancaster STATE: Ohio
ELEV: 980 ft LAT: 39° 45' 13" N LONG: 82° 34' 06" W
TEMPERATURE (°F), RAIN (in), WIND SPEED (mph)
HEAT COOL AVG
MEAN DEG DEG WIND DOM
DAY TEMP HIGH TIME LOW TIME DAYS DAYS RAIN SPEED HIGH TIME DIR
------------------------------------------------------------------------------------
1 69.4 83.1 5:30p 56.4 7:15a 2.3 6.7 0.00 1.0 13.0 3:30p WSW
2 71.3 84.3 3:30p 56.6 12:00m 1.1 7.4 0.00 1.5 20.0 3:00p W
3 65.7 80.0 3:45p 52.3 7:00a 3.7 4.5 0.00 1.2 16.0 3:45p N
4 63.4 76.9 4:00p 50.8 7:00a 5.2 3.6 0.00 1.1 24.0 3:15p NNE
5 64.7 80.0 2:30p 50.5 5:15a 5.0 4.7 0.00 0.7 12.0 2:30p ESE
6 65.3 80.8 4:00p 50.0 7:15a 4.8 5.1 0.00 0.6 12.0 2:00p SSW
7 65.9 82.1 5:15p 51.1 7:30a 4.7 5.6 0.00 0.3 10.0 1:45p SSW
8 67.0 83.5 4:00p 50.8 7:00a 4.5 6.6 0.00 0.4 10.0 1:00p ESE
9 70.1 83.8 3:30p 57.9 7:15a 1.8 6.9 0.00 0.2 7.0 6:45p ESE
10 70.1 84.6 4:00p 57.8 12:00m 1.6 6.8 0.00 0.6 10.0 3:30p ESE
11 67.6 86.3 4:30p 50.3 7:30a 4.4 7.0 0.00 0.2 8.0 2:15p ESE
12 70.0 87.0 2:30p 55.0 7:15a 3.0 8.0 0.00 0.2 10.0 12:30p ESE
13 70.2 86.1 3:15p 54.8 6:45a 2.7 7.9 0.00 0.6 12.0 2:15p SSW
14 71.2 86.7 3:30p 56.6 7:15a 2.0 8.2 0.00 1.4 19.0 3:30p SSW
15 72.2 85.5 4:45p 60.1 7:15a 0.9 8.1 0.00 0.7 12.0 10:30a ENE
16 71.3 82.8 3:30p 64.8 12:00m 0.0 6.3 0.12 1.9 19.0 3:45p SW
17 65.9 72.3 5:30p 62.0 6:45a 1.0 1.8 0.00 0.9 11.0 3:00p NW
18 66.2 80.7 5:00p 55.3 3:45a 3.0 4.2 0.00 0.4 12.0 4:15p SW
19 66.9 81.6 4:30p 53.2 6:30a 3.6 5.5 0.00 1.1 16.0 12:15p SSW
20 68.5 76.7 3:15p 59.0 12:00m 0.5 4.0 0.27 2.2 27.0 12:45a SW
21 66.1 82.2 4:00p 56.3 2:45a 3.4 4.5 0.01 0.3 10.0 2:30p E
22 71.3 87.0 4:45p 54.2 6:00a 3.1 9.4 0.00 1.9 20.0 4:00p SSW
23 70.9 80.5 12:45p 63.2 11:45p 0.1 6.0 0.45 2.9 18.0 7:30a NNE
24 67.4 78.3 4:30p 59.5 8:15a 1.4 3.9 1.92 0.7 14.0 8:00a ENE
25 73.3 84.9 2:30p 64.8 1:30a 0.0 8.3 0.00 1.3 16.0 12:00p SSW
26 68.7 73.5 4:45p 63.9 12:00m 0.0 3.8 0.67 2.4 22.0 8:15a SSW
27 62.4 74.7 5:45p 50.4 11:45p 4.5 1.9 0.00 0.7 10.0 9:15a N
28 63.9 80.1 3:45p 44.5 7:45a 6.7 5.7 0.00 1.9 18.0 4:45p SSW
29 57.7 73.9 1:00a 41.9 12:00m 8.2 0.9 0.32 4.4 38.0 3:00a N
30 52.4 69.6 4:00p 37.9 7:30a 13.2 0.6 0.00 0.5 11.0 4:45p SSW
-------------------------------------------------------------------------------------
67.2 87.0 12 37.9 30 96.4 163.9 3.76 1.1 38.0 29 SSW
Max >= 90.0: 0
Max <= 32.0: 0
Min <= 32.0: 0
Min <= 0.0: 0
Max Rain: 1.92 ON 09/24/05
Days of Rain: 6 (>.01 in) 6 (>.1 in) 1 (>1 in)
Heat Base: 65.0 Cool Base: 65.0 Method: Integration
|