Weather Information | Photos of Local Events | Personal Weather Stations Links | Lancaster Links | Site Map

NOAA Report Archive
(Reports Generated by WeatherLink)
2017: Jan | Feb | Mar | Apr | May | Jun | Jul | Aug | Sep | Oct | Nov | Dec 
2016: Jan | Feb | Mar | Apr | May | Jun | Jul | Aug | Sep | Oct | Nov | Dec 
2015: Jan | Feb | Mar | Apr | May | Jun | Jul | Aug | Sep | Oct | Nov | Dec 
2014: Jan | Feb | Mar | Apr | May | Jun | Jul | Aug | Sep | Oct | Nov | Dec 
2013: Jan | Feb | Mar | Apr | May | Jun | Jul | Aug | Sep | Oct | Nov | Dec 
2012: Jan | Feb | Mar | Apr | May | Jun | Jul | Aug | Sep | Oct | Nov | Dec 
2011: Jan | Feb | Mar | Apr | May | Jun | Jul | Aug | Sep | Oct | Nov | Dec 
2010: Jan | Feb | Mar | Apr | May | Jun | Jul | Aug | Sep | Oct | Nov | Dec 
2009: Jan | Feb | Mar | Apr | May | Jun | Jul | Aug | Sep | Oct | Nov | Dec 
2008: Jan | Feb | Mar | Apr | May | Jun | Jul | Aug | Sep | Oct | Nov | Dec 
2007: Jan | Feb | Mar | Apr | May | Jun | Jul | Aug | Sep | Oct | Nov | Dec 
2006: Jan | Feb | Mar | Apr | May | Jun | Jul | Aug | Sep | Oct | Nov | Dec 
2005: Jan | Feb | Mar | Apr | May | Jun | Jul | Aug | Sep | Oct | Nov | Dec 
2004: Jan | Feb | Mar | Apr | May | Jun | Jul | Aug | Sep | Oct | Nov | Dec 
2003: Jan | Feb | Mar | Apr | May | Jun | Jul | Aug | Sep | Oct | Nov | Dec 

Report for 2005 10
MONTHLY CLIMATOLOGICAL SUMMARY for OCT. 2005 NAME: Station1 CITY: Lancaster STATE: Ohio ELEV: 980 ft LAT: 39 45' 13" N LONG: 82 34' 06" W TEMPERATURE (F), RAIN (in), WIND SPEED (mph) HEAT COOL AVG MEAN DEG DEG WIND DOM DAY TEMP HIGH TIME LOW TIME DAYS DAYS RAIN SPEED HIGH TIME DIR ------------------------------------------------------------------------------------ 1 58.9 79.4 4:30p 40.5 7:30a 9.8 3.7 0.00 0.5 13.0 2:15p SSW 2 66.4 83.6 4:00p 53.1 7:15a 4.1 5.6 0.19 0.1 10.0 6:15p ESE 3 67.3 84.0 2:45p 54.4 7:30a 3.5 5.9 0.00 0.2 10.0 1:15p ESE 4 65.8 83.2 3:00p 51.9 7:30a 4.5 5.3 0.00 0.3 10.0 11:00a ESE 5 65.7 83.4 3:30p 52.2 7:30a 4.7 5.3 0.01 0.6 14.0 11:45a SSW 6 69.6 83.8 3:45p 56.6 5:00a 2.4 7.0 0.00 1.1 14.0 10:45a SSW 7 59.5 69.6 12:15a 52.8 12:00m 5.8 0.3 0.35 4.2 17.0 7:00p N 8 51.8 54.7 12:15p 48.8 12:00m 13.2 0.0 0.10 4.4 18.0 3:30p N 9 51.5 56.5 4:30p 48.5 7:15a 13.5 0.0 0.03 1.3 10.0 12:45a NNE 10 57.0 63.2 3:30p 52.6 12:15a 8.0 0.0 0.00 0.6 8.0 3:45p ENE 11 60.2 68.3 3:30p 56.7 8:00a 5.0 0.2 0.00 1.8 12.0 4:15p NNE 12 57.7 63.5 3:45p 50.1 11:45p 7.3 0.0 0.00 0.6 8.0 12:45a E 13 57.1 71.1 3:00p 44.3 7:30a 8.8 0.9 0.00 1.0 13.0 1:30p NNE 14 57.4 71.3 4:30p 46.4 5:30a 8.7 1.0 0.00 0.3 8.0 3:00p WNW 15 58.8 70.3 2:30p 48.6 3:30a 7.2 1.0 0.00 2.5 21.0 1:15p NW 16 51.1 63.2 4:15p 38.5 8:00a 13.9 0.0 0.00 1.4 19.0 3:15p WNW 17 52.2 67.6 4:15p 33.8 7:45a 13.0 0.2 0.00 2.4 18.0 10:00p SW 18 60.6 73.0 4:00p 44.1 12:00m 5.9 1.6 0.00 2.5 22.0 2:30a W 19 58.2 80.3 4:30p 39.1 8:00a 10.5 3.6 0.00 2.9 22.0 11:45a SW 20 48.6 55.9 2:30p 44.9 10:00a 16.4 0.0 0.04 2.3 14.0 9:15a NE 21 46.6 48.5 11:00a 43.6 3:15a 18.4 0.0 1.07 2.0 14.0 2:45p NE 22 46.7 54.5 4:45p 36.6 11:45p 18.3 0.0 0.24 1.7 16.0 11:30a NW 23 44.8 50.1 1:30p 35.9 1:30a 20.2 0.0 0.11 0.2 7.0 12:00p WSW 24 40.7 46.2 12:15a 37.6 9:30p 24.3 0.0 0.22 1.5 16.0 7:15a SW 25 41.9 45.7 5:15p 37.5 6:15a 23.1 0.0 0.39 3.2 21.0 5:00p N 26 43.8 50.2 3:45p 38.5 12:00m 21.2 0.0 0.00 1.6 19.0 2:30p NW 27 41.6 53.6 1:00p 30.3 5:30a 23.4 0.0 0.00 0.4 10.0 12:45p N 28 41.8 52.9 3:45p 31.0 5:45a 23.2 0.0 0.00 0.6 10.0 11:30a N 29 40.4 54.7 4:15p 29.7 12:00m 24.6 0.0 0.00 0.6 12.0 3:00p WSW 30 44.0 62.9 3:30p 28.5 1:30a 21.0 0.0 0.00 1.1 13.0 12:45p SW 31 48.3 66.3 3:15p 30.8 3:45a 16.8 0.1 0.00 1.7 21.0 2:30p SSW ------------------------------------------------------------------------------------- 53.4 84.0 3 28.5 30 400.7 41.7 2.75 1.5 22.0 18 N Max >= 90.0: 0 Max <= 32.0: 0 Min <= 32.0: 5 Min <= 0.0: 0 Max Rain: 1.07 ON 10/21/05 Days of Rain: 10 (>.01 in) 7 (>.1 in) 1 (>1 in) Heat Base: 65.0 Cool Base: 65.0 Method: Integration
 
USA Weather Finder