2024: Jan | Feb | Mar | Apr | May | Jun | Jul | Aug | Sep | Oct | Nov | Dec
2023: Jan | Feb | Mar | Apr | May | Jun | Jul | Aug | Sep | Oct | Nov | Dec
2022: Jan | Feb | Mar | Apr | May | Jun | Jul | Aug | Sep | Oct | Nov | Dec
2021: Jan | Feb | Mar | Apr | May | Jun | Jul | Aug | Sep | Oct | Nov | Dec
2020: Jan | Feb | Mar | Apr | May | Jun | Jul | Aug | Sep | Oct | Nov | Dec
2019: Jan | Feb | Mar | Apr | May | Jun | Jul | Aug | Sep | Oct | Nov | Dec
2018: Jan | Feb | Mar | Apr | May | Jun | Jul | Aug | Sep | Oct | Nov | Dec
2017: Jan | Feb | Mar | Apr | May | Jun | Jul | Aug | Sep | Oct | Nov | Dec
2016: Jan | Feb | Mar | Apr | May | Jun | Jul | Aug | Sep | Oct | Nov | Dec
2015: Jan | Feb | Mar | Apr | May | Jun | Jul | Aug | Sep | Oct | Nov | Dec
2014: Jan | Feb | Mar | Apr | May | Jun | Jul | Aug | Sep | Oct | Nov | Dec
2013: Jan | Feb | Mar | Apr | May | Jun | Jul | Aug | Sep | Oct | Nov | Dec
2012: Jan | Feb | Mar | Apr | May | Jun | Jul | Aug | Sep | Oct | Nov | Dec
2011: Jan | Feb | Mar | Apr | May | Jun | Jul | Aug | Sep | Oct | Nov | Dec
2010: Jan | Feb | Mar | Apr | May | Jun | Jul | Aug | Sep | Oct | Nov | Dec
2009: Jan | Feb | Mar | Apr | May | Jun | Jul | Aug | Sep | Oct | Nov | Dec
2008: Jan | Feb | Mar | Apr | May | Jun | Jul | Aug | Sep | Oct | Nov | Dec
2007: Jan | Feb | Mar | Apr | May | Jun | Jul | Aug | Sep | Oct | Nov | Dec
2006: Jan | Feb | Mar | Apr | May | Jun | Jul | Aug | Sep | Oct | Nov | Dec
2005: Jan | Feb | Mar | Apr | May | Jun | Jul | Aug | Sep | Oct | Nov | Dec
2004: Jan | Feb | Mar | Apr | May | Jun | Jul | Aug | Sep | Oct | Nov | Dec
2003: Jan | Feb | Mar | Apr | May | Jun | Jul | Aug | Sep | Oct | Nov | Dec
Report for 2005 11
MONTHLY CLIMATOLOGICAL SUMMARY for NOV. 2005
NAME: Station1 CITY: Lancaster STATE: Ohio
ELEV: 980 ft LAT: 39° 45' 13" N LONG: 82° 34' 06" W
TEMPERATURE (°F), RAIN (in), WIND SPEED (mph)
HEAT COOL AVG
MEAN DEG DEG WIND DOM
DAY TEMP HIGH TIME LOW TIME DAYS DAYS RAIN SPEED HIGH TIME DIR
------------------------------------------------------------------------------------
1 46.9 53.7 9:45a 38.1 12:00m 18.1 0.0 0.17 0.8 16.0 10:00a WSW
2 42.8 55.7 3:00p 30.6 6:00a 22.2 0.0 0.01 1.3 17.0 1:45p SSW
3 55.8 69.8 2:30p 39.9 1:15a 9.8 0.6 0.00 5.0 27.0 10:30a SSW
4 61.1 68.1 2:30p 53.4 3:00a 4.2 0.2 0.00 7.0 30.0 10:30a SSW
5 62.4 70.1 2:30p 56.2 6:45a 3.5 0.9 0.00 3.3 20.0 10:30a SSW
6 58.2 66.3 9:45a 40.3 12:00m 6.8 0.0 0.03 7.2 43.0 3:15p SSW
7 44.8 58.8 2:45p 31.9 7:30a 20.2 0.0 0.00 0.8 12.0 2:00p SW
8 54.2 66.3 1:15p 39.2 12:15a 10.8 0.0 0.35 1.0 16.0 2:15p SSW
9 59.9 71.7 2:45p 46.9 12:00m 6.4 1.3 0.80 6.3 30.0 1:00p SSW
10 41.8 49.7 2:30p 35.2 12:00m 23.2 0.0 0.00 3.3 28.0 12:45a WNW
11 38.2 52.6 3:30p 25.1 7:15a 26.8 0.0 0.00 1.1 14.0 1:45p SW
12 47.9 65.3 2:45p 31.8 7:15a 17.1 0.0 0.00 1.3 18.0 3:30p SW
13 54.5 58.5 5:15p 47.9 12:00m 10.5 0.0 0.01 6.3 31.0 3:15p SSW
14 44.3 53.8 1:15p 29.0 7:30a 20.7 0.0 0.50 1.7 13.0 8:45p ESE
15 62.5 71.3 2:15p 48.1 12:15a 4.4 1.9 0.83 7.1 36.0 1:45p SSW
16 39.6 63.0 12:15a 26.2 12:00m 25.4 0.0 0.15 7.0 30.0 12:30a W
17 23.9 29.0 2:00p 15.1 11:45p 41.1 0.0 0.00 2.9 21.0 4:00a W
18 24.5 35.0 2:45p 11.8 7:15a 40.5 0.0 0.00 1.6 18.0 11:15a SSW
19 34.4 51.5 3:30p 20.1 7:30a 30.6 0.0 0.00 1.9 22.0 12:45p SSW
20 39.2 55.3 2:45p 24.7 7:45a 25.8 0.0 0.00 1.6 21.0 3:00p SW
21 38.7 51.8 2:00p 26.6 6:45a 26.3 0.0 0.00 2.2 20.0 9:15p NNW
22 33.5 36.8 12:15a 28.3 11:45p 31.5 0.0 0.00 4.8 24.0 9:00a NNW
23 29.1 36.9 9:45p 21.5 5:45a 35.9 0.0 0.07 3.8 27.0 10:45p SSW
24 26.2 39.1 7:00a 11.8 11:45p 38.8 0.0 0.03 6.2 31.0 12:30p NW
25 19.7 28.0 2:45p 10.2 7:15a 45.3 0.0 0.00 2.6 17.0 2:00p SW
26 36.3 45.7 4:15p 24.6 12:30a 28.7 0.0 0.00 1.4 19.0 12:30p SE
27 50.5 56.3 4:30p 44.5 7:45a 14.5 0.0 0.00 1.3 12.0 10:30p SE
28 59.6 68.9 6:15p 50.4 11:45p 6.1 0.7 0.14 6.9 27.0 2:00p SE
29 44.0 50.4 12:15a 34.6 12:00m 21.0 0.0 0.44 5.0 25.0 1:00p SSW
30 31.1 34.6 12:15a 24.8 12:00m 33.9 0.0 0.00 2.3 18.0 3:15a SW
-------------------------------------------------------------------------------------
43.5 71.7 9 10.2 25 650.1 5.6 3.53 3.5 43.0 6 SSW
Max >= 90.0: 0
Max <= 32.0: 2
Min <= 32.0: 17
Min <= 0.0: 0
Max Rain: 0.83 ON 11/15/05
Days of Rain: 11 (>.01 in) 8 (>.1 in) 0 (>1 in)
Heat Base: 65.0 Cool Base: 65.0 Method: Integration
|