2024: Jan | Feb | Mar | Apr | May | Jun | Jul | Aug | Sep | Oct | Nov | Dec
2023: Jan | Feb | Mar | Apr | May | Jun | Jul | Aug | Sep | Oct | Nov | Dec
2022: Jan | Feb | Mar | Apr | May | Jun | Jul | Aug | Sep | Oct | Nov | Dec
2021: Jan | Feb | Mar | Apr | May | Jun | Jul | Aug | Sep | Oct | Nov | Dec
2020: Jan | Feb | Mar | Apr | May | Jun | Jul | Aug | Sep | Oct | Nov | Dec
2019: Jan | Feb | Mar | Apr | May | Jun | Jul | Aug | Sep | Oct | Nov | Dec
2018: Jan | Feb | Mar | Apr | May | Jun | Jul | Aug | Sep | Oct | Nov | Dec
2017: Jan | Feb | Mar | Apr | May | Jun | Jul | Aug | Sep | Oct | Nov | Dec
2016: Jan | Feb | Mar | Apr | May | Jun | Jul | Aug | Sep | Oct | Nov | Dec
2015: Jan | Feb | Mar | Apr | May | Jun | Jul | Aug | Sep | Oct | Nov | Dec
2014: Jan | Feb | Mar | Apr | May | Jun | Jul | Aug | Sep | Oct | Nov | Dec
2013: Jan | Feb | Mar | Apr | May | Jun | Jul | Aug | Sep | Oct | Nov | Dec
2012: Jan | Feb | Mar | Apr | May | Jun | Jul | Aug | Sep | Oct | Nov | Dec
2011: Jan | Feb | Mar | Apr | May | Jun | Jul | Aug | Sep | Oct | Nov | Dec
2010: Jan | Feb | Mar | Apr | May | Jun | Jul | Aug | Sep | Oct | Nov | Dec
2009: Jan | Feb | Mar | Apr | May | Jun | Jul | Aug | Sep | Oct | Nov | Dec
2008: Jan | Feb | Mar | Apr | May | Jun | Jul | Aug | Sep | Oct | Nov | Dec
2007: Jan | Feb | Mar | Apr | May | Jun | Jul | Aug | Sep | Oct | Nov | Dec
2006: Jan | Feb | Mar | Apr | May | Jun | Jul | Aug | Sep | Oct | Nov | Dec
2005: Jan | Feb | Mar | Apr | May | Jun | Jul | Aug | Sep | Oct | Nov | Dec
2004: Jan | Feb | Mar | Apr | May | Jun | Jul | Aug | Sep | Oct | Nov | Dec
2003: Jan | Feb | Mar | Apr | May | Jun | Jul | Aug | Sep | Oct | Nov | Dec
Report for 2005 12
MONTHLY CLIMATOLOGICAL SUMMARY for DEC. 2005
NAME: Station1 CITY: Lancaster STATE: Ohio
ELEV: 980 ft LAT: 39° 45' 13" N LONG: 82° 34' 06" W
TEMPERATURE (°F), RAIN (in), WIND SPEED (mph)
HEAT COOL AVG
MEAN DEG DEG WIND DOM
DAY TEMP HIGH TIME LOW TIME DAYS DAYS RAIN SPEED HIGH TIME DIR
------------------------------------------------------------------------------------
1 29.3 36.3 5:00p 22.2 5:15a 35.7 0.0 0.02 1.4 21.0 11:15p NE
2 22.1 30.2 12:15a 14.4 11:45p 42.9 0.0 0.00 5.4 31.0 7:00a W
3 23.5 27.7 9:30p 15.7 12:15a 41.5 0.0 0.04 1.7 11.0 12:15p ESE
4 28.9 30.8 7:15p 27.5 12:15a 36.1 0.0 0.03 1.3 14.0 9:45a W
5 26.8 30.8 3:00a 20.9 12:00m 38.2 0.0 0.00 0.6 12.0 10:00p NNW
6 21.4 26.0 10:00p 13.9 6:45a 43.6 0.0 0.00 1.5 20.0 12:15p WNW
7 20.3 24.6 12:15a 12.8 11:15p 44.7 0.0 0.00 1.1 12.0 10:45a WNW
8 21.9 32.7 12:00m 9.9 3:15a 43.1 0.0 0.17 2.2 27.0 12:00m ESE
9 19.5 33.5 12:15a 14.4 9:15a 45.5 0.0 0.01 6.5 39.0 12:15a SW
10 24.7 30.7 3:00p 18.8 6:45a 40.3 0.0 0.00 4.6 28.0 10:15p SSW
11 29.9 34.6 2:30p 27.5 11:15p 35.1 0.0 0.04 6.3 27.0 5:30a SW
12 20.0 27.7 12:45a 10.1 9:45p 45.0 0.0 0.01 1.8 14.0 1:15p N
13 16.9 31.1 3:30p 5.3 7:30a 48.1 0.0 0.00 0.3 8.0 1:15p ESE
14 25.1 32.2 10:45p 17.0 12:30a 39.9 0.0 0.01 2.1 12.0 11:00a SE
15 33.1 36.2 5:45p 31.2 4:45a 31.9 0.0 0.31 2.3 18.0 10:00p SE
16 30.9 33.6 1:45p 27.5 12:00m 34.1 0.0 0.01 4.0 28.0 12:00p SW
17 25.7 33.6 12:45p 17.9 11:45p 39.3 0.0 0.00 1.0 14.0 1:30p SW
18 25.5 34.5 1:00p 17.0 1:00a 39.5 0.0 0.01 0.9 14.0 10:45p NNW
19 12.5 22.2 12:15a 5.9 8:15a 52.5 0.0 0.01 1.9 14.0 12:45p W
20 15.4 24.8 3:00p 5.1 8:00a 49.6 0.0 0.00 2.9 19.0 3:45p SW
21 25.7 31.4 3:00p 21.9 8:45a 39.3 0.0 0.00 3.8 25.0 1:00p SW
22 29.5 34.6 2:45p 22.8 12:15a 35.5 0.0 0.00 4.6 24.0 2:00p SSW
23 38.2 46.9 3:00p 30.3 12:00m 26.8 0.0 0.00 5.0 25.0 11:15a SSW
24 41.4 52.6 2:15p 29.6 1:00a 23.6 0.0 0.00 1.6 18.0 11:45a SSW
25 39.8 43.9 2:00p 32.8 12:00m 25.2 0.0 0.43 1.3 14.0 8:15p SW
26 33.4 36.0 1:15p 31.5 1:00a 31.6 0.0 0.04 4.3 20.0 7:45a WNW
27 35.8 43.5 3:15p 31.2 8:15a 29.2 0.0 0.00 2.7 18.0 12:00p SE
28 47.3 59.1 3:15p 39.6 12:15a 17.7 0.0 0.27 3.4 31.0 4:30p SSW
29 35.4 42.8 12:15a 33.4 8:45a 29.6 0.0 0.04 4.1 19.0 3:30a SW
30 35.8 39.2 1:00p 33.3 6:30a 29.2 0.0 0.02 1.3 19.0 7:45p SE
31 36.9 39.8 11:30a 34.2 8:45p 28.1 0.0 0.06 5.2 25.0 11:00a SW
-------------------------------------------------------------------------------------
28.1 59.1 28 5.1 20 1142.4 0.0 1.53 2.8 39.0 9 SW
Max >= 90.0: 0
Max <= 32.0: 12
Min <= 32.0: 26
Min <= 0.0: 0
Max Rain: 0.43 ON 12/25/05
Days of Rain: 12 (>.01 in) 4 (>.1 in) 0 (>1 in)
Heat Base: 65.0 Cool Base: 65.0 Method: Integration
|