2024: Jan | Feb | Mar | Apr | May | Jun | Jul | Aug | Sep | Oct | Nov | Dec
2023: Jan | Feb | Mar | Apr | May | Jun | Jul | Aug | Sep | Oct | Nov | Dec
2022: Jan | Feb | Mar | Apr | May | Jun | Jul | Aug | Sep | Oct | Nov | Dec
2021: Jan | Feb | Mar | Apr | May | Jun | Jul | Aug | Sep | Oct | Nov | Dec
2020: Jan | Feb | Mar | Apr | May | Jun | Jul | Aug | Sep | Oct | Nov | Dec
2019: Jan | Feb | Mar | Apr | May | Jun | Jul | Aug | Sep | Oct | Nov | Dec
2018: Jan | Feb | Mar | Apr | May | Jun | Jul | Aug | Sep | Oct | Nov | Dec
2017: Jan | Feb | Mar | Apr | May | Jun | Jul | Aug | Sep | Oct | Nov | Dec
2016: Jan | Feb | Mar | Apr | May | Jun | Jul | Aug | Sep | Oct | Nov | Dec
2015: Jan | Feb | Mar | Apr | May | Jun | Jul | Aug | Sep | Oct | Nov | Dec
2014: Jan | Feb | Mar | Apr | May | Jun | Jul | Aug | Sep | Oct | Nov | Dec
2013: Jan | Feb | Mar | Apr | May | Jun | Jul | Aug | Sep | Oct | Nov | Dec
2012: Jan | Feb | Mar | Apr | May | Jun | Jul | Aug | Sep | Oct | Nov | Dec
2011: Jan | Feb | Mar | Apr | May | Jun | Jul | Aug | Sep | Oct | Nov | Dec
2010: Jan | Feb | Mar | Apr | May | Jun | Jul | Aug | Sep | Oct | Nov | Dec
2009: Jan | Feb | Mar | Apr | May | Jun | Jul | Aug | Sep | Oct | Nov | Dec
2008: Jan | Feb | Mar | Apr | May | Jun | Jul | Aug | Sep | Oct | Nov | Dec
2007: Jan | Feb | Mar | Apr | May | Jun | Jul | Aug | Sep | Oct | Nov | Dec
2006: Jan | Feb | Mar | Apr | May | Jun | Jul | Aug | Sep | Oct | Nov | Dec
2005: Jan | Feb | Mar | Apr | May | Jun | Jul | Aug | Sep | Oct | Nov | Dec
2004: Jan | Feb | Mar | Apr | May | Jun | Jul | Aug | Sep | Oct | Nov | Dec
2003: Jan | Feb | Mar | Apr | May | Jun | Jul | Aug | Sep | Oct | Nov | Dec
Report for 2006 01
MONTHLY CLIMATOLOGICAL SUMMARY for JAN. 2006
NAME: Station1 CITY: Lancaster STATE: Ohio
ELEV: 980 ft LAT: 39° 45' 13" N LONG: 82° 34' 06" W
TEMPERATURE (°F), RAIN (in), WIND SPEED (mph)
HEAT COOL AVG
MEAN DEG DEG WIND DOM
DAY TEMP HIGH TIME LOW TIME DAYS DAYS RAIN SPEED HIGH TIME DIR
------------------------------------------------------------------------------------
1 38.0 46.0 2:15p 28.0 8:30a 27.0 0.0 0.00 1.9 13.0 11:45a SE
2 46.2 50.0 10:00p 41.1 5:00a 18.8 0.0 0.69 1.7 13.0 9:30p SE
3 43.7 48.6 3:00a 40.8 9:30p 21.3 0.0 0.05 2.4 17.0 4:15a SW
4 44.4 53.1 4:15p 40.1 11:45p 20.6 0.0 0.01 5.1 26.0 7:45p SSW
5 35.1 40.1 12:15a 33.0 9:30p 29.9 0.0 0.06 3.5 22.0 1:15a W
6 28.2 33.1 12:15a 25.1 11:15a 36.8 0.0 0.01 3.6 18.0 8:30a NNW
7 32.1 39.5 4:15p 26.3 12:15a 32.9 0.0 0.00 6.0 25.0 3:00p SW
8 42.3 56.8 11:45p 31.7 8:45a 22.7 0.0 0.00 3.3 30.0 10:45p SSE
9 44.3 57.0 1:45a 36.2 11:45p 20.7 0.0 0.00 5.3 33.0 5:30a W
10 39.8 47.2 2:15p 34.3 5:45a 25.2 0.0 0.02 1.5 13.0 11:00a ESE
11 42.9 50.3 10:15a 35.5 11:30p 22.1 0.0 0.13 4.7 32.0 1:00p SW
12 40.7 54.6 3:30p 28.0 7:30a 24.3 0.0 0.00 2.0 18.0 1:15p S
13 50.0 61.4 12:30p 40.5 12:15a 15.0 0.0 0.24 4.5 36.0 2:45p SSW
14 31.3 43.5 12:15a 25.6 12:00m 33.7 0.0 0.28 9.5 34.0 11:15a N
15 28.8 37.6 2:30p 21.1 7:45a 36.2 0.0 0.00 0.7 11.0 12:30p NNW
16 36.9 51.5 3:15p 26.8 4:30a 28.1 0.0 0.00 1.2 11.0 2:00p SE
17 47.4 53.5 2:15p 37.5 12:00m 17.6 0.0 0.82 4.1 28.0 11:45a SSE
18 27.7 37.5 12:15a 25.0 8:30a 37.3 0.0 0.07 8.0 32.0 1:15p SW
19 42.0 57.0 4:15p 26.6 3:15a 23.0 0.0 0.00 4.9 25.0 1:00p SSW
20 53.8 57.3 3:45p 50.6 12:15a 11.2 0.0 0.00 7.4 28.0 5:00a SSW
21 42.0 55.2 6:30a 25.6 11:15p 23.0 0.0 0.00 6.0 37.0 9:30a N
22 31.4 39.1 8:00p 23.4 6:45a 33.6 0.0 0.18 1.0 11.0 9:15a ENE
23 36.8 45.1 4:30p 23.5 12:00m 28.2 0.0 0.31 2.0 14.0 10:30a N
24 33.8 46.6 1:45p 20.9 5:45a 31.2 0.0 0.01 7.0 34.0 1:15p SSW
25 31.3 35.6 12:15a 29.3 12:00m 33.7 0.0 0.02 6.4 32.0 2:45a NW
26 29.5 35.9 3:45p 22.8 12:00m 35.5 0.0 0.00 2.9 19.0 5:00a N
27 31.6 43.9 2:30p 17.6 8:00a 33.4 0.0 0.00 1.0 13.0 12:15p SSW
28 47.3 58.2 3:45p 35.0 3:00a 17.7 0.0 0.00 3.4 24.0 11:15a SW
29 49.6 56.0 12:30p 42.6 6:15a 15.4 0.0 0.14 7.3 40.0 2:00p SW
30 44.7 53.8 12:15p 34.8 11:00p 20.3 0.0 0.01 4.8 29.0 3:15p SSW
31 33.1 35.3 12:15a 31.7 8:30a 31.9 0.0 0.00 2.6 17.0 3:15p W
-------------------------------------------------------------------------------------
38.9 61.4 13 17.6 27 808.3 0.0 3.05 4.1 40.0 29 SSW
Max >= 90.0: 0
Max <= 32.0: 0
Min <= 32.0: 18
Min <= 0.0: 0
Max Rain: 0.82 ON 01/17/06
Days of Rain: 13 (>.01 in) 8 (>.1 in) 0 (>1 in)
Heat Base: 65.0 Cool Base: 65.0 Method: Integration
|