Weather Information | Photos of Local Events | Personal Weather Stations Links | Lancaster Links | Site Map

NOAA Report Archive
(Reports Generated by WeatherLink)
2017: Jan | Feb | Mar | Apr | May | Jun | Jul | Aug | Sep | Oct | Nov | Dec 
2016: Jan | Feb | Mar | Apr | May | Jun | Jul | Aug | Sep | Oct | Nov | Dec 
2015: Jan | Feb | Mar | Apr | May | Jun | Jul | Aug | Sep | Oct | Nov | Dec 
2014: Jan | Feb | Mar | Apr | May | Jun | Jul | Aug | Sep | Oct | Nov | Dec 
2013: Jan | Feb | Mar | Apr | May | Jun | Jul | Aug | Sep | Oct | Nov | Dec 
2012: Jan | Feb | Mar | Apr | May | Jun | Jul | Aug | Sep | Oct | Nov | Dec 
2011: Jan | Feb | Mar | Apr | May | Jun | Jul | Aug | Sep | Oct | Nov | Dec 
2010: Jan | Feb | Mar | Apr | May | Jun | Jul | Aug | Sep | Oct | Nov | Dec 
2009: Jan | Feb | Mar | Apr | May | Jun | Jul | Aug | Sep | Oct | Nov | Dec 
2008: Jan | Feb | Mar | Apr | May | Jun | Jul | Aug | Sep | Oct | Nov | Dec 
2007: Jan | Feb | Mar | Apr | May | Jun | Jul | Aug | Sep | Oct | Nov | Dec 
2006: Jan | Feb | Mar | Apr | May | Jun | Jul | Aug | Sep | Oct | Nov | Dec 
2005: Jan | Feb | Mar | Apr | May | Jun | Jul | Aug | Sep | Oct | Nov | Dec 
2004: Jan | Feb | Mar | Apr | May | Jun | Jul | Aug | Sep | Oct | Nov | Dec 
2003: Jan | Feb | Mar | Apr | May | Jun | Jul | Aug | Sep | Oct | Nov | Dec 

Report for 2006 02
MONTHLY CLIMATOLOGICAL SUMMARY for FEB. 2006 NAME: Station1 CITY: Lancaster STATE: Ohio ELEV: 980 ft LAT: 39 45' 13" N LONG: 82 34' 06" W TEMPERATURE (F), RAIN (in), WIND SPEED (mph) HEAT COOL AVG MEAN DEG DEG WIND DOM DAY TEMP HIGH TIME LOW TIME DAYS DAYS RAIN SPEED HIGH TIME DIR ------------------------------------------------------------------------------------ 1 35.2 44.8 3:30p 24.8 6:15a 29.8 0.0 0.00 2.3 21.0 4:00p SSW 2 41.7 48.5 11:45a 35.6 3:30a 23.3 0.0 0.02 1.1 14.0 7:45p S 3 40.5 46.3 4:45p 33.9 9:30p 24.5 0.0 0.26 2.6 19.0 9:00a SSW 4 36.5 40.3 5:15a 30.9 12:00m 28.5 0.0 0.59 5.1 28.0 4:30p N 5 25.8 30.9 12:15a 23.5 10:15a 39.2 0.0 0.03 8.4 33.0 2:00p WSW 6 25.8 37.3 6:30p 23.7 2:15a 23.3 0.0 0.00 3.4 27.0 7:00a SW 7 24.0 29.1 1:45p 14.6 7:00a 41.0 0.0 0.00 1.7 14.0 3:00p W 8 24.2 31.1 12:00p 16.2 12:00m 40.8 0.0 0.00 1.7 14.0 12:45p WSW 9 22.2 31.4 2:30p 12.5 7:45a 42.8 0.0 0.00 2.2 20.0 3:45p W 10 29.2 37.6 3:00p 20.3 12:15a 35.8 0.0 0.00 2.3 21.0 12:30p SSW 11 29.7 35.2 2:30p 26.6 11:30p 35.3 0.0 0.00 2.4 14.0 3:15p N 12 24.8 30.8 1:00p 16.8 10:15p 40.2 0.0 0.00 3.0 21.0 12:45p NNW 13 25.8 29.3 4:00p 22.9 8:45a 39.2 0.0 0.00 6.7 28.0 1:30p SSW 14 38.3 50.7 4:15p 26.9 4:15a 26.7 0.0 0.00 7.2 29.0 10:30a SSW 15 48.4 58.9 3:00p 41.2 12:15a 16.6 0.0 0.00 7.1 28.0 1:45a SSW 16 55.8 64.3 9:30p 45.5 6:00a 9.2 0.0 0.06 6.2 36.0 10:45p SSW 17 34.9 64.0 12:15a 26.6 12:00m 30.1 0.0 0.35 6.3 37.0 1:45a WNW 18 16.5 26.9 12:30a 6.0 12:00m 48.5 0.0 0.00 4.7 21.0 8:30a NNW 19 13.3 22.9 3:45p 2.2 7:30a 51.7 0.0 0.00 1.8 17.0 11:30a SW 20 24.2 31.1 4:00p 17.1 7:30a 40.8 0.0 0.00 3.7 19.0 3:00p SW 21 30.8 41.9 3:45p 23.7 7:00a 34.2 0.0 0.00 4.8 26.0 11:30a SW 22 34.3 43.1 3:45p 21.1 7:30a 30.7 0.0 0.00 0.8 11.0 11:45a SW 23 39.8 50.4 2:30p 28.8 7:30a 25.2 0.0 0.00 4.9 31.0 5:00p W 24 31.9 41.9 4:15p 20.1 7:15a 33.1 0.0 0.00 2.0 13.0 12:15a S 25 40.5 50.0 11:30a 25.7 12:00m 24.5 0.0 0.00 7.4 32.0 7:30a N 26 24.1 31.4 3:15p 17.3 7:30a 40.9 0.0 0.00 4.2 19.0 11:30a NNW 27 29.4 39.2 5:30p 20.6 12:15a 35.6 0.0 0.00 2.3 21.0 8:15a SW 28 34.5 45.5 4:00p 26.9 8:00a 30.5 0.0 0.00 1.1 11.0 3:15p NNE ------------------------------------------------------------------------------------- 31.5 64.3 16 2.2 19 922.0 0.0 1.31 3.8 37.0 17 SSW Max >= 90.0: 0 Max <= 32.0: 10 Min <= 32.0: 24 Min <= 0.0: 0 Max Rain: 0.59 ON 02/04/06 Days of Rain: 6 (>.01 in) 3 (>.1 in) 0 (>1 in) Heat Base: 65.0 Cool Base: 65.0 Method: Integration
 
USA Weather Finder