Weather Information | Photos of Local Events | Personal Weather Stations Links | Lancaster Links | Site Map

NOAA Report Archive
(Reports Generated by WeatherLink)
2017: Jan | Feb | Mar | Apr | May | Jun | Jul | Aug | Sep | Oct | Nov | Dec 
2016: Jan | Feb | Mar | Apr | May | Jun | Jul | Aug | Sep | Oct | Nov | Dec 
2015: Jan | Feb | Mar | Apr | May | Jun | Jul | Aug | Sep | Oct | Nov | Dec 
2014: Jan | Feb | Mar | Apr | May | Jun | Jul | Aug | Sep | Oct | Nov | Dec 
2013: Jan | Feb | Mar | Apr | May | Jun | Jul | Aug | Sep | Oct | Nov | Dec 
2012: Jan | Feb | Mar | Apr | May | Jun | Jul | Aug | Sep | Oct | Nov | Dec 
2011: Jan | Feb | Mar | Apr | May | Jun | Jul | Aug | Sep | Oct | Nov | Dec 
2010: Jan | Feb | Mar | Apr | May | Jun | Jul | Aug | Sep | Oct | Nov | Dec 
2009: Jan | Feb | Mar | Apr | May | Jun | Jul | Aug | Sep | Oct | Nov | Dec 
2008: Jan | Feb | Mar | Apr | May | Jun | Jul | Aug | Sep | Oct | Nov | Dec 
2007: Jan | Feb | Mar | Apr | May | Jun | Jul | Aug | Sep | Oct | Nov | Dec 
2006: Jan | Feb | Mar | Apr | May | Jun | Jul | Aug | Sep | Oct | Nov | Dec 
2005: Jan | Feb | Mar | Apr | May | Jun | Jul | Aug | Sep | Oct | Nov | Dec 
2004: Jan | Feb | Mar | Apr | May | Jun | Jul | Aug | Sep | Oct | Nov | Dec 
2003: Jan | Feb | Mar | Apr | May | Jun | Jul | Aug | Sep | Oct | Nov | Dec 

Report for 2006 03
MONTHLY CLIMATOLOGICAL SUMMARY for MAR. 2006 NAME: Station1 CITY: Lancaster STATE: Ohio ELEV: 980 ft LAT: 39 45' 13" N LONG: 82 34' 06" W TEMPERATURE (F), RAIN (in), WIND SPEED (mph) HEAT COOL AVG MEAN DEG DEG WIND DOM DAY TEMP HIGH TIME LOW TIME DAYS DAYS RAIN SPEED HIGH TIME DIR ------------------------------------------------------------------------------------ 1 39.3 49.7 4:00p 30.0 7:45a 25.7 0.0 0.00 1.3 12.0 9:30a NE 2 41.5 56.2 8:45a 30.3 12:00m 23.5 0.0 0.01 4.9 27.0 10:45a NNW 3 27.1 31.5 1:45p 18.9 12:00m 37.9 0.0 0.00 3.3 16.0 12:45p NNW 4 26.6 40.5 3:45p 15.1 7:30a 38.4 0.0 0.00 1.9 17.0 3:00p NW 5 32.2 46.7 2:15p 14.1 7:00a 32.8 0.0 0.00 0.6 11.0 12:00p WNW 6 34.3 40.2 1:45a 27.7 11:45p 30.7 0.0 0.07 1.6 13.0 9:15p N 7 32.2 46.0 3:30p 22.3 6:00a 32.8 0.0 0.01 1.0 10.0 1:00p N 8 38.9 49.5 12:00m 27.4 12:30a 26.1 0.0 0.28 1.8 20.0 12:00m SSW 9 56.3 64.8 11:15p 46.7 3:45a 8.7 0.0 0.03 5.2 51.0 11:45p SSW 10 50.4 56.6 12:15a 36.5 12:00m 14.6 0.0 0.02 8.0 46.0 5:45a SW 11 42.8 53.5 4:30p 30.3 5:45a 19.2 0.0 0.18 0.7 14.0 4:30p ESE 12 55.7 62.2 3:30p 52.1 1:45a 9.0 0.0 1.40 1.9 19.0 5:30a S 13 59.7 69.9 11:00a 41.8 12:00m 5.8 0.5 0.60 6.8 35.0 5:00p SSW 14 37.1 43.2 3:15p 30.5 10:30a 27.9 0.0 0.00 9.5 38.0 3:30p W 15 36.3 44.8 4:15p 31.2 7:00a 28.7 0.0 0.00 4.8 25.0 10:15a W 16 38.5 47.6 1:15p 25.9 6:45a 26.2 0.0 0.00 2.1 17.0 5:00p NE 17 33.7 42.6 2:30p 24.1 11:15p 31.3 0.0 0.03 5.4 21.0 4:00a N 18 29.5 40.2 3:15p 18.2 7:00a 35.5 0.0 0.00 2.6 19.0 11:00a NW 19 32.7 45.8 3:45p 21.1 7:00a 32.3 0.0 0.00 2.4 19.0 2:00p W 20 32.0 39.9 2:15p 24.4 6:30a 33.0 0.0 0.00 2.2 18.0 10:00p NE 21 26.1 30.2 12:30p 23.7 11:30p 38.9 0.0 0.01 5.6 21.0 5:30a NE 22 27.6 33.9 6:00p 18.5 7:00a 37.4 0.0 0.00 2.2 17.0 11:30a W 23 36.3 47.2 12:30p 21.5 6:45a 28.7 0.0 0.00 0.7 11.0 1:15p W 24 35.6 42.3 5:30p 29.3 11:30p 29.1 0.0 0.05 0.5 10.0 6:00p NW 25 33.3 42.2 3:45p 27.5 1:15a 31.7 0.0 0.01 1.8 20.0 4:15p WNW 26 36.9 46.7 5:00p 25.7 12:00m 28.1 0.0 0.00 3.0 19.0 3:15p NNW 27 38.7 53.5 4:15p 20.6 6:30a 26.3 0.0 0.01 0.7 12.0 11:45a WSW 28 42.8 47.0 3:45p 40.5 7:15a 22.2 0.0 0.16 1.4 12.0 10:30a ESE 29 46.7 60.3 2:15p 35.9 4:45a 18.3 0.0 0.00 0.4 10.0 12:45p NNW 30 51.1 71.1 4:30p 29.3 6:15a 15.0 1.1 0.00 1.3 24.0 2:45p SE 31 56.4 69.1 11:15a 42.6 2:45a 8.8 0.2 0.30 5.9 32.0 12:00p SSW ------------------------------------------------------------------------------------- 39.0 71.1 30 14.1 5 804.6 1.8 3.17 3.0 51.0 9 N Max >= 90.0: 0 Max <= 32.0: 2 Min <= 32.0: 24 Min <= 0.0: 0 Max Rain: 1.40 ON 03/12/06 Days of Rain: 11 (>.01 in) 6 (>.1 in) 1 (>1 in) Heat Base: 65.0 Cool Base: 65.0 Method: Integration
 
USA Weather Finder