Weather Information | Photos of Local Events | Personal Weather Stations Links | Lancaster Links | Site Map

NOAA Report Archive
(Reports Generated by WeatherLink)
2017: Jan | Feb | Mar | Apr | May | Jun | Jul | Aug | Sep | Oct | Nov | Dec 
2016: Jan | Feb | Mar | Apr | May | Jun | Jul | Aug | Sep | Oct | Nov | Dec 
2015: Jan | Feb | Mar | Apr | May | Jun | Jul | Aug | Sep | Oct | Nov | Dec 
2014: Jan | Feb | Mar | Apr | May | Jun | Jul | Aug | Sep | Oct | Nov | Dec 
2013: Jan | Feb | Mar | Apr | May | Jun | Jul | Aug | Sep | Oct | Nov | Dec 
2012: Jan | Feb | Mar | Apr | May | Jun | Jul | Aug | Sep | Oct | Nov | Dec 
2011: Jan | Feb | Mar | Apr | May | Jun | Jul | Aug | Sep | Oct | Nov | Dec 
2010: Jan | Feb | Mar | Apr | May | Jun | Jul | Aug | Sep | Oct | Nov | Dec 
2009: Jan | Feb | Mar | Apr | May | Jun | Jul | Aug | Sep | Oct | Nov | Dec 
2008: Jan | Feb | Mar | Apr | May | Jun | Jul | Aug | Sep | Oct | Nov | Dec 
2007: Jan | Feb | Mar | Apr | May | Jun | Jul | Aug | Sep | Oct | Nov | Dec 
2006: Jan | Feb | Mar | Apr | May | Jun | Jul | Aug | Sep | Oct | Nov | Dec 
2005: Jan | Feb | Mar | Apr | May | Jun | Jul | Aug | Sep | Oct | Nov | Dec 
2004: Jan | Feb | Mar | Apr | May | Jun | Jul | Aug | Sep | Oct | Nov | Dec 
2003: Jan | Feb | Mar | Apr | May | Jun | Jul | Aug | Sep | Oct | Nov | Dec 

Report for 2006 04
MONTHLY CLIMATOLOGICAL SUMMARY for APR. 2006 NAME: Station1 CITY: Lancaster STATE: Ohio ELEV: 980 ft LAT: 39 45' 13" N LONG: 82 34' 06" W TEMPERATURE (F), RAIN (in), WIND SPEED (mph) HEAT COOL AVG MEAN DEG DEG WIND DOM DAY TEMP HIGH TIME LOW TIME DAYS DAYS RAIN SPEED HIGH TIME DIR ------------------------------------------------------------------------------------ 1 50.8 58.2 12:15a 45.8 12:00m 14.2 0.0 0.01 4.6 35.0 12:15a W 2 53.3 64.8 5:45p 44.2 6:30a 11.2 0.0 0.08 2.0 19.0 12:00m ESE 3 50.1 64.5 11:45a 38.1 11:45p 14.9 0.0 0.30 7.3 35.0 3:30p SSW 4 43.0 53.5 4:45p 31.5 6:30a 22.0 0.0 0.00 5.5 35.0 5:30p W 5 45.4 55.9 4:45p 35.5 8:00a 19.6 0.0 0.00 4.4 27.0 2:30p WNW 6 50.1 61.9 3:00p 39.3 7:30a 14.9 0.0 0.01 2.0 28.0 9:00p SSW 7 57.9 76.9 4:15p 48.5 12:00m 9.1 2.1 0.82 4.9 35.0 5:45p SE 8 39.5 48.5 12:15a 30.0 12:00m 25.5 0.0 0.00 8.4 25.0 4:30a N 9 39.3 54.4 4:45p 24.7 7:30a 25.7 0.0 0.00 1.6 14.0 11:45a N 10 48.0 65.9 5:45p 29.3 6:00a 17.0 0.0 0.00 0.8 14.0 3:00p NNE 11 57.0 75.1 4:45p 34.8 7:15a 10.9 2.9 0.00 1.6 20.0 2:00p SW 12 65.5 74.8 4:30p 52.2 2:00a 3.0 3.5 0.11 7.2 41.0 12:15p SSW 13 64.5 78.0 5:45p 47.9 7:15a 4.5 4.0 0.00 1.5 19.0 6:15p W 14 64.8 78.0 3:15p 55.3 6:00a 3.3 3.1 0.73 5.4 30.0 5:30a SW 15 63.2 73.7 5:30p 53.1 11:30p 3.7 2.0 0.51 2.5 28.0 3:30a NNW 16 58.7 71.8 5:15p 46.9 8:00a 7.3 1.1 0.11 2.6 14.0 10:15a NE 17 54.6 65.9 5:00p 46.3 8:30a 10.4 0.0 0.14 5.3 19.0 3:15p N 18 53.8 68.9 5:15p 38.1 6:45a 11.7 0.5 0.00 1.8 13.0 3:45p NNE 19 59.0 74.8 5:00p 46.0 6:00a 8.3 2.2 0.00 1.7 14.0 1:30p NE 20 61.6 79.1 2:45p 40.5 6:45a 7.6 4.3 0.00 0.8 18.0 8:00p E 21 62.5 70.6 11:15a 57.6 11:45p 3.1 0.8 0.36 0.9 21.0 1:45p S 22 61.4 72.7 4:15p 54.1 10:30p 5.3 1.7 0.06 1.7 20.0 3:00p SW 23 58.9 68.8 4:30p 50.1 7:15a 6.5 0.3 0.33 2.8 21.0 12:00p W 24 54.6 67.1 5:45p 41.3 7:30a 10.6 0.1 0.00 1.7 13.0 12:45a NNW 25 47.7 68.4 11:45a 33.7 12:00m 17.5 0.2 0.18 3.4 28.0 3:00p N 26 43.3 58.8 6:00p 28.8 7:00a 21.7 0.0 0.01 1.7 13.0 10:45a N 27 52.0 69.9 4:15p 30.3 6:45a 13.7 0.7 0.00 1.4 16.0 10:45a W 28 53.2 67.6 4:45p 37.5 7:15a 11.9 0.1 0.00 1.8 14.0 11:45a NNE 29 55.6 70.5 5:00p 39.2 6:00a 10.4 1.0 0.00 1.6 13.0 10:15a E 30 59.7 68.3 6:00p 54.4 7:45a 5.6 0.3 0.00 1.8 24.0 10:45p E ------------------------------------------------------------------------------------- 54.3 79.1 20 24.7 9 351.1 30.9 3.76 3.0 41.0 12 N Max >= 90.0: 0 Max <= 32.0: 0 Min <= 32.0: 6 Min <= 0.0: 0 Max Rain: 0.82 ON 04/07/06 Days of Rain: 12 (>.01 in) 10 (>.1 in) 0 (>1 in) Heat Base: 65.0 Cool Base: 65.0 Method: Integration
 
USA Weather Finder