2024: Jan | Feb | Mar | Apr | May | Jun | Jul | Aug | Sep | Oct | Nov | Dec
2023: Jan | Feb | Mar | Apr | May | Jun | Jul | Aug | Sep | Oct | Nov | Dec
2022: Jan | Feb | Mar | Apr | May | Jun | Jul | Aug | Sep | Oct | Nov | Dec
2021: Jan | Feb | Mar | Apr | May | Jun | Jul | Aug | Sep | Oct | Nov | Dec
2020: Jan | Feb | Mar | Apr | May | Jun | Jul | Aug | Sep | Oct | Nov | Dec
2019: Jan | Feb | Mar | Apr | May | Jun | Jul | Aug | Sep | Oct | Nov | Dec
2018: Jan | Feb | Mar | Apr | May | Jun | Jul | Aug | Sep | Oct | Nov | Dec
2017: Jan | Feb | Mar | Apr | May | Jun | Jul | Aug | Sep | Oct | Nov | Dec
2016: Jan | Feb | Mar | Apr | May | Jun | Jul | Aug | Sep | Oct | Nov | Dec
2015: Jan | Feb | Mar | Apr | May | Jun | Jul | Aug | Sep | Oct | Nov | Dec
2014: Jan | Feb | Mar | Apr | May | Jun | Jul | Aug | Sep | Oct | Nov | Dec
2013: Jan | Feb | Mar | Apr | May | Jun | Jul | Aug | Sep | Oct | Nov | Dec
2012: Jan | Feb | Mar | Apr | May | Jun | Jul | Aug | Sep | Oct | Nov | Dec
2011: Jan | Feb | Mar | Apr | May | Jun | Jul | Aug | Sep | Oct | Nov | Dec
2010: Jan | Feb | Mar | Apr | May | Jun | Jul | Aug | Sep | Oct | Nov | Dec
2009: Jan | Feb | Mar | Apr | May | Jun | Jul | Aug | Sep | Oct | Nov | Dec
2008: Jan | Feb | Mar | Apr | May | Jun | Jul | Aug | Sep | Oct | Nov | Dec
2007: Jan | Feb | Mar | Apr | May | Jun | Jul | Aug | Sep | Oct | Nov | Dec
2006: Jan | Feb | Mar | Apr | May | Jun | Jul | Aug | Sep | Oct | Nov | Dec
2005: Jan | Feb | Mar | Apr | May | Jun | Jul | Aug | Sep | Oct | Nov | Dec
2004: Jan | Feb | Mar | Apr | May | Jun | Jul | Aug | Sep | Oct | Nov | Dec
2003: Jan | Feb | Mar | Apr | May | Jun | Jul | Aug | Sep | Oct | Nov | Dec
Report for 2006 05
MONTHLY CLIMATOLOGICAL SUMMARY for MAY. 2006
NAME: Station1 CITY: Lancaster STATE: Ohio
ELEV: 980 ft LAT: 39° 45' 13" N LONG: 82° 34' 06" W
TEMPERATURE (°F), RAIN (in), WIND SPEED (mph)
HEAT COOL AVG
MEAN DEG DEG WIND DOM
DAY TEMP HIGH TIME LOW TIME DAYS DAYS RAIN SPEED HIGH TIME DIR
------------------------------------------------------------------------------------
1 59.6 71.8 4:45p 50.3 12:00m 6.8 1.4 0.00 1.3 14.0 12:15a ESE
2 58.2 69.8 4:45p 47.8 1:30a 7.4 0.6 0.15 1.6 19.0 4:00p ESE
3 62.0 71.5 6:15p 49.8 1:45a 3.1 1.1 0.00 1.5 19.0 11:30a N
4 62.5 73.9 1:30p 51.3 12:45a 4.5 2.0 0.01 0.9 14.0 12:15p W
5 59.2 72.3 4:30p 43.8 5:45a 7.2 1.4 0.00 1.2 16.0 3:00p NW
6 53.5 62.1 3:00p 45.1 11:00p 11.5 0.0 0.00 2.4 17.0 12:15a N
7 48.6 62.2 4:30p 36.2 6:45a 16.4 0.0 0.00 0.9 11.0 1:15p NE
8 53.7 71.5 3:15p 35.8 4:30a 12.1 0.8 0.00 1.4 16.0 4:30p E
9 57.7 73.0 5:15p 39.8 6:45a 9.0 1.7 0.00 0.8 13.0 2:30p SSE
10 62.5 70.5 1:30p 55.2 7:15a 3.4 0.9 0.07 0.8 14.0 2:00p SE
11 55.7 64.2 4:00a 47.2 9:15p 9.3 0.0 0.07 6.2 28.0 5:00p SW
12 47.7 51.3 4:45p 45.0 8:30p 17.3 0.0 0.24 3.3 20.0 4:45a SSW
13 52.5 65.0 3:15p 45.2 12:15a 12.5 0.0 0.03 1.4 20.0 4:00p SSE
14 49.4 52.3 10:00a 42.3 12:00m 15.6 0.0 0.14 0.5 11.0 5:15p W
15 47.9 59.2 5:00p 39.2 1:45a 17.1 0.0 0.04 0.9 17.0 4:45p SSW
16 53.2 65.4 4:30p 47.0 2:30a 11.8 0.0 0.19 2.3 19.0 4:00p SW
17 55.0 66.8 4:45p 48.5 4:15a 10.0 0.0 0.39 3.2 26.0 5:30p SW
18 51.0 59.9 12:15p 43.8 11:00p 14.0 0.0 0.47 3.3 26.0 12:30p SW
19 52.1 64.3 6:00p 42.9 5:00a 12.9 0.0 0.23 2.9 21.0 4:45a W
20 53.1 65.0 5:15p 41.1 4:45a 11.9 0.0 0.00 1.7 18.0 12:15p NW
21 52.8 65.0 4:30p 40.6 3:00a 12.2 0.0 0.00 3.0 18.0 11:00a NNW
22 50.8 64.0 4:30p 35.3 6:30a 14.2 0.0 0.00 1.7 17.0 4:45p N
23 52.4 69.3 5:15p 33.1 6:45a 13.1 0.5 0.00 0.9 16.0 12:45p N
24 58.1 75.8 5:30p 36.9 5:45a 9.8 3.0 0.00 0.8 13.0 7:15p SSW
25 66.8 83.3 4:00p 53.4 6:15a 3.9 5.7 0.52 2.8 35.0 9:45p SSW
26 66.0 75.1 2:15p 59.2 3:00a 1.6 2.6 0.38 3.4 24.0 2:30p SSW
27 70.4 84.3 5:00p 57.3 6:30a 1.4 6.9 0.00 0.6 11.0 11:45a N
28 72.4 87.6 3:30p 56.0 6:30a 2.1 9.5 0.00 0.3 11.0 10:30a E
29 74.4 90.8 4:00p 57.0 6:30a 1.8 11.2 0.00 0.2 10.0 1:45p E
30 75.0 91.1 5:15p 58.0 6:30a 1.4 11.3 0.00 0.3 12.0 4:00p SSW
31 73.4 90.8 2:30p 62.7 5:45a 0.3 8.7 0.09 0.8 21.0 6:00p SW
-------------------------------------------------------------------------------------
58.3 91.1 30 33.1 23 275.6 69.3 3.02 1.7 35.0 25 SW
Max >= 90.0: 3
Max <= 32.0: 0
Min <= 32.0: 0
Min <= 0.0: 0
Max Rain: 0.52 ON 05/25/06
Days of Rain: 14 (>.01 in) 9 (>.1 in) 0 (>1 in)
Heat Base: 65.0 Cool Base: 65.0 Method: Integration
|