Weather Information | Photos of Local Events | Personal Weather Stations Links | Lancaster Links | Site Map

NOAA Report Archive
(Reports Generated by WeatherLink)
2017: Jan | Feb | Mar | Apr | May | Jun | Jul | Aug | Sep | Oct | Nov | Dec 
2016: Jan | Feb | Mar | Apr | May | Jun | Jul | Aug | Sep | Oct | Nov | Dec 
2015: Jan | Feb | Mar | Apr | May | Jun | Jul | Aug | Sep | Oct | Nov | Dec 
2014: Jan | Feb | Mar | Apr | May | Jun | Jul | Aug | Sep | Oct | Nov | Dec 
2013: Jan | Feb | Mar | Apr | May | Jun | Jul | Aug | Sep | Oct | Nov | Dec 
2012: Jan | Feb | Mar | Apr | May | Jun | Jul | Aug | Sep | Oct | Nov | Dec 
2011: Jan | Feb | Mar | Apr | May | Jun | Jul | Aug | Sep | Oct | Nov | Dec 
2010: Jan | Feb | Mar | Apr | May | Jun | Jul | Aug | Sep | Oct | Nov | Dec 
2009: Jan | Feb | Mar | Apr | May | Jun | Jul | Aug | Sep | Oct | Nov | Dec 
2008: Jan | Feb | Mar | Apr | May | Jun | Jul | Aug | Sep | Oct | Nov | Dec 
2007: Jan | Feb | Mar | Apr | May | Jun | Jul | Aug | Sep | Oct | Nov | Dec 
2006: Jan | Feb | Mar | Apr | May | Jun | Jul | Aug | Sep | Oct | Nov | Dec 
2005: Jan | Feb | Mar | Apr | May | Jun | Jul | Aug | Sep | Oct | Nov | Dec 
2004: Jan | Feb | Mar | Apr | May | Jun | Jul | Aug | Sep | Oct | Nov | Dec 
2003: Jan | Feb | Mar | Apr | May | Jun | Jul | Aug | Sep | Oct | Nov | Dec 

Report for 2006 06
MONTHLY CLIMATOLOGICAL SUMMARY for JUN. 2006 NAME: Station1 CITY: Lancaster STATE: Ohio ELEV: 980 ft LAT: 39 45' 13" N LONG: 82 34' 06" W TEMPERATURE (F), RAIN (in), WIND SPEED (mph) HEAT COOL AVG MEAN DEG DEG WIND DOM DAY TEMP HIGH TIME LOW TIME DAYS DAYS RAIN SPEED HIGH TIME DIR ------------------------------------------------------------------------------------ 1 70.2 86.0 3:00p 62.9 5:30a 0.2 5.3 0.72 1.5 19.0 4:00p SW 2 62.7 66.1 11:45a 57.1 12:00m 2.4 0.1 0.74 2.3 22.0 1:15p N 3 63.6 76.7 2:30p 48.9 6:45a 5.0 3.6 0.00 1.4 17.0 8:30p NW 4 60.0 70.3 1:00p 49.8 6:30a 5.6 0.6 0.00 2.4 19.0 1:45p N 5 63.1 77.8 5:30p 45.1 6:30a 6.1 4.2 0.03 2.1 17.0 12:15a N 6 66.9 83.1 2:45p 47.5 6:15a 5.2 7.2 0.00 0.5 11.0 2:45p N 7 64.8 78.9 11:30a 52.2 6:30a 4.2 4.0 0.65 1.0 21.0 6:45p SW 8 67.7 80.4 3:15p 57.7 5:30a 2.5 5.2 0.05 0.9 26.0 10:15p N 9 65.6 76.2 3:45p 55.9 3:30a 3.0 3.6 0.01 2.2 19.0 1:15p NNW 10 56.5 61.6 7:00p 51.2 12:00m 8.5 0.0 0.07 0.4 8.0 8:30a NE 11 56.4 64.5 2:30p 47.9 4:30a 8.6 0.0 0.02 0.3 11.0 12:00p E 12 60.2 71.0 4:45p 47.2 6:30a 5.7 0.9 0.00 2.0 13.0 12:45p N 13 63.0 75.8 4:45p 49.2 3:00a 5.1 3.1 0.00 1.1 11.0 10:45a NNE 14 64.5 78.2 3:45p 49.2 6:00a 4.5 4.0 0.00 2.6 17.0 5:15p N 15 65.2 80.8 4:00p 46.3 6:15a 5.4 5.6 0.00 0.9 11.0 1:45p N 16 67.8 84.7 4:30p 47.9 6:00a 4.9 7.7 0.00 0.2 8.0 2:00p E 17 71.7 88.0 4:15p 51.6 6:15a 3.5 10.2 0.00 1.3 17.0 2:15p SSW 18 75.6 86.6 3:15p 64.3 6:00a 0.0 10.6 0.00 3.4 25.0 8:45p SSW 19 73.7 84.5 4:15p 65.3 12:00m 0.0 8.7 0.11 3.4 21.0 7:45p SW 20 71.1 83.9 2:30p 57.0 6:00a 1.4 7.5 0.00 1.0 12.0 8:15a SSW 21 67.7 77.8 6:30p 60.6 5:30a 0.9 3.5 0.36 1.1 14.0 12:30p SSW 22 75.5 90.8 3:30p 64.5 9:15p 0.1 10.6 1.10 3.4 41.0 5:30p SW 23 66.5 74.6 4:30p 63.5 12:00m 0.1 1.6 0.38 0.4 20.0 2:30a WSW 24 70.1 82.4 5:00p 60.1 6:30a 1.1 6.1 0.01 1.3 12.0 11:00a NNE 25 69.1 81.6 4:15p 56.6 6:15a 1.7 5.8 0.00 0.4 7.0 1:15a NNE 26 70.9 77.7 1:30p 64.3 3:45a 0.0 5.5 0.00 0.3 10.0 12:15p ESE 27 70.6 83.4 4:00p 63.7 5:30a 0.1 5.8 0.12 0.7 17.0 6:15p SSW 28 69.5 81.8 3:00p 58.7 6:30a 1.7 6.2 0.10 2.2 21.0 9:30p SW 29 66.8 79.2 4:45p 53.9 6:00a 3.1 5.0 0.00 1.3 18.0 12:45p N 30 68.5 82.2 4:15p 53.3 6:00a 3.4 6.8 0.00 0.5 12.0 12:15p SW ------------------------------------------------------------------------------------- 66.8 90.8 22 45.1 5 94.0 149.0 4.47 1.4 41.0 22 N Max >= 90.0: 1 Max <= 32.0: 0 Min <= 32.0: 0 Min <= 0.0: 0 Max Rain: 1.10 ON 06/22/06 Days of Rain: 13 (>.01 in) 8 (>.1 in) 1 (>1 in) Heat Base: 65.0 Cool Base: 65.0 Method: Integration
 
USA Weather Finder