Weather Information | Photos of Local Events | Personal Weather Stations Links | Lancaster Links | Site Map

NOAA Report Archive
(Reports Generated by WeatherLink)
2017: Jan | Feb | Mar | Apr | May | Jun | Jul | Aug | Sep | Oct | Nov | Dec 
2016: Jan | Feb | Mar | Apr | May | Jun | Jul | Aug | Sep | Oct | Nov | Dec 
2015: Jan | Feb | Mar | Apr | May | Jun | Jul | Aug | Sep | Oct | Nov | Dec 
2014: Jan | Feb | Mar | Apr | May | Jun | Jul | Aug | Sep | Oct | Nov | Dec 
2013: Jan | Feb | Mar | Apr | May | Jun | Jul | Aug | Sep | Oct | Nov | Dec 
2012: Jan | Feb | Mar | Apr | May | Jun | Jul | Aug | Sep | Oct | Nov | Dec 
2011: Jan | Feb | Mar | Apr | May | Jun | Jul | Aug | Sep | Oct | Nov | Dec 
2010: Jan | Feb | Mar | Apr | May | Jun | Jul | Aug | Sep | Oct | Nov | Dec 
2009: Jan | Feb | Mar | Apr | May | Jun | Jul | Aug | Sep | Oct | Nov | Dec 
2008: Jan | Feb | Mar | Apr | May | Jun | Jul | Aug | Sep | Oct | Nov | Dec 
2007: Jan | Feb | Mar | Apr | May | Jun | Jul | Aug | Sep | Oct | Nov | Dec 
2006: Jan | Feb | Mar | Apr | May | Jun | Jul | Aug | Sep | Oct | Nov | Dec 
2005: Jan | Feb | Mar | Apr | May | Jun | Jul | Aug | Sep | Oct | Nov | Dec 
2004: Jan | Feb | Mar | Apr | May | Jun | Jul | Aug | Sep | Oct | Nov | Dec 
2003: Jan | Feb | Mar | Apr | May | Jun | Jul | Aug | Sep | Oct | Nov | Dec 

Report for 2006 07
MONTHLY CLIMATOLOGICAL SUMMARY for JUL. 2006 NAME: Station1 CITY: Lancaster STATE: Ohio ELEV: 980 ft LAT: 39 45' 13" N LONG: 82 34' 06" W TEMPERATURE (F), RAIN (in), WIND SPEED (mph) HEAT COOL AVG MEAN DEG DEG WIND DOM DAY TEMP HIGH TIME LOW TIME DAYS DAYS RAIN SPEED HIGH TIME DIR ------------------------------------------------------------------------------------ 1 73.6 89.3 5:15p 55.7 5:30a 2.6 11.2 0.00 2.5 21.0 1:30p SSW 2 81.2 90.7 3:30p 73.0 12:00m 0.0 16.2 0.12 4.0 36.0 3:45p SW 3 73.1 85.5 5:30p 67.1 12:00m 0.0 8.1 1.03 0.5 19.0 6:45p SSE 4 72.8 81.4 4:30p 67.1 12:15a 0.0 7.8 0.39 1.9 21.0 9:30a SW 5 69.0 78.1 4:00p 54.8 12:00m 0.7 4.8 0.22 2.6 17.0 3:00p N 6 63.8 77.6 3:45p 49.4 6:15a 5.1 3.9 0.00 1.2 13.0 2:00p NNE 7 65.6 78.6 3:45p 49.9 6:15a 4.5 5.1 0.00 0.7 12.0 2:45p NNE 8 67.8 81.1 5:45p 53.2 6:30a 3.4 6.2 0.00 0.1 10.0 5:45p ESE 9 69.8 82.8 2:45p 56.6 5:30a 2.3 7.2 0.00 0.9 17.0 3:45p SW 10 73.4 87.4 5:30p 58.9 6:45a 1.5 9.8 0.00 3.1 24.0 5:00p SW 11 71.2 79.9 10:45a 63.5 4:30a 0.1 6.3 0.05 1.8 21.0 1:30p SSW 12 74.6 80.5 5:30p 70.6 4:15a 0.0 9.6 0.59 4.5 29.0 5:30p SW 13 75.1 84.7 6:00p 71.1 12:00m 0.0 10.1 0.91 0.0 0.0 --- --- 14 75.4 87.4 2:15p 67.8 5:45a 0.0 10.4 0.17 0.4 25.0 9:30p SSW 15 77.9 89.9 4:30p 69.8 3:00a 0.0 12.9 0.01 0.9 13.0 1:15p N 16 80.2 94.5 4:30p 65.8 6:00a 0.0 15.2 0.00 0.1 7.0 1:30p NNE 17 80.0 93.8 4:45p 65.5 6:15a 0.0 15.0 0.00 0.6 12.0 12:15p SSW 18 76.2 91.2 2:45p 67.3 6:30a 0.0 11.2 0.26 0.4 21.0 6:30p NNW 19 78.1 91.8 4:15p 66.6 7:00a 0.0 13.1 0.00 0.6 8.0 9:30a NNE 20 77.1 90.3 1:45p 67.9 6:45a 0.0 12.1 0.05 0.6 17.0 2:45p SW 21 78.4 89.9 4:30p 69.8 6:30a 0.0 13.4 0.01 0.6 12.0 10:00p NNE 22 69.8 80.5 4:15p 63.1 8:45a 0.2 5.0 0.27 1.9 19.0 2:45a N 23 70.0 82.8 5:15p 56.6 7:00a 1.8 6.8 0.00 0.5 10.0 11:15a NNE 24 71.5 84.9 4:45p 56.3 6:15a 2.0 8.6 0.00 0.9 14.0 2:30p SSW 25 74.3 89.5 5:15p 58.9 6:30a 1.2 10.5 0.00 0.5 14.0 12:00p WSW 26 75.7 88.0 4:30p 61.6 6:45a 0.4 11.1 0.00 1.9 21.0 1:15p SSW 27 76.1 79.2 3:00p 72.5 11:45a 0.0 11.1 0.05 3.3 24.0 3:45p SW 28 76.9 85.5 5:00p 70.6 9:30a 0.0 11.9 0.08 4.5 25.0 3:30a SW 29 76.8 87.0 3:30p 71.6 7:15a 0.0 11.8 0.00 1.4 13.0 6:15p SW 30 80.2 92.3 2:30p 72.1 6:45a 0.0 15.2 0.00 0.8 14.0 5:15p W 31 80.8 93.2 3:30p 69.1 7:00a 0.0 15.3 0.00 1.1 13.0 4:15p SW ------------------------------------------------------------------------------------- 74.4 94.5 16 49.4 6 25.8 316.9 4.21 1.4 36.0 2 SW Max >= 90.0: 8 Max <= 32.0: 0 Min <= 32.0: 0 Min <= 0.0: 0 Max Rain: 1.03 ON 07/03/06 Days of Rain: 13 (>.01 in) 9 (>.1 in) 1 (>1 in) Heat Base: 65.0 Cool Base: 65.0 Method: Integration
 
USA Weather Finder