2024: Jan | Feb | Mar | Apr | May | Jun | Jul | Aug | Sep | Oct | Nov | Dec
2023: Jan | Feb | Mar | Apr | May | Jun | Jul | Aug | Sep | Oct | Nov | Dec
2022: Jan | Feb | Mar | Apr | May | Jun | Jul | Aug | Sep | Oct | Nov | Dec
2021: Jan | Feb | Mar | Apr | May | Jun | Jul | Aug | Sep | Oct | Nov | Dec
2020: Jan | Feb | Mar | Apr | May | Jun | Jul | Aug | Sep | Oct | Nov | Dec
2019: Jan | Feb | Mar | Apr | May | Jun | Jul | Aug | Sep | Oct | Nov | Dec
2018: Jan | Feb | Mar | Apr | May | Jun | Jul | Aug | Sep | Oct | Nov | Dec
2017: Jan | Feb | Mar | Apr | May | Jun | Jul | Aug | Sep | Oct | Nov | Dec
2016: Jan | Feb | Mar | Apr | May | Jun | Jul | Aug | Sep | Oct | Nov | Dec
2015: Jan | Feb | Mar | Apr | May | Jun | Jul | Aug | Sep | Oct | Nov | Dec
2014: Jan | Feb | Mar | Apr | May | Jun | Jul | Aug | Sep | Oct | Nov | Dec
2013: Jan | Feb | Mar | Apr | May | Jun | Jul | Aug | Sep | Oct | Nov | Dec
2012: Jan | Feb | Mar | Apr | May | Jun | Jul | Aug | Sep | Oct | Nov | Dec
2011: Jan | Feb | Mar | Apr | May | Jun | Jul | Aug | Sep | Oct | Nov | Dec
2010: Jan | Feb | Mar | Apr | May | Jun | Jul | Aug | Sep | Oct | Nov | Dec
2009: Jan | Feb | Mar | Apr | May | Jun | Jul | Aug | Sep | Oct | Nov | Dec
2008: Jan | Feb | Mar | Apr | May | Jun | Jul | Aug | Sep | Oct | Nov | Dec
2007: Jan | Feb | Mar | Apr | May | Jun | Jul | Aug | Sep | Oct | Nov | Dec
2006: Jan | Feb | Mar | Apr | May | Jun | Jul | Aug | Sep | Oct | Nov | Dec
2005: Jan | Feb | Mar | Apr | May | Jun | Jul | Aug | Sep | Oct | Nov | Dec
2004: Jan | Feb | Mar | Apr | May | Jun | Jul | Aug | Sep | Oct | Nov | Dec
2003: Jan | Feb | Mar | Apr | May | Jun | Jul | Aug | Sep | Oct | Nov | Dec
Report for 2006 08
MONTHLY CLIMATOLOGICAL SUMMARY for AUG. 2006
NAME: Station1 CITY: Lancaster STATE: Ohio
ELEV: 980 ft LAT: 39° 45' 13" N LONG: 82° 34' 06" W
TEMPERATURE (°F), RAIN (in), WIND SPEED (mph)
HEAT COOL AVG
MEAN DEG DEG WIND DOM
DAY TEMP HIGH TIME LOW TIME DAYS DAYS RAIN SPEED HIGH TIME DIR
------------------------------------------------------------------------------------
1 82.4 95.4 4:15p 70.6 6:30a 0.0 17.5 0.00 1.1 17.0 4:30p SW
2 83.3 94.7 5:00p 71.1 5:45a 0.0 18.3 0.00 2.0 19.0 12:00p SW
3 80.6 92.9 3:45p 71.8 11:30p 0.0 15.6 0.01 2.1 27.0 5:15p SW
4 76.1 86.3 3:45p 63.9 12:00m 0.0 11.1 0.01 2.6 14.0 9:15a N
5 73.2 87.8 4:00p 58.1 6:30a 1.4 9.7 0.00 1.1 12.0 2:15p NNE
6 76.2 91.0 3:15p 63.7 6:45a 0.1 11.2 0.00 0.4 19.0 4:00p NE
7 78.0 90.3 3:30p 70.3 6:30a 0.0 13.0 0.08 1.0 19.0 4:00p SW
8 75.4 84.7 2:30p 65.3 11:45p 0.0 10.4 0.00 1.5 14.0 12:45p NNE
9 71.8 84.7 2:30p 58.3 5:15a 1.5 8.3 0.00 0.2 7.0 3:45p NNE
10 74.0 85.1 1:45p 65.0 6:15a 0.0 9.0 0.04 0.0 2.0 11:45a NNE
11 71.4 81.6 4:45p 63.5 11:45p 0.1 6.5 0.00 1.0 12.0 3:30p NNE
12 68.4 82.4 4:15p 54.2 7:00a 2.4 5.7 0.00 1.5 12.0 12:45p NNE
13 70.2 84.7 5:15p 54.1 6:15a 2.6 7.9 0.00 0.2 11.0 3:30p NE
14 72.8 86.1 2:30p 62.0 6:30a 0.6 8.4 0.53 3.0 26.0 2:15p SW
15 72.2 84.5 4:45p 60.4 12:00m 0.6 7.8 0.00 1.0 11.0 2:30p N
16 70.3 85.7 4:00p 54.2 7:00a 2.9 8.2 0.00 0.8 12.0 2:00p NNE
17 72.6 90.3 4:00p 56.9 7:15a 2.1 9.7 0.00 0.0 8.0 3:45p ESE
18 72.5 87.0 4:15p 65.5 4:00a 0.0 7.5 0.52 0.3 19.0 6:15p S
19 76.4 87.2 3:15p 69.1 12:00m 0.0 11.4 0.00 1.9 24.0 2:00p SE
20 70.9 80.7 4:00p 59.0 12:00m 0.4 5.9 0.00 1.7 13.0 4:00p N
21 66.7 82.2 4:00p 51.6 7:00a 4.3 6.0 0.00 0.6 12.0 12:00p N
22 68.8 84.9 3:30p 51.7 6:45a 4.1 7.8 0.00 0.3 11.0 2:30p NNE
23 70.2 86.7 5:00p 54.1 6:00a 3.2 8.4 0.00 0.5 12.0 2:30p SSW
24 72.5 87.2 3:00p 58.0 7:00a 1.4 8.9 0.00 0.8 13.0 4:45p SSW
25 73.9 88.2 2:30p 59.8 6:15a 0.9 9.8 0.00 0.5 13.0 2:45p SW
26 74.5 89.7 3:30p 59.9 7:15a 0.9 10.4 0.02 0.3 16.0 10:00p S
27 75.8 84.3 2:45p 70.6 4:15a 0.0 10.8 0.12 1.8 19.0 3:15p WSW
28 71.5 75.6 5:30p 67.9 5:45a 0.0 6.5 0.64 0.2 7.0 3:00p ESE
29 75.0 82.2 4:15p 68.1 12:00m 0.0 10.0 0.58 1.9 14.0 3:30a SW
30 68.4 77.7 4:00p 61.6 6:30a 0.5 3.9 0.00 1.7 13.0 6:45p NNE
31 67.4 72.0 2:00p 64.7 12:00m 0.0 2.5 0.15 2.5 13.0 10:45a NNE
-------------------------------------------------------------------------------------
73.3 95.4 1 51.6 21 30.0 288.1 2.70 1.1 27.0 3 NNE
Max >= 90.0: 6
Max <= 32.0: 0
Min <= 32.0: 0
Min <= 0.0: 0
Max Rain: 0.64 ON 08/28/06
Days of Rain: 9 (>.01 in) 6 (>.1 in) 0 (>1 in)
Heat Base: 65.0 Cool Base: 65.0 Method: Integration
|