Weather Information | Photos of Local Events | Personal Weather Stations Links | Lancaster Links | Site Map

NOAA Report Archive
(Reports Generated by WeatherLink)
2017: Jan | Feb | Mar | Apr | May | Jun | Jul | Aug | Sep | Oct | Nov | Dec 
2016: Jan | Feb | Mar | Apr | May | Jun | Jul | Aug | Sep | Oct | Nov | Dec 
2015: Jan | Feb | Mar | Apr | May | Jun | Jul | Aug | Sep | Oct | Nov | Dec 
2014: Jan | Feb | Mar | Apr | May | Jun | Jul | Aug | Sep | Oct | Nov | Dec 
2013: Jan | Feb | Mar | Apr | May | Jun | Jul | Aug | Sep | Oct | Nov | Dec 
2012: Jan | Feb | Mar | Apr | May | Jun | Jul | Aug | Sep | Oct | Nov | Dec 
2011: Jan | Feb | Mar | Apr | May | Jun | Jul | Aug | Sep | Oct | Nov | Dec 
2010: Jan | Feb | Mar | Apr | May | Jun | Jul | Aug | Sep | Oct | Nov | Dec 
2009: Jan | Feb | Mar | Apr | May | Jun | Jul | Aug | Sep | Oct | Nov | Dec 
2008: Jan | Feb | Mar | Apr | May | Jun | Jul | Aug | Sep | Oct | Nov | Dec 
2007: Jan | Feb | Mar | Apr | May | Jun | Jul | Aug | Sep | Oct | Nov | Dec 
2006: Jan | Feb | Mar | Apr | May | Jun | Jul | Aug | Sep | Oct | Nov | Dec 
2005: Jan | Feb | Mar | Apr | May | Jun | Jul | Aug | Sep | Oct | Nov | Dec 
2004: Jan | Feb | Mar | Apr | May | Jun | Jul | Aug | Sep | Oct | Nov | Dec 
2003: Jan | Feb | Mar | Apr | May | Jun | Jul | Aug | Sep | Oct | Nov | Dec 

Report for 2006 09
MONTHLY CLIMATOLOGICAL SUMMARY for SEP. 2006 NAME: Station1 CITY: Lancaster STATE: Ohio ELEV: 980 ft LAT: 39 45' 13" N LONG: 82 34' 06" W TEMPERATURE (F), RAIN (in), WIND SPEED (mph) HEAT COOL AVG MEAN DEG DEG WIND DOM DAY TEMP HIGH TIME LOW TIME DAYS DAYS RAIN SPEED HIGH TIME DIR ------------------------------------------------------------------------------------ 1 62.0 65.6 5:45p 57.5 11:45p 3.0 0.0 0.28 2.9 17.0 1:00p NE 2 59.4 65.8 2:45p 55.9 7:15a 5.6 0.0 0.04 2.6 19.0 4:00a NE 3 59.7 69.4 5:30p 50.5 4:30a 5.9 0.7 0.00 0.4 8.0 3:00p N 4 62.1 74.9 2:45p 50.7 5:45a 5.4 2.5 0.00 0.6 12.0 2:15p ENE 5 61.3 66.6 12:15p 57.2 9:45p 3.8 0.1 0.77 0.3 11.0 4:45p E 6 64.8 78.8 5:00p 54.8 5:15a 4.0 3.9 0.00 0.2 8.0 2:15p WNW 7 65.7 81.2 4:45p 51.6 7:30a 4.6 5.3 0.00 0.1 12.0 1:30p SW 8 66.7 83.2 4:00p 52.9 7:00a 4.2 5.9 0.00 0.4 11.0 12:30p SW 9 67.6 83.4 3:00p 53.3 6:45a 3.8 6.4 0.00 0.4 11.0 2:00p SSW 10 66.9 82.2 3:15p 56.2 5:45a 2.9 4.8 0.00 0.9 11.0 8:15p NE 11 67.1 79.4 4:45p 56.5 7:15a 2.6 4.6 0.00 0.4 10.0 3:45p NE 12 64.9 67.3 12:15a 63.1 11:00p 0.4 0.3 1.64 1.8 20.0 5:30p SSE 13 64.5 72.1 6:00p 58.0 12:00m 1.6 1.1 0.43 1.5 17.0 12:30a SSW 14 64.1 77.6 3:30p 53.8 5:15a 3.9 3.0 0.00 0.7 10.0 1:45p N 15 62.1 72.7 4:45p 52.2 5:30a 4.8 1.9 0.00 0.7 10.0 10:15a N 16 61.3 71.5 5:00p 54.5 2:30a 4.9 1.2 0.00 0.1 8.0 5:00p ESE 17 65.8 82.6 4:00p 54.1 3:00a 4.4 5.2 0.00 0.6 14.0 2:00p SSW 18 66.7 78.3 12:15p 57.8 2:15a 2.1 3.8 0.38 1.6 25.0 12:30p SSW 19 58.9 68.1 3:45p 52.5 7:30a 6.4 0.3 0.01 2.1 18.0 3:45p W 20 53.0 58.4 5:30p 44.6 12:00m 12.0 0.0 0.00 1.3 14.0 1:30a W 21 52.8 67.6 4:00p 38.9 7:30a 12.4 0.2 0.00 0.3 10.0 2:15p ESE 22 57.0 62.4 6:30p 47.6 1:30a 8.0 0.0 0.26 1.6 16.0 4:15p SSE 23 66.8 73.2 2:00p 61.6 12:15a 0.2 2.1 0.43 4.4 21.0 8:30a SSW 24 65.7 70.8 1:00p 57.8 10:15p 1.0 1.7 0.00 4.5 25.0 12:15p W 25 57.6 69.9 4:15p 43.3 7:00a 8.2 0.7 0.00 2.0 24.0 4:00p WSW 26 58.8 73.0 2:30p 46.2 6:15a 7.8 1.6 0.00 0.9 19.0 1:00p SW 27 61.9 74.6 2:30p 50.2 3:15a 5.6 2.5 0.01 2.3 22.0 4:30p SSW 28 54.6 61.2 12:15a 45.2 12:00m 10.4 0.0 0.79 2.0 14.0 12:30a N 29 49.2 59.6 5:00p 40.6 2:15a 15.8 0.0 0.01 1.2 16.0 5:45p SW 30 52.8 66.1 3:45p 41.1 1:15a 12.2 0.0 0.24 2.6 29.0 7:00p SSW ------------------------------------------------------------------------------------- 61.4 83.4 9 38.9 21 167.9 59.8 5.29 1.4 29.0 30 SSW Max >= 90.0: 0 Max <= 32.0: 0 Min <= 32.0: 0 Min <= 0.0: 0 Max Rain: 1.64 ON 09/12/06 Days of Rain: 10 (>.01 in) 9 (>.1 in) 1 (>1 in) Heat Base: 65.0 Cool Base: 65.0 Method: Integration
 
USA Weather Finder