Weather Information | Photos of Local Events | Personal Weather Stations Links | Lancaster Links | Site Map

NOAA Report Archive
(Reports Generated by WeatherLink)
2017: Jan | Feb | Mar | Apr | May | Jun | Jul | Aug | Sep | Oct | Nov | Dec 
2016: Jan | Feb | Mar | Apr | May | Jun | Jul | Aug | Sep | Oct | Nov | Dec 
2015: Jan | Feb | Mar | Apr | May | Jun | Jul | Aug | Sep | Oct | Nov | Dec 
2014: Jan | Feb | Mar | Apr | May | Jun | Jul | Aug | Sep | Oct | Nov | Dec 
2013: Jan | Feb | Mar | Apr | May | Jun | Jul | Aug | Sep | Oct | Nov | Dec 
2012: Jan | Feb | Mar | Apr | May | Jun | Jul | Aug | Sep | Oct | Nov | Dec 
2011: Jan | Feb | Mar | Apr | May | Jun | Jul | Aug | Sep | Oct | Nov | Dec 
2010: Jan | Feb | Mar | Apr | May | Jun | Jul | Aug | Sep | Oct | Nov | Dec 
2009: Jan | Feb | Mar | Apr | May | Jun | Jul | Aug | Sep | Oct | Nov | Dec 
2008: Jan | Feb | Mar | Apr | May | Jun | Jul | Aug | Sep | Oct | Nov | Dec 
2007: Jan | Feb | Mar | Apr | May | Jun | Jul | Aug | Sep | Oct | Nov | Dec 
2006: Jan | Feb | Mar | Apr | May | Jun | Jul | Aug | Sep | Oct | Nov | Dec 
2005: Jan | Feb | Mar | Apr | May | Jun | Jul | Aug | Sep | Oct | Nov | Dec 
2004: Jan | Feb | Mar | Apr | May | Jun | Jul | Aug | Sep | Oct | Nov | Dec 
2003: Jan | Feb | Mar | Apr | May | Jun | Jul | Aug | Sep | Oct | Nov | Dec 

Report for 2006 10
MONTHLY CLIMATOLOGICAL SUMMARY for OCT. 2006 NAME: Station1 CITY: Lancaster STATE: Ohio ELEV: 980 ft LAT: 39 45' 13" N LONG: 82 34' 06" W TEMPERATURE (F), RAIN (in), WIND SPEED (mph) HEAT COOL AVG MEAN DEG DEG WIND DOM DAY TEMP HIGH TIME LOW TIME DAYS DAYS RAIN SPEED HIGH TIME DIR ------------------------------------------------------------------------------------ 1 57.6 71.5 4:15p 46.4 12:00m 8.7 1.3 0.02 0.9 13.0 4:15p SW 2 60.2 79.0 4:00p 43.1 5:00a 8.1 3.4 0.00 1.2 14.0 8:30p SSW 3 65.2 79.9 3:00p 52.8 4:45a 4.1 4.3 0.00 0.8 14.0 1:45p SSW 4 69.8 84.9 4:00p 60.2 4:15a 1.0 5.8 1.73 3.0 41.0 6:00p SW 5 53.6 60.5 12:15a 46.2 12:00m 11.4 0.0 0.17 3.3 20.0 9:15p NNE 6 49.9 63.9 3:45p 40.8 7:45a 15.1 0.0 0.00 3.1 20.0 12:15p N 7 51.6 66.8 4:30p 38.0 8:00a 13.5 0.1 0.00 1.6 17.0 11:45a N 8 58.5 78.1 5:00p 42.9 6:15a 9.5 3.0 0.00 0.1 7.0 10:15a SSW 9 62.3 79.8 4:30p 49.1 8:00a 6.6 3.9 0.00 0.2 8.0 2:00p SSW 10 63.3 78.3 12:30p 50.8 8:00a 5.2 3.5 0.00 0.3 12.0 1:15p SSW 11 60.5 65.2 12:00p 49.1 12:00m 4.5 0.0 0.33 2.8 21.0 2:30p S 12 41.3 49.4 2:00a 34.0 8:00a 23.7 0.0 0.02 5.3 29.0 11:00a SW 13 43.1 54.1 4:15p 32.2 6:15a 21.9 0.0 0.00 6.5 36.0 4:45p SSW 14 44.8 54.8 4:30p 36.9 12:00m 20.2 0.0 0.00 4.1 29.0 12:30p SW 15 43.7 56.0 4:15p 31.6 6:45a 21.3 0.0 0.00 1.3 18.0 3:30p SW 16 50.0 57.8 3:15p 43.9 12:15a 15.0 0.0 0.11 0.6 12.0 12:00m E 17 57.7 65.0 8:00p 48.8 1:00a 7.3 0.0 1.33 4.7 28.0 11:15a SSW 18 58.2 64.0 3:00p 53.5 8:15a 6.8 0.0 0.01 0.3 10.0 12:00p N 19 55.0 63.5 11:30a 46.2 12:00m 9.9 0.0 0.29 1.4 13.0 9:45p N 20 43.3 46.7 4:00p 36.8 10:15p 21.4 0.0 0.24 1.8 17.0 7:00a W 21 45.2 58.9 4:45p 33.7 7:15a 19.8 0.0 0.00 0.8 13.0 12:00p SSW 22 45.8 52.3 10:15a 39.9 12:00m 19.2 0.0 0.01 4.5 30.0 1:30p W 23 37.0 39.9 12:15a 33.8 11:15a 28.0 0.0 0.00 3.0 20.0 9:30a W 24 39.2 46.4 3:00p 31.8 8:00a 25.8 0.0 0.00 2.0 18.0 1:30a W 25 39.9 50.2 3:30p 31.8 11:15p 25.1 0.0 0.00 0.6 10.0 10:15a W 26 37.6 44.8 1:15p 28.7 4:00a 27.4 0.0 0.08 0.5 11.0 12:45p ESE 27 45.7 49.4 4:45p 40.6 2:30a 19.3 0.0 1.19 0.4 8.0 3:45a ESE 28 44.6 49.8 2:45p 40.6 8:45a 20.4 0.0 0.31 6.1 36.0 2:30p W 29 45.7 56.3 3:45p 35.0 11:30p 19.3 0.0 0.00 4.5 27.0 9:15a W 30 53.9 71.6 2:30p 33.4 4:45a 12.3 1.2 0.00 2.7 24.0 2:00p SSW 31 56.8 62.9 10:45a 41.8 12:00m 8.2 0.0 0.29 4.7 25.0 6:45a SSW ------------------------------------------------------------------------------------- 51.0 84.9 4 28.7 26 460.0 26.5 6.13 2.4 41.0 4 SSW Max >= 90.0: 0 Max <= 32.0: 0 Min <= 32.0: 4 Min <= 0.0: 0 Max Rain: 1.73 ON 10/04/06 Days of Rain: 13 (>.01 in) 10 (>.1 in) 3 (>1 in) Heat Base: 65.0 Cool Base: 65.0 Method: Integration
 
USA Weather Finder