Weather Information | Photos of Local Events | Personal Weather Stations Links | Lancaster Links | Site Map

NOAA Report Archive
(Reports Generated by WeatherLink)
2017: Jan | Feb | Mar | Apr | May | Jun | Jul | Aug | Sep | Oct | Nov | Dec 
2016: Jan | Feb | Mar | Apr | May | Jun | Jul | Aug | Sep | Oct | Nov | Dec 
2015: Jan | Feb | Mar | Apr | May | Jun | Jul | Aug | Sep | Oct | Nov | Dec 
2014: Jan | Feb | Mar | Apr | May | Jun | Jul | Aug | Sep | Oct | Nov | Dec 
2013: Jan | Feb | Mar | Apr | May | Jun | Jul | Aug | Sep | Oct | Nov | Dec 
2012: Jan | Feb | Mar | Apr | May | Jun | Jul | Aug | Sep | Oct | Nov | Dec 
2011: Jan | Feb | Mar | Apr | May | Jun | Jul | Aug | Sep | Oct | Nov | Dec 
2010: Jan | Feb | Mar | Apr | May | Jun | Jul | Aug | Sep | Oct | Nov | Dec 
2009: Jan | Feb | Mar | Apr | May | Jun | Jul | Aug | Sep | Oct | Nov | Dec 
2008: Jan | Feb | Mar | Apr | May | Jun | Jul | Aug | Sep | Oct | Nov | Dec 
2007: Jan | Feb | Mar | Apr | May | Jun | Jul | Aug | Sep | Oct | Nov | Dec 
2006: Jan | Feb | Mar | Apr | May | Jun | Jul | Aug | Sep | Oct | Nov | Dec 
2005: Jan | Feb | Mar | Apr | May | Jun | Jul | Aug | Sep | Oct | Nov | Dec 
2004: Jan | Feb | Mar | Apr | May | Jun | Jul | Aug | Sep | Oct | Nov | Dec 
2003: Jan | Feb | Mar | Apr | May | Jun | Jul | Aug | Sep | Oct | Nov | Dec 

Report for 2006 11
MONTHLY CLIMATOLOGICAL SUMMARY for NOV. 2006 NAME: Station1 CITY: Lancaster STATE: Ohio ELEV: 980 ft LAT: 39 45' 13" N LONG: 82 34' 06" W TEMPERATURE (F), RAIN (in), WIND SPEED (mph) HEAT COOL AVG MEAN DEG DEG WIND DOM DAY TEMP HIGH TIME LOW TIME DAYS DAYS RAIN SPEED HIGH TIME DIR ------------------------------------------------------------------------------------ 1 41.5 46.7 2:30p 37.2 7:00a 23.5 0.0 0.02 0.8 11.0 12:00m NNW 2 34.3 40.9 2:45p 27.5 11:45p 30.7 0.0 0.00 3.6 28.0 6:30p NW 3 31.3 40.1 2:45p 25.1 6:15a 33.7 0.0 0.00 1.4 16.0 11:45a W 4 36.0 47.0 1:15p 24.1 2:15a 29.0 0.0 0.00 0.8 12.0 10:15a SE 5 44.8 54.7 3:15p 38.6 7:00a 20.2 0.0 0.00 0.4 10.0 2:00p SSE 6 51.0 64.2 12:45p 38.6 7:15a 14.0 0.0 0.00 0.5 12.0 10:15a S 7 50.9 54.7 12:00p 45.5 5:15a 14.1 0.0 0.04 1.1 17.0 12:30p SE 8 52.9 61.8 2:00p 43.9 12:00m 12.1 0.0 0.00 1.5 12.0 12:15p NNW 9 53.4 68.8 4:15p 38.5 5:30a 12.0 0.5 0.00 2.1 19.0 1:15p SSW 10 55.2 72.5 3:15p 40.9 7:15a 10.7 0.9 0.00 0.9 12.0 3:15p S 11 51.2 64.7 4:00a 39.3 11:00p 13.8 0.0 0.13 3.8 21.0 11:30a SSW 12 38.8 41.8 10:00a 36.0 7:15a 26.2 0.0 0.00 3.6 19.0 3:30a N 13 40.2 42.3 3:45p 38.3 4:15a 24.8 0.0 0.00 0.6 10.0 1:30p NNE 14 40.5 47.9 1:00p 32.9 10:30p 24.5 0.0 0.00 0.3 10.0 2:15p NW 15 41.3 51.0 11:45p 31.9 3:30a 23.7 0.0 0.54 2.7 16.0 11:00p ENE 16 51.9 58.0 1:30p 43.6 12:00m 13.1 0.0 0.62 4.6 30.0 3:30p SSW 17 39.9 43.6 12:15a 34.7 12:00m 25.1 0.0 0.03 2.7 20.0 12:30a W 18 40.5 51.3 3:00p 34.3 3:30a 24.5 0.0 0.00 0.6 7.0 10:15a NNE 19 37.9 42.2 11:30a 34.0 11:15p 27.1 0.0 0.05 2.1 17.0 8:30p NNW 20 35.0 40.9 2:00p 30.1 11:00p 30.0 0.0 0.03 1.5 12.0 9:45a NNW 21 34.6 45.2 2:45p 25.4 6:15a 30.4 0.0 0.00 0.7 11.0 12:45p NNE 22 38.1 52.9 3:00p 28.2 7:45a 26.9 0.0 0.00 1.9 20.0 11:15a NNE 23 41.0 58.4 2:45p 29.3 6:30a 24.0 0.0 0.00 0.7 12.0 2:00p N 24 42.0 60.5 3:15p 28.2 5:45a 23.0 0.0 0.00 0.2 7.0 3:00p ESE 25 47.3 68.1 3:00p 31.0 4:45a 18.0 0.3 0.00 1.4 17.0 2:30p SSW 26 48.6 66.8 2:15p 36.5 7:15a 16.5 0.1 0.00 0.9 17.0 1:45p SSW 27 48.1 64.0 2:15p 38.2 7:00a 16.9 0.0 0.00 0.8 13.0 2:15p SSW 28 50.7 64.0 1:45p 36.9 6:45a 14.3 0.0 0.00 0.6 12.0 1:45p SSE 29 60.8 68.1 2:45p 54.8 12:15a 4.6 0.4 0.03 2.3 21.0 1:30p S 30 62.5 66.3 4:00p 58.3 8:15a 2.7 0.2 0.16 3.7 21.0 1:00p S ------------------------------------------------------------------------------------- 44.7 72.5 10 24.1 4 610.1 2.4 1.65 1.6 30.0 16 SSW Max >= 90.0: 0 Max <= 32.0: 0 Min <= 32.0: 10 Min <= 0.0: 0 Max Rain: 0.62 ON 11/16/06 Days of Rain: 10 (>.01 in) 4 (>.1 in) 0 (>1 in) Heat Base: 65.0 Cool Base: 65.0 Method: Integration
 
USA Weather Finder