Weather Information | Photos of Local Events | Personal Weather Stations Links | Lancaster Links | Site Map

NOAA Report Archive
(Reports Generated by WeatherLink)
2017: Jan | Feb | Mar | Apr | May | Jun | Jul | Aug | Sep | Oct | Nov | Dec 
2016: Jan | Feb | Mar | Apr | May | Jun | Jul | Aug | Sep | Oct | Nov | Dec 
2015: Jan | Feb | Mar | Apr | May | Jun | Jul | Aug | Sep | Oct | Nov | Dec 
2014: Jan | Feb | Mar | Apr | May | Jun | Jul | Aug | Sep | Oct | Nov | Dec 
2013: Jan | Feb | Mar | Apr | May | Jun | Jul | Aug | Sep | Oct | Nov | Dec 
2012: Jan | Feb | Mar | Apr | May | Jun | Jul | Aug | Sep | Oct | Nov | Dec 
2011: Jan | Feb | Mar | Apr | May | Jun | Jul | Aug | Sep | Oct | Nov | Dec 
2010: Jan | Feb | Mar | Apr | May | Jun | Jul | Aug | Sep | Oct | Nov | Dec 
2009: Jan | Feb | Mar | Apr | May | Jun | Jul | Aug | Sep | Oct | Nov | Dec 
2008: Jan | Feb | Mar | Apr | May | Jun | Jul | Aug | Sep | Oct | Nov | Dec 
2007: Jan | Feb | Mar | Apr | May | Jun | Jul | Aug | Sep | Oct | Nov | Dec 
2006: Jan | Feb | Mar | Apr | May | Jun | Jul | Aug | Sep | Oct | Nov | Dec 
2005: Jan | Feb | Mar | Apr | May | Jun | Jul | Aug | Sep | Oct | Nov | Dec 
2004: Jan | Feb | Mar | Apr | May | Jun | Jul | Aug | Sep | Oct | Nov | Dec 
2003: Jan | Feb | Mar | Apr | May | Jun | Jul | Aug | Sep | Oct | Nov | Dec 

Report for 2006 12
MONTHLY CLIMATOLOGICAL SUMMARY for DEC. 2006 NAME: Station1 CITY: Lancaster STATE: Ohio ELEV: 980 ft LAT: 39 45' 13" N LONG: 82 34' 06" W TEMPERATURE (F), RAIN (in), WIND SPEED (mph) HEAT COOL AVG MEAN DEG DEG WIND DOM DAY TEMP HIGH TIME LOW TIME DAYS DAYS RAIN SPEED HIGH TIME DIR ------------------------------------------------------------------------------------ 1 46.0 62.6 7:00a 30.7 12:00m 19.0 0.0 0.46 10.3 48.0 1:15p SW 2 31.4 38.8 3:15p 27.3 8:00a 33.6 0.0 0.00 2.5 22.0 12:30a W 3 29.6 37.8 1:15p 20.8 11:00p 35.4 0.0 0.02 2.1 20.0 8:45p WNW 4 22.1 27.9 11:30p 14.3 7:45a 42.9 0.0 0.00 5.8 25.0 4:45p SSW 5 27.8 33.2 3:15p 23.8 7:45p 37.2 0.0 0.00 3.3 22.0 12:15a SW 6 39.3 48.3 1:30p 27.9 12:30a 25.7 0.0 0.00 5.3 28.0 12:30p SSW 7 24.6 37.0 12:15a 16.2 12:00m 40.4 0.0 0.01 5.5 26.0 2:15a WNW 8 17.4 25.7 3:45p 10.4 7:15a 47.6 0.0 0.00 3.3 18.0 1:30p SW 9 28.9 39.5 3:30p 18.3 8:00a 36.1 0.0 0.00 3.9 21.0 2:45p SSW 10 41.9 53.6 3:00p 35.2 12:15a 23.1 0.0 0.00 3.5 20.0 5:45a SSW 11 42.2 55.6 3:15p 31.5 6:00a 22.8 0.0 0.00 0.4 10.0 1:00p SSE 12 46.1 57.0 12:30p 32.4 5:00a 18.9 0.0 0.10 1.8 21.0 11:30p SE 13 48.6 56.9 3:30p 41.3 10:30p 16.4 0.0 0.02 4.4 27.0 12:45a SW 14 51.8 60.1 2:15p 39.1 8:15a 13.2 0.0 0.00 5.9 26.0 11:00a SSW 15 46.6 55.4 3:15p 27.8 12:00m 18.4 0.0 0.00 5.4 29.0 1:15p SW 16 38.2 52.5 3:00p 24.5 7:30a 26.8 0.0 0.00 0.9 13.0 11:30a SE 17 56.0 61.5 9:15p 44.2 1:45a 9.0 0.0 0.00 4.5 24.0 11:45p SSW 18 47.7 60.9 12:15a 31.2 12:00m 17.3 0.0 0.01 3.0 24.0 12:15a NNW 19 33.2 45.4 2:45p 23.8 12:00m 31.8 0.0 0.00 0.7 16.0 12:15p NNW 20 34.3 50.4 2:30p 19.5 7:45a 30.7 0.0 0.00 0.1 7.0 1:30p SSW 21 46.0 50.5 2:30p 39.8 12:15a 19.0 0.0 0.19 0.5 8.0 8:15p SE 22 52.2 56.0 2:00p 46.1 12:00m 11.7 0.0 0.31 2.8 19.0 10:30a SE 23 40.1 46.1 12:15a 36.6 7:45a 24.9 0.0 0.00 3.9 22.0 2:00p SW 24 38.2 46.7 1:45p 28.8 10:30p 26.8 0.0 0.00 1.6 22.0 3:45a SW 25 36.8 40.6 3:45p 30.1 1:00a 28.2 0.0 0.56 0.8 12.0 1:45p ENE 26 37.2 40.2 12:15a 33.7 12:00m 27.8 0.0 0.13 2.7 18.0 2:45p NW 27 34.9 42.2 3:15p 30.6 8:00a 30.1 0.0 0.00 4.0 26.0 11:00a SW 28 35.9 48.8 4:00p 28.8 5:15a 29.1 0.0 0.00 0.1 6.0 11:15a S 29 39.9 58.3 3:15p 28.7 6:45a 25.1 0.0 0.00 0.3 10.0 3:15p SSW 30 39.4 55.3 1:45p 26.4 8:15a 25.6 0.0 0.00 0.2 7.0 2:00p SW 31 50.0 60.5 5:15p 40.2 2:00a 15.0 0.0 0.35 4.2 27.0 9:15p SE ------------------------------------------------------------------------------------- 38.8 62.6 1 10.4 8 809.6 0.0 2.16 3.0 48.0 1 SW Max >= 90.0: 0 Max <= 32.0: 2 Min <= 32.0: 21 Min <= 0.0: 0 Max Rain: 0.56 ON 12/25/06 Days of Rain: 9 (>.01 in) 6 (>.1 in) 0 (>1 in) Heat Base: 65.0 Cool Base: 65.0 Method: Integration
 
USA Weather Finder