2024: Jan | Feb | Mar | Apr | May | Jun | Jul | Aug | Sep | Oct | Nov | Dec
2023: Jan | Feb | Mar | Apr | May | Jun | Jul | Aug | Sep | Oct | Nov | Dec
2022: Jan | Feb | Mar | Apr | May | Jun | Jul | Aug | Sep | Oct | Nov | Dec
2021: Jan | Feb | Mar | Apr | May | Jun | Jul | Aug | Sep | Oct | Nov | Dec
2020: Jan | Feb | Mar | Apr | May | Jun | Jul | Aug | Sep | Oct | Nov | Dec
2019: Jan | Feb | Mar | Apr | May | Jun | Jul | Aug | Sep | Oct | Nov | Dec
2018: Jan | Feb | Mar | Apr | May | Jun | Jul | Aug | Sep | Oct | Nov | Dec
2017: Jan | Feb | Mar | Apr | May | Jun | Jul | Aug | Sep | Oct | Nov | Dec
2016: Jan | Feb | Mar | Apr | May | Jun | Jul | Aug | Sep | Oct | Nov | Dec
2015: Jan | Feb | Mar | Apr | May | Jun | Jul | Aug | Sep | Oct | Nov | Dec
2014: Jan | Feb | Mar | Apr | May | Jun | Jul | Aug | Sep | Oct | Nov | Dec
2013: Jan | Feb | Mar | Apr | May | Jun | Jul | Aug | Sep | Oct | Nov | Dec
2012: Jan | Feb | Mar | Apr | May | Jun | Jul | Aug | Sep | Oct | Nov | Dec
2011: Jan | Feb | Mar | Apr | May | Jun | Jul | Aug | Sep | Oct | Nov | Dec
2010: Jan | Feb | Mar | Apr | May | Jun | Jul | Aug | Sep | Oct | Nov | Dec
2009: Jan | Feb | Mar | Apr | May | Jun | Jul | Aug | Sep | Oct | Nov | Dec
2008: Jan | Feb | Mar | Apr | May | Jun | Jul | Aug | Sep | Oct | Nov | Dec
2007: Jan | Feb | Mar | Apr | May | Jun | Jul | Aug | Sep | Oct | Nov | Dec
2006: Jan | Feb | Mar | Apr | May | Jun | Jul | Aug | Sep | Oct | Nov | Dec
2005: Jan | Feb | Mar | Apr | May | Jun | Jul | Aug | Sep | Oct | Nov | Dec
2004: Jan | Feb | Mar | Apr | May | Jun | Jul | Aug | Sep | Oct | Nov | Dec
2003: Jan | Feb | Mar | Apr | May | Jun | Jul | Aug | Sep | Oct | Nov | Dec
Report for 2007 01
MONTHLY CLIMATOLOGICAL SUMMARY for JAN. 2007
NAME: Station1 CITY: Lancaster STATE: Ohio
ELEV: 980 ft LAT: 39° 45' 13" N LONG: 82° 34' 06" W
TEMPERATURE (°F), RAIN (in), WIND SPEED (mph)
HEAT COOL AVG
MEAN DEG DEG WIND DOM
DAY TEMP HIGH TIME LOW TIME DAYS DAYS RAIN SPEED HIGH TIME DIR
------------------------------------------------------------------------------------
1 41.3 51.3 12:15a 34.7 5:00p 23.7 0.0 0.01 5.5 31.0 1:15p SW
2 36.2 46.0 4:00p 26.9 9:45p 28.8 0.0 0.00 1.2 14.0 11:15a NW
3 36.0 52.5 4:00p 23.3 8:15a 29.0 0.0 0.00 1.8 21.0 2:15p SW
4 45.2 55.1 4:00p 31.0 12:45a 19.8 0.0 0.09 1.8 24.0 11:00a S
5 57.3 60.7 11:00p 50.4 12:15a 7.7 0.0 0.39 3.5 26.0 11:30p S
6 48.2 59.5 12:15a 32.1 12:00m 16.8 0.0 0.13 4.9 27.0 12:15a SW
7 35.6 40.5 11:45p 28.1 4:30a 29.4 0.0 0.32 1.3 14.0 11:45p ENE
8 36.0 40.9 1:45a 32.4 9:00p 29.0 0.0 0.03 6.6 29.0 1:15p SW
9 33.3 37.9 12:45p 29.4 11:45p 31.7 0.0 0.04 5.2 27.0 2:30p WNW
10 26.6 33.4 4:00p 21.3 11:45p 38.4 0.0 0.00 2.6 21.0 1:30a W
11 35.6 48.2 10:45p 20.6 6:45a 29.4 0.0 0.01 3.9 27.0 12:45p S
12 49.3 53.2 11:15p 40.9 12:45a 15.7 0.0 0.18 6.3 33.0 4:30a SSW
13 48.2 54.1 11:45a 41.9 6:30p 16.8 0.0 0.96 2.7 18.0 8:00a NNE
14 43.9 49.6 1:15p 42.3 12:15a 21.1 0.0 0.32 0.5 10.0 2:00p N
15 47.2 57.2 10:30a 35.8 11:00p 15.9 0.0 0.89 4.1 28.0 12:15p WNW
16 29.5 35.9 12:15a 18.9 12:00m 35.5 0.0 0.01 4.3 24.0 3:00p NNW
17 21.9 31.9 3:00p 11.7 8:00a 43.1 0.0 0.00 0.6 10.0 1:30p ESE
18 31.1 38.5 12:00m 21.8 1:15a 33.9 0.0 0.00 2.9 18.0 2:00p SSW
19 31.0 38.5 12:15a 26.7 10:00a 34.0 0.0 0.00 6.1 28.0 10:00a W
20 25.1 31.5 4:00p 20.2 9:15p 39.9 0.0 0.00 1.8 26.0 1:15a N
21 26.2 32.2 12:00m 22.5 12:15a 38.8 0.0 0.20 2.0 17.0 11:45a E
22 32.9 36.2 5:15a 27.9 9:00p 32.1 0.0 0.00 1.9 17.0 6:00p WNW
23 29.4 30.7 3:15p 27.3 10:45a 35.6 0.0 0.00 4.2 26.0 1:30p SW
24 29.8 32.5 12:30p 27.2 12:00m 35.2 0.0 0.02 2.4 14.0 12:15a W
25 23.8 27.8 12:30a 17.7 12:00m 41.2 0.0 0.00 3.4 29.0 3:00p NW
26 26.0 39.3 12:00m 13.1 3:30a 39.0 0.0 0.00 6.3 32.0 11:15p SSW
27 38.1 41.2 2:15p 30.4 12:00m 26.9 0.0 0.00 7.8 33.0 1:00a SSW
28 21.8 30.6 12:15a 12.8 10:15p 43.2 0.0 0.00 4.7 22.0 4:30p W
29 19.4 25.1 12:00m 12.6 12:15a 45.6 0.0 0.00 4.6 19.0 10:30a SSW
30 21.3 26.7 4:30a 14.1 12:00m 43.7 0.0 0.02 6.0 32.0 12:30p W
31 18.9 25.6 4:00p 13.8 6:00a 46.1 0.0 0.00 3.1 20.0 2:00a SW
-------------------------------------------------------------------------------------
33.7 60.7 5 11.7 17 967.0 0.0 3.62 3.7 33.0 12 SSW
Max >= 90.0: 0
Max <= 32.0: 8
Min <= 32.0: 23
Min <= 0.0: 0
Max Rain: 0.96 ON 01/13/07
Days of Rain: 13 (>.01 in) 8 (>.1 in) 0 (>1 in)
Heat Base: 65.0 Cool Base: 65.0 Method: Integration
|