Weather Information | Photos of Local Events | Personal Weather Stations Links | Lancaster Links | Site Map

NOAA Report Archive
(Reports Generated by WeatherLink)
2017: Jan | Feb | Mar | Apr | May | Jun | Jul | Aug | Sep | Oct | Nov | Dec 
2016: Jan | Feb | Mar | Apr | May | Jun | Jul | Aug | Sep | Oct | Nov | Dec 
2015: Jan | Feb | Mar | Apr | May | Jun | Jul | Aug | Sep | Oct | Nov | Dec 
2014: Jan | Feb | Mar | Apr | May | Jun | Jul | Aug | Sep | Oct | Nov | Dec 
2013: Jan | Feb | Mar | Apr | May | Jun | Jul | Aug | Sep | Oct | Nov | Dec 
2012: Jan | Feb | Mar | Apr | May | Jun | Jul | Aug | Sep | Oct | Nov | Dec 
2011: Jan | Feb | Mar | Apr | May | Jun | Jul | Aug | Sep | Oct | Nov | Dec 
2010: Jan | Feb | Mar | Apr | May | Jun | Jul | Aug | Sep | Oct | Nov | Dec 
2009: Jan | Feb | Mar | Apr | May | Jun | Jul | Aug | Sep | Oct | Nov | Dec 
2008: Jan | Feb | Mar | Apr | May | Jun | Jul | Aug | Sep | Oct | Nov | Dec 
2007: Jan | Feb | Mar | Apr | May | Jun | Jul | Aug | Sep | Oct | Nov | Dec 
2006: Jan | Feb | Mar | Apr | May | Jun | Jul | Aug | Sep | Oct | Nov | Dec 
2005: Jan | Feb | Mar | Apr | May | Jun | Jul | Aug | Sep | Oct | Nov | Dec 
2004: Jan | Feb | Mar | Apr | May | Jun | Jul | Aug | Sep | Oct | Nov | Dec 
2003: Jan | Feb | Mar | Apr | May | Jun | Jul | Aug | Sep | Oct | Nov | Dec 

Report for 2007 02
MONTHLY CLIMATOLOGICAL SUMMARY for FEB. 2007 NAME: Station1 CITY: Lancaster STATE: Ohio ELEV: 980 ft LAT: 39 45' 13" N LONG: 82 34' 06" W TEMPERATURE (F), RAIN (in), WIND SPEED (mph) HEAT COOL AVG MEAN DEG DEG WIND DOM DAY TEMP HIGH TIME LOW TIME DAYS DAYS RAIN SPEED HIGH TIME DIR ------------------------------------------------------------------------------------ 1 25.7 30.7 12:00m 20.2 2:15a 39.3 0.0 0.00 1.4 13.0 1:00p S 2 25.7 31.8 12:45a 9.9 12:00m 39.3 0.0 0.04 2.4 28.0 4:00p W 3 13.2 25.6 1:30p 2.2 4:00a 51.8 0.0 0.00 5.6 43.0 2:45p SSW 4 8.4 14.1 3:00p 3.9 4:45a 56.6 0.0 0.00 5.4 34.0 1:45p WSW 5 3.6 11.1 3:00p -3.5 7:15a 61.4 0.0 0.00 2.5 19.0 3:45p W 6 6.5 15.9 10:15p -5.2 6:30a 58.5 0.0 0.15 1.1 16.0 12:00p SSW 7 11.9 18.8 3:45p 4.7 11:30p 53.1 0.0 0.01 1.9 17.0 2:15p W 8 7.6 17.7 2:45p -0.4 6:45a 57.4 0.0 0.00 3.0 17.0 10:45a W 9 10.3 21.8 3:15p 1.3 7:30a 54.7 0.0 0.00 1.5 14.0 12:15a SW 10 10.6 20.0 4:00p 0.9 12:00m 54.4 0.0 0.01 2.0 17.0 4:15p WSW 11 14.7 26.3 5:00p -2.0 2:15a 50.3 0.0 0.00 2.4 19.0 3:00p SSW 12 27.6 37.6 1:45p 14.8 4:45a 37.4 0.0 0.00 0.8 10.0 12:15p ENE 13 29.8 32.1 7:00p 27.3 8:45a 35.2 0.0 0.79 2.8 18.0 10:00a ENE 14 15.1 27.6 12:15a 5.6 12:00m 49.9 0.0 0.00 0.0 0.0 --- --- 15 8.8 18.6 3:45p -5.6 7:30a 56.2 0.0 0.00 0.0 0.0 --- --- 16 9.1 18.9 5:00p 0.1 7:30a 55.9 0.0 0.00 0.0 0.0 --- --- 17 20.9 30.0 2:00p 8.1 3:15a 44.1 0.0 0.08 0.9 17.0 2:30p WSW 18 19.9 24.8 4:30p 12.1 12:00m 45.1 0.0 0.02 3.2 19.0 9:15a W 19 27.9 43.6 12:00m 7.4 2:00a 37.1 0.0 0.00 3.7 26.0 11:30p SSW 20 42.9 48.2 1:30p 29.4 12:00m 22.1 0.0 0.31 6.5 33.0 12:45a SSW 21 32.8 37.2 3:15p 26.7 5:00a 32.2 0.0 0.00 0.4 8.0 11:30p ESE 22 34.1 38.3 9:30a 28.8 12:00m 30.9 0.0 0.00 6.2 30.0 5:30p WNW 23 25.9 32.5 4:00p 19.9 12:00m 39.1 0.0 0.00 3.4 24.0 3:15a N 24 26.1 35.0 2:30p 15.9 7:00a 38.9 0.0 0.14 2.8 14.0 11:15a ENE 25 41.9 53.2 3:30p 30.7 12:15a 23.1 0.0 0.31 4.1 20.0 9:45a ESE 26 34.0 36.6 11:15a 29.0 12:00m 31.0 0.0 0.00 3.1 24.0 10:45a SW 27 31.2 36.5 10:45a 25.3 10:15p 33.8 0.0 0.00 1.5 14.0 11:45a W 28 34.2 44.3 3:45p 20.0 7:30a 30.8 0.0 0.00 1.5 12.0 9:00p E ------------------------------------------------------------------------------------- 21.4 53.2 25 -5.6 15 1219.6 0.0 1.86 2.5 43.0 3 W Max >= 90.0: 0 Max <= 32.0: 16 Min <= 32.0: 28 Min <= 0.0: 5 Max Rain: 0.79 ON 02/13/07 Days of Rain: 8 (>.01 in) 5 (>.1 in) 0 (>1 in) Heat Base: 65.0 Cool Base: 65.0 Method: Integration
 
USA Weather Finder