2024: Jan | Feb | Mar | Apr | May | Jun | Jul | Aug | Sep | Oct | Nov | Dec
2023: Jan | Feb | Mar | Apr | May | Jun | Jul | Aug | Sep | Oct | Nov | Dec
2022: Jan | Feb | Mar | Apr | May | Jun | Jul | Aug | Sep | Oct | Nov | Dec
2021: Jan | Feb | Mar | Apr | May | Jun | Jul | Aug | Sep | Oct | Nov | Dec
2020: Jan | Feb | Mar | Apr | May | Jun | Jul | Aug | Sep | Oct | Nov | Dec
2019: Jan | Feb | Mar | Apr | May | Jun | Jul | Aug | Sep | Oct | Nov | Dec
2018: Jan | Feb | Mar | Apr | May | Jun | Jul | Aug | Sep | Oct | Nov | Dec
2017: Jan | Feb | Mar | Apr | May | Jun | Jul | Aug | Sep | Oct | Nov | Dec
2016: Jan | Feb | Mar | Apr | May | Jun | Jul | Aug | Sep | Oct | Nov | Dec
2015: Jan | Feb | Mar | Apr | May | Jun | Jul | Aug | Sep | Oct | Nov | Dec
2014: Jan | Feb | Mar | Apr | May | Jun | Jul | Aug | Sep | Oct | Nov | Dec
2013: Jan | Feb | Mar | Apr | May | Jun | Jul | Aug | Sep | Oct | Nov | Dec
2012: Jan | Feb | Mar | Apr | May | Jun | Jul | Aug | Sep | Oct | Nov | Dec
2011: Jan | Feb | Mar | Apr | May | Jun | Jul | Aug | Sep | Oct | Nov | Dec
2010: Jan | Feb | Mar | Apr | May | Jun | Jul | Aug | Sep | Oct | Nov | Dec
2009: Jan | Feb | Mar | Apr | May | Jun | Jul | Aug | Sep | Oct | Nov | Dec
2008: Jan | Feb | Mar | Apr | May | Jun | Jul | Aug | Sep | Oct | Nov | Dec
2007: Jan | Feb | Mar | Apr | May | Jun | Jul | Aug | Sep | Oct | Nov | Dec
2006: Jan | Feb | Mar | Apr | May | Jun | Jul | Aug | Sep | Oct | Nov | Dec
2005: Jan | Feb | Mar | Apr | May | Jun | Jul | Aug | Sep | Oct | Nov | Dec
2004: Jan | Feb | Mar | Apr | May | Jun | Jul | Aug | Sep | Oct | Nov | Dec
2003: Jan | Feb | Mar | Apr | May | Jun | Jul | Aug | Sep | Oct | Nov | Dec
Report for 2007 03
MONTHLY CLIMATOLOGICAL SUMMARY for MAR. 2007
NAME: Station1 CITY: Lancaster STATE: Ohio
ELEV: 980 ft LAT: 39° 45' 13" N LONG: 82° 34' 06" W
TEMPERATURE (°F), RAIN (in), WIND SPEED (mph)
HEAT COOL AVG
MEAN DEG DEG WIND DOM
DAY TEMP HIGH TIME LOW TIME DAYS DAYS RAIN SPEED HIGH TIME DIR
------------------------------------------------------------------------------------
1 43.2 51.6 10:00p 34.1 4:00a 21.8 0.0 0.75 3.6 25.0 7:45a SE
2 43.8 51.7 1:30a 36.3 7:30a 21.2 0.0 0.00 10.5 46.0 2:00p SSW
3 31.7 36.6 12:15a 26.0 12:00m 33.3 0.0 0.02 4.7 28.0 4:30p W
4 26.0 29.8 12:45p 21.6 7:15a 39.0 0.0 0.01 5.5 26.0 5:15p W
5 31.1 40.5 2:15p 23.0 12:00m 33.9 0.0 0.00 6.4 27.0 2:15p SW
6 23.7 30.4 4:00p 13.5 7:00a 41.3 0.0 0.00 2.6 18.0 12:30a N
7 27.4 32.9 3:15p 20.2 12:00m 37.6 0.0 0.02 1.8 12.0 10:30p N
8 28.8 42.2 4:45p 17.0 4:15a 36.2 0.0 0.00 0.9 10.0 1:45p ENE
9 43.1 67.4 3:30p 21.1 6:45a 22.1 0.1 0.00 1.2 20.0 5:00p SSW
10 47.4 55.0 6:15a 35.3 12:00m 17.6 0.0 0.08 2.7 21.0 6:15a SSW
11 40.3 55.6 5:15p 23.6 7:45a 23.7 0.0 0.00 1.6 14.0 1:45p N
12 40.2 55.4 5:45p 23.6 6:30a 24.8 0.0 0.00 0.9 14.0 1:15p SSW
13 59.3 75.8 4:00p 37.8 6:00a 8.4 2.7 0.00 4.2 28.0 4:00p SW
14 64.2 72.5 5:45p 57.2 8:15a 2.2 1.4 0.56 6.3 26.0 3:45p SSW
15 41.4 60.1 12:15a 34.6 1:00p 18.2 0.0 1.38 4.2 26.0 6:45a NNE
16 31.6 34.9 12:15a 27.5 12:00m 33.4 0.0 0.00 6.1 19.0 9:15p N
17 29.7 36.3 3:00p 25.7 12:00m 35.3 0.0 0.01 4.1 19.0 3:00p NNW
18 31.7 42.2 4:30p 23.0 7:30a 33.3 0.0 0.00 2.4 20.0 2:00p WNW
19 39.2 52.8 9:00p 27.0 3:45a 25.8 0.0 0.34 3.8 24.0 8:15p S
20 47.0 53.2 4:00p 36.2 12:00m 18.0 0.0 0.00 2.9 17.0 11:00a NNE
21 52.9 73.5 6:00p 32.4 4:00a 14.0 1.9 0.00 3.0 21.0 4:45p SSW
22 62.3 68.9 11:00a 56.2 12:30a 3.0 0.3 0.07 9.2 40.0 10:45a SSW
23 58.1 61.5 1:30p 55.6 6:45a 6.2 0.0 0.97 1.2 16.0 1:15a SW
24 70.0 85.7 11:00a 58.6 12:00m 0.2 2.4 0.00 2.2 25.0 4:30p SW
25 69.5 79.2 6:00p 55.6 3:00a 1.0 3.3 0.00 0.3 10.0 12:45p SSW
26 72.6 76.1 2:45p 63.2 9:45p 0.0 3.8 0.00 2.5 32.0 2:45p SW
27 74.4 80.9 3:30p 63.1 3:30a 0.1 5.0 0.00 1.8 24.0 5:30p W
28 --- --- --- --- --- 0.0 0.0 0.00 0.0 0.0 --- ---
29 --- --- --- --- --- 0.0 0.0 0.00 0.0 0.0 --- ---
30 68.8 74.6 4:45p 58.3 9:15p 0.2 0.9 0.00 0.3 10.0 5:00p NNE
31 --- --- --- --- --- 0.0 0.0 0.00 0.0 0.0 --- ---
-------------------------------------------------------------------------------------
46.4 85.7 24 13.5 6 551.8 21.8 4.21 3.1 46.0 2 SSW
Max >= 90.0: 0
Max <= 32.0: 2
Min <= 32.0: 13
Min <= 0.0: 0
Max Rain: 1.38 ON 03/15/07
Days of Rain: 9 (>.01 in) 5 (>.1 in) 1 (>1 in)
Heat Base: 65.0 Cool Base: 65.0 Method: Integration
|