Weather Information | Photos of Local Events | Personal Weather Stations Links | Lancaster Links | Site Map

NOAA Report Archive
(Reports Generated by WeatherLink)
2017: Jan | Feb | Mar | Apr | May | Jun | Jul | Aug | Sep | Oct | Nov | Dec 
2016: Jan | Feb | Mar | Apr | May | Jun | Jul | Aug | Sep | Oct | Nov | Dec 
2015: Jan | Feb | Mar | Apr | May | Jun | Jul | Aug | Sep | Oct | Nov | Dec 
2014: Jan | Feb | Mar | Apr | May | Jun | Jul | Aug | Sep | Oct | Nov | Dec 
2013: Jan | Feb | Mar | Apr | May | Jun | Jul | Aug | Sep | Oct | Nov | Dec 
2012: Jan | Feb | Mar | Apr | May | Jun | Jul | Aug | Sep | Oct | Nov | Dec 
2011: Jan | Feb | Mar | Apr | May | Jun | Jul | Aug | Sep | Oct | Nov | Dec 
2010: Jan | Feb | Mar | Apr | May | Jun | Jul | Aug | Sep | Oct | Nov | Dec 
2009: Jan | Feb | Mar | Apr | May | Jun | Jul | Aug | Sep | Oct | Nov | Dec 
2008: Jan | Feb | Mar | Apr | May | Jun | Jul | Aug | Sep | Oct | Nov | Dec 
2007: Jan | Feb | Mar | Apr | May | Jun | Jul | Aug | Sep | Oct | Nov | Dec 
2006: Jan | Feb | Mar | Apr | May | Jun | Jul | Aug | Sep | Oct | Nov | Dec 
2005: Jan | Feb | Mar | Apr | May | Jun | Jul | Aug | Sep | Oct | Nov | Dec 
2004: Jan | Feb | Mar | Apr | May | Jun | Jul | Aug | Sep | Oct | Nov | Dec 
2003: Jan | Feb | Mar | Apr | May | Jun | Jul | Aug | Sep | Oct | Nov | Dec 

Report for 2007 04
MONTHLY CLIMATOLOGICAL SUMMARY for APR. 2007 *Please note weather station was down for repairs April 2007. NOAA report data for April and the 2007 year end totals are incomplete.* NAME: Station1 CITY: Lancaster STATE: Ohio ELEV: 980 ft LAT: 39 45' 13" N LONG: 82 34' 06" W TEMPERATURE (F), RAIN (in), WIND SPEED (mph) HEAT COOL AVG MEAN DEG DEG WIND DOM DAY TEMP HIGH TIME LOW TIME DAYS DAYS RAIN SPEED HIGH TIME DIR ------------------------------------------------------------------------------------ 1 --- --- --- --- --- 0.0 0.0 0.00 0.0 0.0 --- --- 2 71.5 74.4 4:45p 65.8 8:30p 0.0 2.0 0.00 2.1 30.0 1:45p W 3 76.9 80.7 2:30p 66.3 9:00p 0.0 5.2 0.00 3.1 28.0 1:15p SSW 4 --- --- --- --- --- 0.0 0.0 0.00 0.0 0.0 --- --- 5 --- --- --- --- --- 0.0 0.0 0.00 0.0 0.0 --- --- 6 --- --- --- --- --- 0.0 0.0 0.00 0.0 0.0 --- --- 7 --- --- --- --- --- 0.0 0.0 0.00 0.0 0.0 --- --- 8 --- --- --- --- --- 0.0 0.0 0.00 0.0 0.0 --- --- 9 --- --- --- --- --- 0.0 0.0 0.00 0.0 0.0 --- --- 10 --- --- --- --- --- 0.0 0.0 0.00 0.0 0.0 --- --- 11 --- --- --- --- --- 0.0 0.0 0.00 0.0 0.0 --- --- 12 --- --- --- --- --- 0.0 0.0 0.00 0.0 0.0 --- --- 13 --- --- --- --- --- 0.0 0.0 0.00 0.0 0.0 --- --- 14 --- --- --- --- --- 0.0 0.0 0.00 0.0 0.0 --- --- 15 --- --- --- --- --- 0.0 0.0 0.00 0.0 0.0 --- --- 16 --- --- --- --- --- 0.0 0.0 0.00 0.0 0.0 --- --- 17 --- --- --- --- --- 0.0 0.0 0.00 0.0 0.0 --- --- 18 --- --- --- --- --- 0.0 0.0 0.00 0.0 0.0 --- --- 19 --- --- --- --- --- 0.0 0.0 0.00 0.0 0.0 --- --- 20 69.9 70.9 4:30p 68.8 6:15p 0.0 0.5 0.00 0.5 15.0 5:15p N 21 72.3 74.6 3:15p 66.0 8:00p 0.0 1.8 0.00 0.5 12.0 5:45p NNW 22 76.6 80.9 5:15p 63.9 9:30p 0.0 5.3 0.00 1.9 20.0 4:30p SW 23 72.0 76.1 3:45p 66.3 12:00m 0.0 4.4 0.00 6.8 38.0 4:15p SSW 24 69.9 73.2 5:15p 64.5 8:15p 0.0 1.4 0.00 0.9 12.0 6:30p N 25 --- --- --- --- --- 0.0 0.0 0.00 0.0 0.0 --- --- 26 69.8 71.5 4:30p 68.3 7:45p 0.0 0.7 0.00 1.2 24.0 5:15p SSE 27 51.1 53.6 6:15p 50.5 12:00m 3.5 0.0 0.02 1.2 17.0 11:30p SW 28 57.4 68.8 5:45p 49.4 1:30a 7.9 0.4 0.08 3.9 22.0 5:00p SW 29 61.7 75.1 5:45p 49.2 3:15a 5.9 2.6 0.00 2.1 19.0 2:45p WNW 30 70.0 85.3 3:30p 58.6 12:00a 0.71459.2 2.29 4.2 21.0 6:15a SW ------------------------------------------------------------------------------------- 68.3 85.3 30 49.2 29 18.01483.5 2.39 0.9 38.0 23 SSW Max >= 90.0: 0 Max <= 32.0: 0 Min <= 32.0: 0 Min <= 0.0: 0 Max Rain: 2.29 ON 04/30/07 Days of Rain: 3 (>.01 in) 1 (>.1 in) 1 (>1 in) Heat Base: 65.0 Cool Base: 65.0 Method: Integration
 
USA Weather Finder