Weather Information | Photos of Local Events | Personal Weather Stations Links | Lancaster Links | Site Map

NOAA Report Archive
(Reports Generated by WeatherLink)
2017: Jan | Feb | Mar | Apr | May | Jun | Jul | Aug | Sep | Oct | Nov | Dec 
2016: Jan | Feb | Mar | Apr | May | Jun | Jul | Aug | Sep | Oct | Nov | Dec 
2015: Jan | Feb | Mar | Apr | May | Jun | Jul | Aug | Sep | Oct | Nov | Dec 
2014: Jan | Feb | Mar | Apr | May | Jun | Jul | Aug | Sep | Oct | Nov | Dec 
2013: Jan | Feb | Mar | Apr | May | Jun | Jul | Aug | Sep | Oct | Nov | Dec 
2012: Jan | Feb | Mar | Apr | May | Jun | Jul | Aug | Sep | Oct | Nov | Dec 
2011: Jan | Feb | Mar | Apr | May | Jun | Jul | Aug | Sep | Oct | Nov | Dec 
2010: Jan | Feb | Mar | Apr | May | Jun | Jul | Aug | Sep | Oct | Nov | Dec 
2009: Jan | Feb | Mar | Apr | May | Jun | Jul | Aug | Sep | Oct | Nov | Dec 
2008: Jan | Feb | Mar | Apr | May | Jun | Jul | Aug | Sep | Oct | Nov | Dec 
2007: Jan | Feb | Mar | Apr | May | Jun | Jul | Aug | Sep | Oct | Nov | Dec 
2006: Jan | Feb | Mar | Apr | May | Jun | Jul | Aug | Sep | Oct | Nov | Dec 
2005: Jan | Feb | Mar | Apr | May | Jun | Jul | Aug | Sep | Oct | Nov | Dec 
2004: Jan | Feb | Mar | Apr | May | Jun | Jul | Aug | Sep | Oct | Nov | Dec 
2003: Jan | Feb | Mar | Apr | May | Jun | Jul | Aug | Sep | Oct | Nov | Dec 

Report for 2007 05
MONTHLY CLIMATOLOGICAL SUMMARY for MAY. 2007 NAME: Station1 CITY: Lancaster STATE: Ohio ELEV: 980 ft LAT: 39 45' 13" N LONG: 82 34' 06" W TEMPERATURE (F), RAIN (in), WIND SPEED (mph) HEAT COOL AVG MEAN DEG DEG WIND DOM DAY TEMP HIGH TIME LOW TIME DAYS DAYS RAIN SPEED HIGH TIME DIR ------------------------------------------------------------------------------------ 1 70.5 84.9 2:45p 51.6 6:45a 3.6 9.1 0.00 5.3 36.0 6:15p SW 2 65.1 74.3 3:00p 52.9 12:00m 2.5 2.6 0.00 3.4 19.0 12:30a N 3 59.8 76.6 4:45p 45.0 7:00a 7.9 2.7 0.00 1.4 11.0 12:00p NE 4 64.6 78.6 4:45p 49.5 6:45a 4.3 3.8 0.00 1.4 12.0 11:15a ENE 5 61.2 68.4 1:45p 54.3 12:00m 4.1 0.3 0.01 1.3 16.0 4:00p NE 6 54.9 65.9 3:45p 44.7 6:00a 10.1 0.0 0.00 4.6 25.0 9:00a ENE 7 58.1 74.6 6:00p 38.8 6:00a 9.0 2.1 0.00 1.0 16.0 2:45p E 8 62.4 84.5 6:15p 38.2 6:30a 9.0 6.4 0.00 0.4 12.0 4:15p E 9 66.7 86.6 4:15p 44.2 6:15a 6.1 7.8 0.00 1.2 17.0 4:00p SSW 10 70.8 85.5 3:30p 58.9 1:00a 1.5 7.4 0.02 0.3 13.0 3:45p N 11 70.0 84.5 5:15p 52.8 6:45a 2.9 7.9 0.00 0.6 12.0 11:15a ENE 12 68.9 85.3 2:00p 51.6 12:00m 2.6 6.5 0.00 3.2 21.0 7:15p N 13 55.3 71.5 4:00p 39.4 6:45a 10.8 1.1 0.00 2.3 18.0 11:15a NNE 14 59.7 80.5 5:30p 37.0 6:30a 9.9 4.6 0.00 0.9 17.0 6:00p SSW 15 73.0 84.4 3:30p 58.7 3:15a 0.6 8.5 0.00 6.4 28.0 3:00p SSW 16 59.5 72.7 12:15a 43.3 12:00m 5.8 0.4 0.49 4.3 39.0 12:45a WNW 17 48.6 59.4 12:15p 39.3 5:00a 16.4 0.0 0.02 1.7 16.0 1:30p N 18 50.7 63.8 5:00p 38.3 6:00a 14.3 0.0 0.00 2.7 22.0 1:00p N 19 53.1 67.4 2:15p 32.2 6:30a 12.1 0.2 0.00 1.8 19.0 10:00a WSW 20 62.2 76.6 5:45p 53.8 6:00a 4.8 1.9 0.31 2.3 20.0 2:45p WSW 21 61.3 76.8 5:30p 48.0 7:00a 6.4 2.7 0.00 1.0 12.0 1:00a NNE 22 68.2 84.4 5:30p 50.7 6:45a 4.0 7.3 0.00 0.3 10.0 1:30p E 23 71.6 88.2 3:45p 56.3 6:30a 2.3 8.8 0.00 0.1 10.0 2:45p SSW 24 71.3 84.8 3:15p 57.8 6:30a 1.8 8.1 0.00 0.9 13.0 10:45a SSW 25 72.2 86.1 4:15p 56.6 6:30a 2.0 9.2 0.00 1.3 16.0 11:00a SW 26 70.7 85.7 4:15p 54.2 6:45a 2.6 8.3 0.00 1.6 19.0 11:45a SW 27 69.6 83.8 12:45p 55.5 6:30a 1.8 6.4 0.02 1.3 28.0 4:00p SSW 28 69.8 80.7 5:00p 60.1 6:00a 0.8 5.6 0.00 0.3 8.0 1:15p SW 29 71.6 86.7 4:00p 57.1 6:00a 2.0 8.5 0.00 0.2 10.0 4:15p E 30 73.8 89.0 3:15p 58.0 6:00a 1.5 10.3 0.00 0.2 8.0 2:30p E 31 75.2 89.0 3:30p 60.8 5:15a 0.7 10.8 0.00 0.4 11.0 3:30p SSW ------------------------------------------------------------------------------------- 64.9 89.0 30 32.2 19 164.2 159.3 0.87 1.7 39.0 16 SSW Max >= 90.0: 0 Max <= 32.0: 0 Min <= 32.0: 0 Min <= 0.0: 0 Max Rain: 0.49 ON 05/16/07 Days of Rain: 5 (>.01 in) 2 (>.1 in) 0 (>1 in) Heat Base: 65.0 Cool Base: 65.0 Method: Integration
 
USA Weather Finder