2024: Jan | Feb | Mar | Apr | May | Jun | Jul | Aug | Sep | Oct | Nov | Dec
2023: Jan | Feb | Mar | Apr | May | Jun | Jul | Aug | Sep | Oct | Nov | Dec
2022: Jan | Feb | Mar | Apr | May | Jun | Jul | Aug | Sep | Oct | Nov | Dec
2021: Jan | Feb | Mar | Apr | May | Jun | Jul | Aug | Sep | Oct | Nov | Dec
2020: Jan | Feb | Mar | Apr | May | Jun | Jul | Aug | Sep | Oct | Nov | Dec
2019: Jan | Feb | Mar | Apr | May | Jun | Jul | Aug | Sep | Oct | Nov | Dec
2018: Jan | Feb | Mar | Apr | May | Jun | Jul | Aug | Sep | Oct | Nov | Dec
2017: Jan | Feb | Mar | Apr | May | Jun | Jul | Aug | Sep | Oct | Nov | Dec
2016: Jan | Feb | Mar | Apr | May | Jun | Jul | Aug | Sep | Oct | Nov | Dec
2015: Jan | Feb | Mar | Apr | May | Jun | Jul | Aug | Sep | Oct | Nov | Dec
2014: Jan | Feb | Mar | Apr | May | Jun | Jul | Aug | Sep | Oct | Nov | Dec
2013: Jan | Feb | Mar | Apr | May | Jun | Jul | Aug | Sep | Oct | Nov | Dec
2012: Jan | Feb | Mar | Apr | May | Jun | Jul | Aug | Sep | Oct | Nov | Dec
2011: Jan | Feb | Mar | Apr | May | Jun | Jul | Aug | Sep | Oct | Nov | Dec
2010: Jan | Feb | Mar | Apr | May | Jun | Jul | Aug | Sep | Oct | Nov | Dec
2009: Jan | Feb | Mar | Apr | May | Jun | Jul | Aug | Sep | Oct | Nov | Dec
2008: Jan | Feb | Mar | Apr | May | Jun | Jul | Aug | Sep | Oct | Nov | Dec
2007: Jan | Feb | Mar | Apr | May | Jun | Jul | Aug | Sep | Oct | Nov | Dec
2006: Jan | Feb | Mar | Apr | May | Jun | Jul | Aug | Sep | Oct | Nov | Dec
2005: Jan | Feb | Mar | Apr | May | Jun | Jul | Aug | Sep | Oct | Nov | Dec
2004: Jan | Feb | Mar | Apr | May | Jun | Jul | Aug | Sep | Oct | Nov | Dec
2003: Jan | Feb | Mar | Apr | May | Jun | Jul | Aug | Sep | Oct | Nov | Dec
Report for 2007 06
MONTHLY CLIMATOLOGICAL SUMMARY for JUN. 2007
NAME: Station1 CITY: Lancaster STATE: Ohio
ELEV: 980 ft LAT: 39° 45' 13" N LONG: 82° 34' 06" W
TEMPERATURE (°F), RAIN (in), WIND SPEED (mph)
HEAT COOL AVG
MEAN DEG DEG WIND DOM
DAY TEMP HIGH TIME LOW TIME DAYS DAYS RAIN SPEED HIGH TIME DIR
------------------------------------------------------------------------------------
1 75.0 89.7 2:00p 62.8 6:15a 0.2 10.2 0.00 0.4 13.0 2:00p SSW
2 71.2 87.1 1:30p 58.9 6:30a 1.0 7.1 0.21 0.5 16.0 4:00p SSW
3 69.5 76.6 10:45a 62.7 10:45p 0.2 4.7 0.08 1.0 19.0 9:00p SSW
4 65.9 77.0 4:15p 57.8 4:15a 2.2 3.1 0.26 4.3 35.0 6:15p SW
5 63.1 73.6 4:45p 54.5 12:00m 3.4 1.5 0.00 3.5 20.0 4:15a SW
6 61.5 76.2 5:30p 44.3 6:30a 6.4 2.9 0.00 1.0 18.0 1:30p SSW
7 73.8 90.1 4:15p 54.4 2:45a 2.7 11.5 0.00 2.6 24.0 3:30p SSW
8 76.5 88.6 1:00p 68.8 12:00m 0.0 11.5 0.14 4.6 24.0 12:45p SSW
9 67.2 78.3 5:15p 55.8 12:00m 1.9 4.2 0.00 2.2 16.0 10:00a NNE
10 63.4 80.5 4:00p 43.0 6:15a 6.3 4.8 0.00 1.1 13.0 12:00p NNE
11 68.0 83.4 5:30p 50.5 6:30a 3.9 6.9 0.00 1.8 16.0 11:30a NNE
12 70.1 85.2 5:00p 52.6 4:45a 3.1 8.2 0.00 1.9 16.0 1:45p NNE
13 72.2 89.5 4:45p 57.8 5:45a 1.7 8.9 0.25 1.5 31.0 7:30p NNE
14 70.3 86.1 3:45p 54.5 6:30a 2.7 8.0 0.00 1.7 20.0 2:30p SSE
15 68.9 82.8 4:15p 56.1 5:45a 2.3 6.2 0.00 1.6 13.0 2:15p NE
16 70.1 85.7 4:00p 53.9 6:30a 3.1 8.3 0.00 0.5 10.0 12:45p NE
17 74.9 92.8 4:30p 56.6 6:00a 2.1 12.0 0.00 1.1 14.0 3:45p SW
18 80.0 94.6 3:45p 63.7 6:15a 0.1 15.1 0.00 1.7 20.0 2:45p SSW
19 73.9 87.1 2:15p 64.1 11:45p 0.0 8.9 0.51 2.1 28.0 5:00p SW
20 68.7 81.9 4:15p 51.8 6:30a 2.6 6.3 0.00 1.7 14.0 11:15a N
21 70.9 86.7 3:45p 51.3 5:45a 3.8 9.7 0.00 1.6 20.0 4:45p WSW
22 65.1 76.4 5:15p 57.2 12:00m 2.3 2.4 0.03 0.5 14.0 6:15p NNE
23 63.2 76.1 5:15p 47.3 6:00a 5.1 3.3 0.00 0.3 10.0 2:45p E
24 66.3 75.5 1:45p 56.9 5:00a 2.3 3.6 0.09 0.2 12.0 2:15p E
25 72.6 85.7 3:15p 63.7 1:30a 0.1 7.7 0.20 0.2 21.0 4:00p NE
26 78.0 90.8 5:30p 63.8 6:00a 0.1 13.0 0.00 0.9 16.0 4:00p SW
27 77.8 88.8 4:45p 66.9 4:45a 0.0 12.8 0.04 1.9 18.0 3:15p SW
28 73.3 85.7 5:00p 66.9 11:45p 0.0 8.3 0.82 1.9 18.0 3:30p SW
29 67.5 76.6 4:15p 61.4 12:00m 0.6 3.1 0.02 0.9 16.0 3:45a NNE
30 65.9 79.9 4:15p 50.5 6:30a 4.0 4.9 0.00 0.6 10.0 11:15a N
-------------------------------------------------------------------------------------
70.2 94.6 18 43.0 10 64.2 219.1 2.65 1.5 35.0 4 SW
Max >= 90.0: 4
Max <= 32.0: 0
Min <= 32.0: 0
Min <= 0.0: 0
Max Rain: 0.82 ON 06/28/07
Days of Rain: 12 (>.01 in) 7 (>.1 in) 0 (>1 in)
Heat Base: 65.0 Cool Base: 65.0 Method: Integration
|