Weather Information | Photos of Local Events | Personal Weather Stations Links | Lancaster Links | Site Map

NOAA Report Archive
(Reports Generated by WeatherLink)
2017: Jan | Feb | Mar | Apr | May | Jun | Jul | Aug | Sep | Oct | Nov | Dec 
2016: Jan | Feb | Mar | Apr | May | Jun | Jul | Aug | Sep | Oct | Nov | Dec 
2015: Jan | Feb | Mar | Apr | May | Jun | Jul | Aug | Sep | Oct | Nov | Dec 
2014: Jan | Feb | Mar | Apr | May | Jun | Jul | Aug | Sep | Oct | Nov | Dec 
2013: Jan | Feb | Mar | Apr | May | Jun | Jul | Aug | Sep | Oct | Nov | Dec 
2012: Jan | Feb | Mar | Apr | May | Jun | Jul | Aug | Sep | Oct | Nov | Dec 
2011: Jan | Feb | Mar | Apr | May | Jun | Jul | Aug | Sep | Oct | Nov | Dec 
2010: Jan | Feb | Mar | Apr | May | Jun | Jul | Aug | Sep | Oct | Nov | Dec 
2009: Jan | Feb | Mar | Apr | May | Jun | Jul | Aug | Sep | Oct | Nov | Dec 
2008: Jan | Feb | Mar | Apr | May | Jun | Jul | Aug | Sep | Oct | Nov | Dec 
2007: Jan | Feb | Mar | Apr | May | Jun | Jul | Aug | Sep | Oct | Nov | Dec 
2006: Jan | Feb | Mar | Apr | May | Jun | Jul | Aug | Sep | Oct | Nov | Dec 
2005: Jan | Feb | Mar | Apr | May | Jun | Jul | Aug | Sep | Oct | Nov | Dec 
2004: Jan | Feb | Mar | Apr | May | Jun | Jul | Aug | Sep | Oct | Nov | Dec 
2003: Jan | Feb | Mar | Apr | May | Jun | Jul | Aug | Sep | Oct | Nov | Dec 

Report for 2007 07
MONTHLY CLIMATOLOGICAL SUMMARY for JUL. 2007 NAME: Station1 CITY: Lancaster STATE: Ohio ELEV: 980 ft LAT: 39 45' 13" N LONG: 82 34' 06" W TEMPERATURE (F), RAIN (in), WIND SPEED (mph) HEAT COOL AVG MEAN DEG DEG WIND DOM DAY TEMP HIGH TIME LOW TIME DAYS DAYS RAIN SPEED HIGH TIME DIR ------------------------------------------------------------------------------------ 1 64.8 79.6 1:45p 49.5 5:45a 4.8 4.6 0.00 1.4 14.0 6:00p N 2 62.3 78.3 5:15p 44.0 6:15a 6.6 3.9 0.00 1.4 16.0 10:45a N 3 67.9 83.6 6:00p 50.5 3:30a 4.5 7.4 0.00 0.3 12.0 4:45p SSW 4 68.0 81.3 2:00p 56.8 6:15a 2.0 5.1 0.33 3.1 26.0 4:00p SW 5 69.8 77.9 3:00p 64.1 10:30p 0.0 4.9 0.48 3.2 24.0 8:00a SW 6 72.3 86.5 4:15p 57.8 6:00a 1.3 8.6 0.01 0.6 14.0 1:30p W 7 72.7 87.1 4:15p 56.9 6:30a 1.9 9.6 0.00 0.9 16.0 1:15p SW 8 73.7 90.1 4:30p 56.0 6:15a 2.3 11.0 0.00 1.0 16.0 1:15p SW 9 76.2 90.8 5:15p 60.5 6:15a 0.8 12.0 0.00 1.1 16.0 5:30p SW 10 71.7 88.8 12:00p 64.3 4:45a 0.1 6.8 0.31 0.9 34.0 12:30p SSW 11 73.6 81.7 3:45p 61.4 11:45p 0.1 8.8 0.01 2.7 19.0 3:30p NW 12 67.3 79.4 6:00p 51.0 6:30a 2.9 5.2 0.00 2.0 22.0 3:00p SW 13 65.8 74.6 6:15p 57.2 6:15a 1.8 2.6 0.02 0.8 17.0 1:45p SW 14 70.3 84.2 6:00p 54.7 6:45a 3.0 8.3 0.01 3.3 26.0 4:15p SW 15 74.2 80.9 6:45p 67.6 12:00m 0.0 9.2 0.00 1.7 18.0 3:30p SW 16 72.6 86.7 5:15p 57.7 5:45a 1.5 9.1 0.00 0.5 11.0 12:30p NNE 17 70.2 85.7 1:15p 59.0 6:30a 1.5 6.7 0.79 1.1 35.0 4:45p SW 18 71.9 79.4 5:45p 66.3 6:30a 0.0 6.9 0.01 1.4 16.0 3:30p SSW 19 73.0 79.9 2:30p 66.9 5:15a 0.0 8.0 0.38 3.0 24.0 1:30a SW 20 66.5 79.0 4:15p 55.7 12:00m 2.4 3.9 0.00 1.9 13.0 8:15a N 21 63.8 77.9 3:15p 47.6 6:30a 5.2 4.0 0.00 1.2 14.0 11:30a N 22 65.4 81.3 3:45p 49.2 6:00a 4.9 5.3 0.00 1.1 13.0 2:30p NNE 23 64.0 78.8 6:15p 49.2 6:15a 5.0 4.0 0.00 0.0 5.0 10:30a NE 24 65.9 78.8 3:30p 58.0 3:00a 2.5 3.3 0.00 0.5 14.0 5:30p NNW 25 67.7 81.7 5:15p 57.4 12:45a 2.7 5.3 0.00 0.1 6.0 1:45p NE 26 68.3 78.4 4:45p 61.7 5:45a 0.7 4.0 0.03 0.6 27.0 8:00p SW 27 69.1 81.5 4:00p 64.1 1:45a 0.1 4.3 1.02 0.6 30.0 5:30p SSW 28 71.0 83.4 3:15p 61.2 5:15a 0.8 6.8 0.00 0.3 8.0 3:15p N 29 75.3 88.2 4:00p 63.5 6:45a 0.1 10.4 0.00 1.3 11.0 1:15p NNE 30 75.4 87.5 4:45p 64.8 6:00a 0.0 10.4 0.00 1.4 14.0 11:45a NNE 31 73.9 88.8 5:00p 57.5 7:00a 1.0 9.9 0.00 1.1 12.0 1:00p NNE ------------------------------------------------------------------------------------- 69.8 90.8 9 44.0 2 60.5 210.3 3.40 1.3 35.0 17 SW Max >= 90.0: 2 Max <= 32.0: 0 Min <= 32.0: 0 Min <= 0.0: 0 Max Rain: 1.02 ON 07/27/07 Days of Rain: 8 (>.01 in) 6 (>.1 in) 1 (>1 in) Heat Base: 65.0 Cool Base: 65.0 Method: Integration
 
USA Weather Finder