Weather Information | Photos of Local Events | Personal Weather Stations Links | Lancaster Links | Site Map

NOAA Report Archive
(Reports Generated by WeatherLink)
2017: Jan | Feb | Mar | Apr | May | Jun | Jul | Aug | Sep | Oct | Nov | Dec 
2016: Jan | Feb | Mar | Apr | May | Jun | Jul | Aug | Sep | Oct | Nov | Dec 
2015: Jan | Feb | Mar | Apr | May | Jun | Jul | Aug | Sep | Oct | Nov | Dec 
2014: Jan | Feb | Mar | Apr | May | Jun | Jul | Aug | Sep | Oct | Nov | Dec 
2013: Jan | Feb | Mar | Apr | May | Jun | Jul | Aug | Sep | Oct | Nov | Dec 
2012: Jan | Feb | Mar | Apr | May | Jun | Jul | Aug | Sep | Oct | Nov | Dec 
2011: Jan | Feb | Mar | Apr | May | Jun | Jul | Aug | Sep | Oct | Nov | Dec 
2010: Jan | Feb | Mar | Apr | May | Jun | Jul | Aug | Sep | Oct | Nov | Dec 
2009: Jan | Feb | Mar | Apr | May | Jun | Jul | Aug | Sep | Oct | Nov | Dec 
2008: Jan | Feb | Mar | Apr | May | Jun | Jul | Aug | Sep | Oct | Nov | Dec 
2007: Jan | Feb | Mar | Apr | May | Jun | Jul | Aug | Sep | Oct | Nov | Dec 
2006: Jan | Feb | Mar | Apr | May | Jun | Jul | Aug | Sep | Oct | Nov | Dec 
2005: Jan | Feb | Mar | Apr | May | Jun | Jul | Aug | Sep | Oct | Nov | Dec 
2004: Jan | Feb | Mar | Apr | May | Jun | Jul | Aug | Sep | Oct | Nov | Dec 
2003: Jan | Feb | Mar | Apr | May | Jun | Jul | Aug | Sep | Oct | Nov | Dec 

Report for 2007 08
MONTHLY CLIMATOLOGICAL SUMMARY for AUG. 2007 NAME: Station1 CITY: Lancaster STATE: Ohio ELEV: 980 ft LAT: 39 45' 13" N LONG: 82 34' 06" W TEMPERATURE (F), RAIN (in), WIND SPEED (mph) HEAT COOL AVG MEAN DEG DEG WIND DOM DAY TEMP HIGH TIME LOW TIME DAYS DAYS RAIN SPEED HIGH TIME DIR ------------------------------------------------------------------------------------ 1 76.3 91.7 3:45p 59.8 6:00a 1.0 12.3 0.00 0.1 7.0 3:15p NNE 2 77.8 92.1 3:00p 63.8 6:45a 0.1 12.9 0.00 0.1 8.0 1:30p ESE 3 77.8 91.2 3:15p 66.1 3:45a 0.0 12.8 0.19 0.6 16.0 3:45p W 4 78.1 92.5 4:30p 65.3 6:45a 0.0 13.1 0.00 0.5 12.0 12:15p W 5 71.9 76.8 5:30p 67.1 7:30a 0.0 6.9 0.64 0.7 14.0 11:30p SSW 6 79.7 89.2 4:30p 72.4 6:45a 0.0 14.7 0.02 1.1 17.0 5:15a SW 7 82.4 92.8 5:00p 72.0 6:45a 0.0 17.4 0.00 2.6 21.0 1:45p SW 8 84.7 95.8 3:30p 73.6 7:00a 0.0 19.7 0.00 1.7 17.0 1:30p WSW 9 81.8 96.3 3:45p 71.5 12:00m 0.0 16.8 0.61 2.1 25.0 7:00p SW 10 75.8 87.8 2:30p 66.6 12:00m 0.0 10.8 0.00 0.6 17.0 6:30p N 11 72.2 84.4 2:45p 59.0 7:00a 0.9 8.2 0.00 0.8 11.0 1:30p N 12 73.9 89.0 5:45p 56.5 6:45a 2.1 11.0 0.00 0.5 11.0 2:00p SW 13 74.4 87.5 2:30p 58.0 12:00m 0.3 9.6 0.00 1.5 14.0 5:00p N 14 66.1 80.7 4:00p 50.7 7:00a 4.2 5.4 0.00 0.1 10.0 4:15p SW 15 72.3 89.2 3:45p 58.4 6:15a 1.9 9.2 0.00 0.0 8.0 3:45p ENE 16 76.8 88.2 3:45p 65.6 7:00a 0.0 11.8 0.45 0.2 35.0 4:15a NNE 17 75.4 83.6 4:00p 64.9 12:00m 0.0 10.4 0.00 1.5 19.0 4:15p W 18 64.4 76.2 5:15p 50.8 7:00a 3.7 3.1 0.00 0.5 11.0 11:45a NNE 19 67.0 84.2 4:30p 58.0 4:15a 1.9 4.0 0.07 0.0 0.0 --- --- 20 71.3 88.8 3:15p 62.4 6:15a 0.6 6.8 1.05 1.9 24.0 3:30p SSW 21 71.7 77.9 6:30p 67.4 6:30a 0.0 6.7 0.24 1.7 21.0 1:00p SW 22 76.8 90.6 5:45p 67.8 7:00a 0.0 11.8 1.29 0.6 20.0 6:15a SSW 23 81.4 94.8 4:45p 69.8 6:30a 0.0 16.4 0.00 0.8 19.0 2:30p SW 24 81.3 93.9 3:30p 68.8 7:00a 0.0 16.3 0.00 1.7 22.0 4:30p SSW 25 76.5 88.0 3:30p 66.3 7:15a 0.0 11.5 0.00 1.6 20.0 1:00p SW 26 72.4 83.6 3:30p 62.8 7:15a 0.1 7.6 0.00 0.5 11.0 11:00a N 27 70.5 84.8 4:15p 56.5 6:45a 1.8 7.4 0.00 0.0 5.0 12:15a N 28 72.4 90.1 5:15p 56.1 7:15a 2.2 9.5 0.00 0.2 7.0 12:30p N 29 76.2 94.8 5:00p 60.0 7:00a 1.1 12.3 0.00 0.2 8.0 12:15p N 30 71.6 77.1 12:30p 62.2 12:00m 0.1 6.7 0.00 2.0 14.0 9:45a N 31 67.7 80.5 4:00p 57.1 7:15a 2.3 5.0 0.00 1.7 14.0 2:00p N ------------------------------------------------------------------------------------- 74.8 96.3 9 50.7 14 24.3 328.1 4.56 0.9 35.0 16 SW Max >= 90.0: 12 Max <= 32.0: 0 Min <= 32.0: 0 Min <= 0.0: 0 Max Rain: 1.29 ON 08/22/07 Days of Rain: 9 (>.01 in) 7 (>.1 in) 2 (>1 in) Heat Base: 65.0 Cool Base: 65.0 Method: Integration
 
USA Weather Finder