2024: Jan | Feb | Mar | Apr | May | Jun | Jul | Aug | Sep | Oct | Nov | Dec
2023: Jan | Feb | Mar | Apr | May | Jun | Jul | Aug | Sep | Oct | Nov | Dec
2022: Jan | Feb | Mar | Apr | May | Jun | Jul | Aug | Sep | Oct | Nov | Dec
2021: Jan | Feb | Mar | Apr | May | Jun | Jul | Aug | Sep | Oct | Nov | Dec
2020: Jan | Feb | Mar | Apr | May | Jun | Jul | Aug | Sep | Oct | Nov | Dec
2019: Jan | Feb | Mar | Apr | May | Jun | Jul | Aug | Sep | Oct | Nov | Dec
2018: Jan | Feb | Mar | Apr | May | Jun | Jul | Aug | Sep | Oct | Nov | Dec
2017: Jan | Feb | Mar | Apr | May | Jun | Jul | Aug | Sep | Oct | Nov | Dec
2016: Jan | Feb | Mar | Apr | May | Jun | Jul | Aug | Sep | Oct | Nov | Dec
2015: Jan | Feb | Mar | Apr | May | Jun | Jul | Aug | Sep | Oct | Nov | Dec
2014: Jan | Feb | Mar | Apr | May | Jun | Jul | Aug | Sep | Oct | Nov | Dec
2013: Jan | Feb | Mar | Apr | May | Jun | Jul | Aug | Sep | Oct | Nov | Dec
2012: Jan | Feb | Mar | Apr | May | Jun | Jul | Aug | Sep | Oct | Nov | Dec
2011: Jan | Feb | Mar | Apr | May | Jun | Jul | Aug | Sep | Oct | Nov | Dec
2010: Jan | Feb | Mar | Apr | May | Jun | Jul | Aug | Sep | Oct | Nov | Dec
2009: Jan | Feb | Mar | Apr | May | Jun | Jul | Aug | Sep | Oct | Nov | Dec
2008: Jan | Feb | Mar | Apr | May | Jun | Jul | Aug | Sep | Oct | Nov | Dec
2007: Jan | Feb | Mar | Apr | May | Jun | Jul | Aug | Sep | Oct | Nov | Dec
2006: Jan | Feb | Mar | Apr | May | Jun | Jul | Aug | Sep | Oct | Nov | Dec
2005: Jan | Feb | Mar | Apr | May | Jun | Jul | Aug | Sep | Oct | Nov | Dec
2004: Jan | Feb | Mar | Apr | May | Jun | Jul | Aug | Sep | Oct | Nov | Dec
2003: Jan | Feb | Mar | Apr | May | Jun | Jul | Aug | Sep | Oct | Nov | Dec
Report for 2007 09
MONTHLY CLIMATOLOGICAL SUMMARY for SEP. 2007
NAME: Station1 CITY: Lancaster STATE: Ohio
ELEV: 980 ft LAT: 39° 45' 13" N LONG: 82° 34' 06" W
TEMPERATURE (°F), RAIN (in), WIND SPEED (mph)
HEAT COOL AVG
MEAN DEG DEG WIND DOM
DAY TEMP HIGH TIME LOW TIME DAYS DAYS RAIN SPEED HIGH TIME DIR
------------------------------------------------------------------------------------
1 65.0 81.7 4:15p 49.6 5:30a 5.0 5.0 0.00 1.6 17.0 11:30a NE
2 67.6 86.5 4:45p 50.2 7:15a 4.4 7.1 0.00 0.2 10.0 5:00p NE
3 70.9 89.0 4:30p 54.7 7:15a 3.2 9.1 0.00 0.4 11.0 3:30p W
4 71.4 89.9 5:30p 55.1 7:00a 3.0 9.5 0.00 0.2 8.0 12:00p SW
5 73.9 93.9 4:30p 56.6 6:45a 2.1 11.0 0.00 0.0 7.0 1:30p W
6 74.5 90.8 12:30p 59.8 5:45a 1.1 10.6 0.00 0.5 16.0 12:30p SSW
7 74.6 88.0 4:15p 60.6 6:15a 0.8 10.4 0.00 2.9 28.0 2:00p SSW
8 73.3 88.2 2:15p 67.1 11:45p 0.0 8.3 0.19 0.5 17.0 8:45p N
9 70.5 78.3 5:15p 66.3 2:30a 0.0 5.5 0.53 0.2 11.0 2:15p SW
10 69.1 79.9 3:30p 60.3 6:45a 0.7 4.8 0.00 0.4 8.0 12:15p NNE
11 65.9 73.9 4:00p 59.2 10:00p 1.2 2.1 0.21 2.2 21.0 4:15p W
12 60.2 72.5 5:00p 46.1 7:30a 6.4 1.6 0.00 0.6 13.0 12:45a NW
13 60.9 79.0 4:15p 44.5 6:45a 8.1 4.1 0.00 0.2 12.0 1:15p E
14 64.9 80.5 3:30p 51.6 4:00a 5.0 4.9 0.00 2.3 19.0 10:00p SSW
15 52.7 64.0 3:15p 40.3 12:00m 12.3 0.0 0.00 1.9 18.0 12:30a N
16 50.1 67.3 5:30p 34.7 6:30a 15.0 0.1 0.00 0.4 11.0 1:45p E
17 56.3 75.5 3:30p 39.8 7:45a 11.1 2.4 0.00 0.3 10.0 2:15p E
18 61.2 84.0 4:00p 41.7 7:15a 9.1 5.3 0.00 0.1 10.0 4:00p E
19 65.4 86.5 5:30p 46.2 7:30a 6.5 6.9 0.00 0.3 13.0 2:45p N
20 68.2 86.9 4:45p 52.9 7:15a 4.1 7.3 0.00 0.1 11.0 2:30p ENE
21 68.8 86.7 3:15p 51.6 7:45a 3.7 7.4 0.00 0.3 14.0 2:15p S
22 72.8 89.2 3:30p 59.2 6:45a 0.9 8.7 0.00 1.3 19.0 1:00p N
23 68.4 85.9 4:15p 55.4 7:15a 3.0 6.4 0.00 0.7 10.0 9:45a NNE
24 70.2 90.6 2:45p 51.7 6:30a 4.0 9.1 0.00 0.1 10.0 4:45p ENE
25 73.2 89.7 1:00p 61.4 6:30a 0.8 9.0 0.39 0.4 20.0 3:30p WNW
26 70.7 83.0 2:00p 63.2 12:00m 0.2 5.9 0.06 1.4 17.0 1:15p W
27 64.0 68.4 3:45p 58.6 12:00m 1.4 0.5 0.87 0.2 14.0 11:15a WSW
28 61.0 74.1 3:15p 49.0 12:00m 6.0 2.0 0.00 1.1 18.0 3:15p NW
29 56.9 74.3 5:00p 41.3 7:15a 10.1 2.0 0.00 0.3 10.0 2:15p E
30 58.2 79.4 3:15p 40.8 7:30a 10.0 3.2 0.00 0.5 16.0 4:45p SSW
-------------------------------------------------------------------------------------
66.0 93.9 5 34.7 16 139.2 170.2 2.25 0.7 28.0 7 SSW
Max >= 90.0: 3
Max <= 32.0: 0
Min <= 32.0: 0
Min <= 0.0: 0
Max Rain: 0.87 ON 09/27/07
Days of Rain: 6 (>.01 in) 5 (>.1 in) 0 (>1 in)
Heat Base: 65.0 Cool Base: 65.0 Method: Integration
|